576
CXUS56 KLKN 011114
CF6ELY
PRELIMINARY LOCAL CLIMATOLOGICAL DATA (WS FORM: F-6)
STATION: ELY AIRPORT NV
MONTH: JANUARY
YEAR: 2021
LATITUDE: 39 16 N
LONGITUDE: 114 51 W
TEMPERATURE IN F: :PCPN: SNOW: WIND :SUNSHINE: SKY :PK WND
================================================================================
1 2 3 4 5 6A 6B 7 8 9 10 11 12 13 14 15 16 17 18
12Z AVG MX 2MIN
DY MAX MIN AVG DEP HDD CDD WTR SNW DPTH SPD SPD DIR MIN PSBL S-S WX SPD DR
================================================================================
1 37 7 22 -3 43 0 0.00 0.0 1 6.6 16 170 M M 1 19 170
2 45 8 27 2 38 0 0.00 0.0 1 7.1 15 180 M M 2 18 200
3 45 17 31 6 34 0 0.00 0.0 1 5.5 16 190 M M 7 20 300
4 49 17 33 8 32 0 0.03 T T 12.5 28 290 M M 1 1 37 270
5 41 14 28 3 37 0 0.00 0.0 1 6.9 14 190 M M 2 17 180
6 50 8 29 4 36 0 0.00 0.0 T 7.7 16 180 M M 1 18 180
7 46 7 27 2 38 0 0.00 0.0 T 6.7 16 190 M M 0 18 180
8 49 8 29 4 36 0 0.01 0.3 T 9.4 22 350 M M 2 1 32 270
9 33 14 24 -1 41 0 T T T 9.2 17 10 M M 9 21 360
10 37 6 22 -3 43 0 0.00 0.0 T 6.2 14 10 M M 2 17 20
11 41 3 22 -3 43 0 0.00 0.0 T 7.3 15 190 M M 0 19 180
12 49 11 30 5 35 0 0.00 0.0 T 8.6 17 180 M M 2 21 180
13 56 22 39 14 26 0 0.00 0.0 T 9.8 22 300 M M 3 26 320
14 49 15 32 7 33 0 0.00 0.0 T 7.9 18 10 M M 0 22 10
15 61 14 38 13 27 0 0.00 0.0 T 7.7 15 180 M M 0 18 180
16 51 17 34 9 31 0 0.00 0.0 0 7.4 14 180 M M 1 17 190
17 56 15 36 11 29 0 0.00 0.0 0 7.3 15 180 M M 0 18 190
18 42 15 29 4 36 0 T T 0 12.6 28 360 M M 3 1 34 20
19 39 9 24 -1 41 0 T T T 15.4 26 360 M M 1 34 10
20 49 8 29 4 36 0 0.00 0.0 T 6.8 14 280 M M 1 18 280
21 49 14 32 6 33 0 0.00 0.0 0 8.1 15 180 M M 1 18 180
22 44 29 37 11 28 0 0.02 0.1 0 14.8 26 170 M M 8 1 32 170
23 36 22 29 3 36 0 0.04 0.6 1 5.9 15 160 M M 10 1 18 170
24 36 19 28 2 37 0 T T T 4.6 14 210 M M 7 1 20 200
25 29 19 24 -2 41 0 0.11 2.4 1 10.5 18 30 M M 9 18 23 20
26 29 18 24 -2 41 0 0.08 1.3 2 9.3 25 170 M M 9 1 32 160
27 29 20 25 -1 40 0 0.01 0.2 3 26.0 36 150 M M 9 46 170
28 40 25 33 7 32 0 0.00 0.0 2 24.4 41 140 M M 4 52 150
29 35 10 23 -3 42 0 0.13 1.5 T 14.1 29 160 M M 8 128 40 150
30 37 2 20 -6 45 0 0.00 0.0 M 9.1 17 180 M M 1 20 180
31 45 6 26 0 39 0 0.00 0.0 1 8.4 16 220 M M 0 19 220
================================================================================
SM 1334 419 1129 0 0.43 6.4 303.8 M 104
================================================================================
AV 43.0 13.5 9.8 FASTST M M 3 MAX(MPH)
MISC ----> 41 140 52 150
================================================================================
NOTES:
# LAST OF SEVERAL OCCURRENCES
COLUMN 17 PEAK WIND IN M.P.H.
PRELIMINARY LOCAL CLIMATOLOGICAL DATA (WS FORM: F-6) , PAGE 2
STATION: ELY AIRPORT NV
MONTH: JANUARY
YEAR: 2021
LATITUDE: 39 16 N
LONGITUDE: 114 51 W
[TEMPERATURE DATA] [PRECIPITATION DATA] SYMBOLS USED IN COLUMN 16
AVERAGE MONTHLY: 28.3 TOTAL FOR MONTH: 0.43 1 = FOG OR MIST
DPTR FM NORMAL: 3.0 DPTR FM NORMAL: -0.27 2 = FOG REDUCING VISIBILITY
HIGHEST: 61 ON 15 GRTST 24HR 0.13 ON 29-29 TO 1/4 MILE OR LESS
LOWEST: 2 ON 30 3 = THUNDER
SNOW, ICE PELLETS, HAIL 4 = ICE PELLETS
TOTAL MONTH: 6.4 INCHES 5 = HAIL
GRTST 24HR 2.4 ON 25-25 6 = FREEZING RAIN OR DRIZZLE
GRTST DEPTH: 3 ON 27 7 = DUSTSTORM OR SANDSTORM:
VSBY 1/2 MILE OR LESS
8 = SMOKE OR HAZE
[NO. OF DAYS WITH] [WEATHER - DAYS WITH] 9 = BLOWING SNOW
X = TORNADO
MAX 32 OR BELOW: 3 0.01 INCH OR MORE: 8
MAX 90 OR ABOVE: 0 0.10 INCH OR MORE: 2
MIN 32 OR BELOW: 31 0.50 INCH OR MORE: 0
MIN 0 OR BELOW: 0 1.00 INCH OR MORE: 0
[HDD (BASE 65) ]
TOTAL THIS MO. 1129 CLEAR (SCALE 0-3) 21
DPTR FM NORMAL -100 PTCLDY (SCALE 4-7) 4
TOTAL FM JUL 1 3927 CLOUDY (SCALE 8-10) 6
DPTR FM NORMAL -403
[CDD (BASE 65) ]
TOTAL THIS MO. 0
DPTR FM NORMAL 0 [PRESSURE DATA]
TOTAL FM JAN 1 0 HIGHEST SLP 30.65 ON 15
DPTR FM NORMAL 0 LOWEST SLP 29.49 ON 25
[REMARKS]
#FINAL-01-21#