000
CXUS53 KMKX 010810
CF6ENW
PRELIMINARY LOCAL CLIMATOLOGICAL DATA (WS FORM: F-6)
STATION: KENOSHA WI
MONTH: SEPTEMBER
YEAR: 2022
LATITUDE: 42 35 N
LONGITUDE: 87 56 W
TEMPERATURE IN F: :PCPN: SNOW: WIND :SUNSHINE: SKY :PK WND
================================================================================
1 2 3 4 5 6A 6B 7 8 9 10 11 12 13 14 15 16 17 18
12Z AVG MX 2MIN
DY MAX MIN AVG DEP HDD CDD WTR SNW DPTH SPD SPD DIR MIN PSBL S-S WX SPD DR
================================================================================
1 89 62 76 8 0 11 0.00 M M 5.9 16 260 M M 0 21 260
2 87 70 79 11 0 14 0.00 M M 8.0 16 190 M M 3 25 200
3 83 67 75 7 0 10 0.00 M M 10.2 17 20 M M 4 26 10
4 72 62 67 -1 0 2 0.00 M M 9.5 16 60 M M 10 1 24 20
5 75 62 69 2 0 4 0.00 M M 8.1 16 40 M M 5 22 50
6 79 62 71 4 0 6 0.00 M M 4.9 12 80 M M 8 1 15 90
7 81 58 70 3 0 5 0.00 M M 4.4 10 90 M M 2 12 16 100
8 85 59 72 6 0 7 0.00 M M 4.8 15 170 M M 0 1 19 160
9 85 55 70 4 0 5 0.00 M M 6.8 18 200 M M 0 8 24 200
10 85 56 71 5 0 6 0.00 M M 6.6 15 130 M M 2 12 20 130
11 69 57 63 -3 2 0 2.89 M M 14.8 25 310 M M 10 13 39 300
12 68 55 62 -3 3 0 0.02 M M 7.3 17 250 M M 9 18 29 270
13 78 54 66 1 0 1 0.03 M M 6.4 14 310 M M 3 1 21 310
14 74 53 64 -1 1 0 0.00 M M 5.4 14 70 M M 1 21 60
15 83 53 68 4 0 3 0.00 M M 4.9 13 230 M M 0 1 20 200
16 84 59 72 8 0 7 0.00 M M 6.4 15 200 M M 0 12 21 200
17 85 66 76 12 0 11 0.07 M M 7.9 22 210 M M 3 13 32 210
18 85 66 76 13 0 11 0.09 M M 5.4 13 290 M M 2 1 18 260
19 78 58 68 5 0 3 0.00 M M 6.1 14 50 M M 2 19 50
20 79 56 68 5 0 3 0.03 M M 10.2 26 100 M M 1 3 35 100
21 82 57 70 8 0 5 0.00 M M 12.5 26 290 M M 1 35 290
22 65 42 54 -8 11 0 0.00 M M 7.7 18 340 M M 2 25 330
23 64 40 52 -10 13 0 0.00 M M 6.4 17 150 M M 4 21 130
24 66 53 60 -1 5 0 0.30 M M 7.0 14 250 M M 9 1 20 260
25 68 51 60 -1 5 0 0.21 M M 10.4 25 280 M M 8 138 34 270
26 63 50 57 -3 8 0 0.00 M M 13.0 24 300 M M 4 34 330
27 59 45 52 -8 13 0 0.00 M M 10.2 20 330 M M 6 8 30 310
28 59 38 49 -11 16 0 0.00 M M 6.8 13 60 M M 2 19 340
29 62 35 49 -10 16 0 0.00 M M 3.1 12 100 M M 0 1 15 100
30 66 38 52 -7 13 0 0.00 M M 4.1 10 90 M M 0 18 15 90
================================================================================
SM 2258 1639 106 114 3.64 M 225.2 M 101
================================================================================
AV 75.3 54.6 7.5 FASTST M M 3 MAX(MPH)
MISC ----> # 26 100 39 300
================================================================================
NOTES:
# LAST OF SEVERAL OCCURRENCES
COLUMN 17 PEAK WIND IN M.P.H.
PRELIMINARY LOCAL CLIMATOLOGICAL DATA (WS FORM: F-6) , PAGE 2
STATION: KENOSHA WI
MONTH: SEPTEMBER
YEAR: 2022
LATITUDE: 42 35 N
LONGITUDE: 87 56 W
[TEMPERATURE DATA] [PRECIPITATION DATA] SYMBOLS USED IN COLUMN 16
AVERAGE MONTHLY: 65.0 TOTAL FOR MONTH: 3.64 1 = FOG OR MIST
DPTR FM NORMAL: 1.1 DPTR FM NORMAL: 0.28 2 = FOG REDUCING VISIBILITY
HIGHEST: 89 ON 1 GRTST 24HR 2.90 ON 11-12 TO 1/4 MILE OR LESS
LOWEST: 35 ON 29 3 = THUNDER
SNOW, ICE PELLETS, HAIL 4 = ICE PELLETS
TOTAL MONTH: M 5 = HAIL
GRTST 24HR M ON M 6 = FREEZING RAIN OR DRIZZLE
GRTST DEPTH: M ON M 7 = DUSTSTORM OR SANDSTORM:
VSBY 1/2 MILE OR LESS
8 = SMOKE OR HAZE
[NO. OF DAYS WITH] [WEATHER - DAYS WITH] 9 = BLOWING SNOW
X = TORNADO
MAX 32 OR BELOW: 0 0.01 INCH OR MORE: 8
MAX 90 OR ABOVE: 0 0.10 INCH OR MORE: 3
MIN 32 OR BELOW: 0 0.50 INCH OR MORE: 1
MIN 0 OR BELOW: 0 1.00 INCH OR MORE: 1
[HDD (BASE 65) ]
TOTAL THIS MO. 106 CLEAR (SCALE 0-3) 18
DPTR FM NORMAL -5 PTCLDY (SCALE 4-7) 8
TOTAL FM JUL 1 106 CLOUDY (SCALE 8-10) 4
DPTR FM NORMAL -22
[CDD (BASE 65) ]
TOTAL THIS MO. 114
DPTR FM NORMAL 35 [PRESSURE DATA]
TOTAL FM JAN 1 811 HIGHEST SLP M ON M
DPTR FM NORMAL 101 LOWEST SLP 29.68 ON 25
[REMARKS]
#FINAL-09-22#