000
CXUS56 KOTX 010910
CF6EPH
PRELIMINARY LOCAL CLIMATOLOGICAL DATA (WS FORM: F-6)
STATION: EPHRATA WA AIRPORT
MONTH: APRIL
YEAR: 2023
LATITUDE: 47 18 N
LONGITUDE: 119 31 W
TEMPERATURE IN F: :PCPN: SNOW: WIND :SUNSHINE: SKY :PK WND
================================================================================
1 2 3 4 5 6A 6B 7 8 9 10 11 12 13 14 15 16 17 18
12Z AVG MX 2MIN
DY MAX MIN AVG DEP HDD CDD WTR SNW DPTH SPD SPD DIR MIN PSBL S-S WX SPD DR
================================================================================
1 54 27 41 -6 24 0 T M M 15.6 31 260 M M 3 41 240
2 49 23 36 -11 29 0 T M M 5.9 17 90 M M 3 20 230
3 53 32 43 -4 22 0 0.02 M M 8.1 20 340 M M 5 8 24 340
4 52 29 41 -7 24 0 0.00 M M 7.7 17 150 M M 3 20 150
5 55 21 38 -10 27 0 0.00 M M 7.5 20 190 M M 0 26 200
6 54 31 43 -5 22 0 0.01 M M 7.2 12 300 M M 9 14 20
7 57 40 49 1 16 0 0.14 M M 5.4 14 240 M M 9 1 18 240
8 56 32 44 -4 21 0 0.00 M M 6.1 17 200 M M 6 23 210
9 62 43 53 4 12 0 0.03 M M 7.3 21 190 M M 8 28 190
10 52 46 49 0 16 0 0.93 M M 5.6 12 230 M M 9 1 28 300
11 56 35 46 -3 19 0 0.01 M M 12.8 29 250 M M 3 36 260
12 55 29 42 -8 23 0 T M M 9.2 26 330 M M 2 30 320
13 55 38 47 -3 18 0 0.00 M M 9.6 22 300 M M 3 26 300
14 57 35 46 -4 19 0 0.00 M M 6.4 15 330 M M 4 19 320
15 59 33 46 -4 19 0 0.00 M M 5.2 13 10 M M 3 14 30
16 59 34 47 -4 18 0 0.01 M M 9.0 31 210 M M 6 37 210
17 53 26 40 -11 25 0 0.00 M M 7.2 23 240 M M 2 28 250
18 56 29 43 -8 22 0 0.00 M M 9.5 24 250 M M 1 29 260
19 56 26 41 -11 24 0 0.00 M M 6.9 22 290 M M 2 31 270
20 50 25 38 -14 27 0 0.14 M M 8.4 22 190 M M 4 1 26 200
21 56 33 45 -7 20 0 T M M 6.3 15 200 M M 5 18 110
22 61 35 48 -5 17 0 0.00 M M 5.7 12 150 M M 6 23 60
23 63 46 55 2 10 0 0.13 M M 5.8 29 230 M M 8 13 34 240
24 64 44 54 1 11 0 0.00 M M 9.9 24 310 M M 8 28 320
25 65 37 51 -3 14 0 0.00 M M 6.4 21 310 M M 0 26 310
26 74 40 57 3 8 0 0.00 M M 10.8 30 300 M M 1 40 300
27 75 48 62 8 3 0 0.00 M M 11.2 30 310 M M 0 37 300
28 79 42 61 6 4 0 0.00 M M 6.6 14 310 M M 0 16 300
29 82 46 64 9 1 0 0.00 M M 5.8 12 30 M M 0 14 40
30 82 54 68 12 0 3 0.00 M M 8.7 23 300 M M 0 29 300
================================================================================
SM 1801 1059 515 3 1.42 M 237.8 M 113
================================================================================
AV 60.0 35.3 7.9 FASTST M M 4 MAX(MPH)
MISC ----> # 31 260 41 240
================================================================================
NOTES:
# LAST OF SEVERAL OCCURRENCES
COLUMN 17 PEAK WIND IN M.P.H.
PRELIMINARY LOCAL CLIMATOLOGICAL DATA (WS FORM: F-6) , PAGE 2
STATION: EPHRATA WA AIRPORT
MONTH: APRIL
YEAR: 2023
LATITUDE: 47 18 N
LONGITUDE: 119 31 W
[TEMPERATURE DATA] [PRECIPITATION DATA] SYMBOLS USED IN COLUMN 16
AVERAGE MONTHLY: 47.7 TOTAL FOR MONTH: 1.42 1 = FOG OR MIST
DPTR FM NORMAL: -3.1 DPTR FM NORMAL: 0.84 2 = FOG REDUCING VISIBILITY
HIGHEST: 82 ON 30,29 GRTST 24HR 0.94 ON 9-10 TO 1/4 MILE OR LESS
LOWEST: 21 ON 5 3 = THUNDER
SNOW, ICE PELLETS, HAIL 4 = ICE PELLETS
TOTAL MONTH: M 5 = HAIL
GRTST 24HR M ON M 6 = FREEZING RAIN OR DRIZZLE
GRTST DEPTH: M ON M 7 = DUSTSTORM OR SANDSTORM:
VSBY 1/2 MILE OR LESS
8 = SMOKE OR HAZE
[NO. OF DAYS WITH] [WEATHER - DAYS WITH] 9 = BLOWING SNOW
X = TORNADO
MAX 32 OR BELOW: 0 0.01 INCH OR MORE: 9
MAX 90 OR ABOVE: 0 0.10 INCH OR MORE: 4
MIN 32 OR BELOW: 12 0.50 INCH OR MORE: 1
MIN 0 OR BELOW: 0 1.00 INCH OR MORE: 0
[HDD (BASE 65) ]
TOTAL THIS MO. 515 CLEAR (SCALE 0-3) 15
DPTR FM NORMAL 87 PTCLDY (SCALE 4-7) 12
TOTAL FM JUL 1 5655 CLOUDY (SCALE 8-10) 3
DPTR FM NORMAL 135
[CDD (BASE 65) ]
TOTAL THIS MO. 3
DPTR FM NORMAL 1 [PRESSURE DATA]
TOTAL FM JAN 1 3 HIGHEST SLP M ON M
DPTR FM NORMAL 1 LOWEST SLP 29.60 ON 30
[REMARKS]
#FINAL-04-23#