000
CXUS56 KPQR 021205
CF6EUG
PRELIMINARY LOCAL CLIMATOLOGICAL DATA (WS FORM: F-6)
STATION: EUGENE OR
MONTH: MARCH
YEAR: 2021
LATITUDE: 44 7 N
LONGITUDE: 123 13 W
TEMPERATURE IN F: :PCPN: SNOW: WIND :SUNSHINE: SKY :PK WND
================================================================================
1 2 3 4 5 6A 6B 7 8 9 10 11 12 13 14 15 16 17 18
12Z AVG MX 2MIN
DY MAX MIN AVG DEP HDD CDD WTR SNW DPTH SPD SPD DIR MIN PSBL S-S WX SPD DR
================================================================================
1 65 36 51 6 14 0 0.00 0.0 0 4.6 14 10 M M 5 18 30
2 61 36 49 4 16 0 0.00 0.0 0 5.7 14 10 M M 4 1 17 10
3 56 37 47 2 18 0 0.00 0.0 0 4.4 13 240 M M 5 12 17 250
4 62 38 50 5 15 0 0.00 0.0 0 5.3 14 230 M M 8 18 220
5 49 36 43 -2 22 0 0.38 0.0 0 8.2 20 220 M M 8 1 25 220
6 52 39 46 1 19 0 0.01 0.0 0 8.2 20 240 M M 8 28 180
7 53 37 45 -1 20 0 0.10 0.0 0 8.7 23 190 M M 9 28 200
8 54 34 44 -2 21 0 0.09 0.0 0 6.3 31 190 M M 7 38 200
9 55 37 46 0 19 0 0.31 0.0 0 7.4 18 140 M M 8 13 23 140
10 51 34 43 -3 22 0 0.00 0.0 0 4.9 12 340 M M 9 12 14 20
11 56 35 46 0 19 0 0.00 0.0 0 3.9 10 350 M M 5 1 13 320
12 60 30 45 -1 20 0 0.00 0.0 0 3.9 12 10 M M 2 12 19 10
13 65 31 48 2 17 0 0.00 0.0 0 5.7 15 260 M M 5 12 18 260
14 51 38 45 -1 20 0 0.20 0.0 0 8.6 21 140 M M 9 24 140
15 49 31 40 -7 25 0 0.03 0.0 0 3.3 18 340 M M 6 21 340
16 53 28 41 -6 24 0 0.00 0.0 0 2.4 10 340 M M 3 1 14 320
17 63 31 47 0 18 0 0.00 0.0 0 4.7 8 210 M M 4 13 50
18 61 39 50 3 15 0 0.11 0.0 0 7.7 26 260 M M 7 1 32 260
19 54 37 46 -1 19 0 0.09 0.0 0 11.2 28 200 M M 7 33 190
20 54 39 47 0 18 0 0.05 0.0 0 8.7 21 290 M M 8 23 280
21 51 39 45 -2 20 0 0.06 0.0 0 6.1 14 170 M M 10 19 190
22 53 34 44 -4 21 0 0.05 0.0 0 9.5 21 300 M M 8 1 25 310
23 54 30 42 -6 23 0 0.00 0.0 0 7.2 20 360 M M 2 1 23 10
24 50 35 43 -5 22 0 0.06 0.0 0 8.7 16 180 M M 8 19 180
25 53 35 44 -4 21 0 0.06 0.0 0 6.3 16 300 M M 8 8 19 300
26 59 33 46 -2 19 0 0.00 0.0 0 2.7 10 10 M M 3 1 12 30
27 65 32 49 1 16 0 0.00 0.0 0 3.3 8 290 M M 5 128 13 360
28 58 38 48 0 17 0 0.05 0.0 0 11.8 31 260 M M 6 1 37 260
29 53 32 43 -5 22 0 0.03 0.0 0 5.0 17 10 M M 5 20 310
30 56 29 43 -5 22 0 0.00 0.0 0 7.4 18 20 M M 0 23 20
31 66 32 49 1 16 0 0.00 0.0 0 5.4 12 10 M M 2 1 15 360
================================================================================
SM 1742 1072 600 0 1.68 0.0 197.2 M 184
================================================================================
AV 56.2 34.6 6.4 FASTST M M 6 MAX(MPH)
MISC ----> # 31 190 38 200
================================================================================
NOTES:
# LAST OF SEVERAL OCCURRENCES
COLUMN 17 PEAK WIND IN M.P.H.
PRELIMINARY LOCAL CLIMATOLOGICAL DATA (WS FORM: F-6) , PAGE 2
STATION: EUGENE OR
MONTH: MARCH
YEAR: 2021
LATITUDE: 44 7 N
LONGITUDE: 123 13 W
[TEMPERATURE DATA] [PRECIPITATION DATA] SYMBOLS USED IN COLUMN 16
AVERAGE MONTHLY: 45.4 TOTAL FOR MONTH: 1.68 1 = FOG OR MIST
DPTR FM NORMAL: -1.3 DPTR FM NORMAL: -3.31 2 = FOG REDUCING VISIBILITY
HIGHEST: 66 ON 31 GRTST 24HR 0.38 ON 5- 5 TO 1/4 MILE OR LESS
LOWEST: 28 ON 16 3 = THUNDER
SNOW, ICE PELLETS, HAIL 4 = ICE PELLETS
TOTAL MONTH: 0.0 INCH 5 = HAIL
GRTST 24HR 0.0 6 = FREEZING RAIN OR DRIZZLE
GRTST DEPTH: 0 7 = DUSTSTORM OR SANDSTORM:
VSBY 1/2 MILE OR LESS
8 = SMOKE OR HAZE
[NO. OF DAYS WITH] [WEATHER - DAYS WITH] 9 = BLOWING SNOW
X = TORNADO
MAX 32 OR BELOW: 0 0.01 INCH OR MORE: 16
MAX 90 OR ABOVE: 0 0.10 INCH OR MORE: 5
MIN 32 OR BELOW: 10 0.50 INCH OR MORE: 0
MIN 0 OR BELOW: 0 1.00 INCH OR MORE: 0
[HDD (BASE 65) ]
TOTAL THIS MO. 600 CLEAR (SCALE 0-3) 5
DPTR FM NORMAL 31 PTCLDY (SCALE 4-7) 10
TOTAL FM JUL 1 3490 CLOUDY (SCALE 8-10) 17
DPTR FM NORMAL -405
[CDD (BASE 65) ]
TOTAL THIS MO. 0
DPTR FM NORMAL 0 [PRESSURE DATA]
TOTAL FM JAN 1 0 HIGHEST SLP 30.50 ON 23
DPTR FM NORMAL 0 LOWEST SLP 29.77 ON 3
[REMARKS]
#FINAL-03-21#