000
CXUS56 KPQR 021157
CF6EUG
PRELIMINARY LOCAL CLIMATOLOGICAL DATA (WS FORM: F-6)
STATION: EUGENE OR
MONTH: JANUARY
YEAR: 2021
LATITUDE: 44 7 N
LONGITUDE: 123 13 W
TEMPERATURE IN F: :PCPN: SNOW: WIND :SUNSHINE: SKY :PK WND
================================================================================
1 2 3 4 5 6A 6B 7 8 9 10 11 12 13 14 15 16 17 18
12Z AVG MX 2MIN
DY MAX MIN AVG DEP HDD CDD WTR SNW DPTH SPD SPD DIR MIN PSBL S-S WX SPD DR
================================================================================
1 55 46 51 12 14 0 0.19 0.0 0 12.0 29 260 M M 10 1 35 240
2 51 45 48 8 17 0 0.38 0.0 0 15.6 23 170 M M 10 1 30 170
3 52 42 47 7 18 0 0.36 0.0 0 7.8 24 190 M M 9 1 30 200
4 52 41 47 7 18 0 0.82 0.0 0 9.0 24 250 M M 8 1 33 250
5 51 36 44 4 21 0 0.00 0.0 0 9.3 20 160 M M 7 24 140
6 50 44 47 7 18 0 0.61 0.0 0 7.1 20 180 M M 10 1 23 190
7 54 39 47 7 18 0 0.00 0.0 0 4.9 17 120 M M 8 1 21 130
8 53 35 44 4 21 0 0.26 0.0 0 6.8 14 140 M M 7 12 17 140
9 49 36 43 3 22 0 0.06 0.0 0 3.3 16 300 M M 9 12 20 300
10 55 40 48 8 17 0 0.19 0.0 0 5.2 14 140 M M 8 1 18 140
11 54 38 46 6 19 0 0.13 0.0 0 8.2 20 170 M M 8 1 24 170
12 60 52 56 16 9 0 1.14 0.0 0 16.6 23 180 M M 10 1 29 180
13 61 41 51 11 14 0 0.05 0.0 0 4.6 30 270 M M 7 1 36 280
14 54 37 46 5 19 0 0.00 0.0 0 2.7 9 220 M M 4 1 11 200
15 55 43 49 8 16 0 0.07 0.0 0 6.9 14 10 M M 10 12 16 20
16 50 46 48 7 17 0 0.00 0.0 0 6.0 14 360 M M 10 1 16 10
17 56 41 49 8 16 0 0.03 0.0 0 7.9 21 10 M M 8 12 24 10
18 46 34 40 -1 25 0 0.00 0.0 0 9.2 17 30 M M 7 1 20 20
19 51 31 41 0 24 0 0.00 0.0 0 5.2 13 360 M M 7 12 16 360
20 46 27 37 -4 28 0 0.00 0.0 0 2.3 8 210 M M 6 1 9 290
21 47 38 43 2 22 0 T 0.0 0 4.3 14 350 M M 9 17 360
22 48 32 40 -1 25 0 0.00 0.0 0 4.7 12 10 M M 6 14 20
23 48 26 37 -4 28 0 0.00 0.0 0 3.8 8 140 M M 3 9 130
24 44 32 38 -3 27 0 0.11 0.0 0 8.0 18 320 M M 9 1 23 320
25 45 32 39 -2 26 0 0.04 0.0 0 5.6 10 200 M M 7 15 200
26 41 31 36 -6 29 0 0.40 T 0 7.9 24 180 M M 9 1 32 150
27 46 33 40 -2 25 0 0.24 0.0 0 7.2 20 160 M M 9 1 24 170
28 48 41 45 3 20 0 0.11 0.0 0 5.4 14 140 M M 9 17 130
29 49 36 43 1 22 0 0.04 0.0 0 5.9 17 200 M M 9 1 21 200
30 53 42 48 6 17 0 0.09 0.0 0 7.5 23 190 M M 10 1 29 180
31 55 47 51 9 14 0 0.34 0.0 0 8.0 25 180 M M 10 1 33 170
================================================================================
SM 1579 1184 626 0 5.66 T 218.9 M 253
================================================================================
AV 50.9 38.2 7.1 FASTST M M 8 MAX(MPH)
MISC ----> 30 270 36 280
================================================================================
NOTES:
# LAST OF SEVERAL OCCURRENCES
COLUMN 17 PEAK WIND IN M.P.H.
PRELIMINARY LOCAL CLIMATOLOGICAL DATA (WS FORM: F-6) , PAGE 2
STATION: EUGENE OR
MONTH: JANUARY
YEAR: 2021
LATITUDE: 44 7 N
LONGITUDE: 123 13 W
[TEMPERATURE DATA] [PRECIPITATION DATA] SYMBOLS USED IN COLUMN 16
AVERAGE MONTHLY: 44.6 TOTAL FOR MONTH: 5.66 1 = FOG OR MIST
DPTR FM NORMAL: 3.9 DPTR FM NORMAL: -1.21 2 = FOG REDUCING VISIBILITY
HIGHEST: 61 ON 13 GRTST 24HR 2.53 ON 11-12 TO 1/4 MILE OR LESS
LOWEST: 26 ON 23 3 = THUNDER
SNOW, ICE PELLETS, HAIL 4 = ICE PELLETS
TOTAL MONTH: T 5 = HAIL
GRTST 24HR T ON 26-26 6 = FREEZING RAIN OR DRIZZLE
GRTST DEPTH: 0 7 = DUSTSTORM OR SANDSTORM:
VSBY 1/2 MILE OR LESS
8 = SMOKE OR HAZE
[NO. OF DAYS WITH] [WEATHER - DAYS WITH] 9 = BLOWING SNOW
X = TORNADO
MAX 32 OR BELOW: 0 0.01 INCH OR MORE: 21
MAX 90 OR ABOVE: 0 0.10 INCH OR MORE: 14
MIN 32 OR BELOW: 7 0.50 INCH OR MORE: 3
MIN 0 OR BELOW: 0 1.00 INCH OR MORE: 1
[HDD (BASE 65) ]
TOTAL THIS MO. 626 CLEAR (SCALE 0-3) 1
DPTR FM NORMAL -127 PTCLDY (SCALE 4-7) 12
TOTAL FM JUL 1 2295 CLOUDY (SCALE 8-10) 18
DPTR FM NORMAL -414
[CDD (BASE 65) ]
TOTAL THIS MO. 0
DPTR FM NORMAL 0 [PRESSURE DATA]
TOTAL FM JAN 1 0 HIGHEST SLP 30.53 ON 17
DPTR FM NORMAL 0 LOWEST SLP 29.40 ON 26
[REMARKS]
#FINAL-01-21#