000
CXUS53 KPAH 010726
CLMEVV
CLIMATE REPORT
NATIONAL WEATHER SERVICE PADUCAH KY
226 AM CDT SUN OCT 01 2023
...................................
...THE EVANSVILLE IN CLIMATE SUMMARY FOR THE MONTH OF SEPTEMBER 2023...
CLIMATE NORMAL PERIOD 1991 TO 2020
CLIMATE RECORD PERIOD 1896 TO 2023
WEATHER OBSERVED NORMAL DEPART LAST YEAR`S
VALUE DATE(S) VALUE FROM VALUE DATE(S)
NORMAL
................................................................
TEMPERATURE (F)
RECORD
HIGH 104 09/06/1925
LOW 31 09/29/1942
09/28/1942
HIGHEST 91 09/04 96 09/20
09/05
09/21
LOWEST 50 09/19 41 09/28
09/29
AVG. MAXIMUM 84.2 81.9 2.3 82.1
AVG. MINIMUM 59.4 58.6 0.8 58.5
MEAN 71.8 70.3 1.5 70.3
DAYS MAX >= 90 3 5.5 -2.5 MM
DAYS MAX <= 32 0 0.0 0.0 MM
DAYS MIN <= 32 0 0.0 0.0 MM
DAYS MIN <= 0 0 0.0 0.0 MM
PRECIPITATION (INCHES)
RECORD
MAXIMUM 9.89 1945
MINIMUM 0.08 2019
TOTALS 1.01 3.31 -2.30 6.13
DAILY AVG. 0.03 0.11 -0.08 0.20
DAYS >= .01 5 7.5 -2.5 6
DAYS >= .10 2 4.9 -2.9 4
DAYS >= .50 0 2.1 -2.1 2
DAYS >= 1.00 0 1.0 -1.0 2
GREATEST
24 HR. TOTAL 0.49 09/27 TO 09/27
DEGREE DAYS
HEATING TOTAL 0 34 -34 44
SINCE 7/1 0 32 -32 MM
COOLING TOTAL 213 191 22 210
SINCE 1/1 1475 1484 -9 MM
FREEZE DATES
EARLIEST MM
LATEST 04/24
................................................................
WIND (MPH)
AVERAGE WIND SPEED 4.0
HIGHEST WIND SPEED/DIRECTION 24/180 DATE 09/05
HIGHEST GUST SPEED/DIRECTION 38/170 DATE 09/05
SKY COVER
POSSIBLE SUNSHINE (PERCENT) MM
AVERAGE SKY COVER 0.25
NUMBER OF DAYS FAIR 21
NUMBER OF DAYS PC 8
NUMBER OF DAYS CLOUDY 1
AVERAGE RH (PERCENT) 68
WEATHER CONDITIONS. NUMBER OF DAYS WITH
THUNDERSTORM 4 MIXED PRECIP 0
HEAVY RAIN 1 RAIN 2
LIGHT RAIN 9 FREEZING RAIN 0
LT FREEZING RAIN 0 HAIL 0
HEAVY SNOW 0 SNOW 0
LIGHT SNOW 0 SLEET 0
FOG 16 FOG W/VIS <= 1/4 MILE 3
HAZE 1
- INDICATES NEGATIVE NUMBERS.
R INDICATES RECORD WAS SET OR TIED.
MM INDICATES DATA IS MISSING.
T INDICATES TRACE AMOUNT.
$$