000
CXUS53 KPAH 010640
CLMEVV
CLIMATE REPORT
NATIONAL WEATHER SERVICE PADUCAH KY
140 AM CDT FRI SEP 01 2023
...................................
...THE EVANSVILLE IN CLIMATE SUMMARY FOR THE MONTH OF AUGUST 2023...
CLIMATE NORMAL PERIOD 1991 TO 2020
CLIMATE RECORD PERIOD 1896 TO 2023
WEATHER OBSERVED NORMAL DEPART LAST YEAR`S
VALUE DATE(S) VALUE FROM VALUE DATE(S)
NORMAL
................................................................
TEMPERATURE (F)
RECORD
HIGH 105 08/09/1930
08/08/1930
LOW 43 08/29/1986
HIGHEST 99 08/25 94 08/28
08/29
LOWEST 56 08/31 58 08/31
AVG. MAXIMUM 86.3 87.9 -1.6 87.5
AVG. MINIMUM 67.5 66.7 0.8 67.4
MEAN 76.9 77.3 -0.4 77.5
DAYS MAX >= 90 7 11.6 -4.6 10
DAYS MAX <= 32 0 0.0 0.0 0
DAYS MIN <= 32 0 0.0 0.0 MM
DAYS MIN <= 0 0 0.0 0.0 MM
PRECIPITATION (INCHES)
RECORD
MAXIMUM 8.51 2005
MINIMUM 0.13 1943
TOTALS 4.98 3.07 1.91 2.46
DAILY AVG. 0.16 0.10 0.06 0.08
DAYS >= .01 10 6.9 3.1 MM
DAYS >= .10 6 4.6 1.4 MM
DAYS >= .50 4 1.8 2.2 MM
DAYS >= 1.00 2 0.9 1.1 MM
GREATEST
24 HR. TOTAL 2.38 08/13 TO 08/14
DEGREE DAYS
COOLING TOTAL 377 382 -5 380
SINCE 1/1 1262 1293 -31 MM
FREEZE DATES
EARLIEST MM
LATEST 04/24
................................................................
WIND (MPH)
AVERAGE WIND SPEED 5.2
HIGHEST WIND SPEED/DIRECTION 36/040 DATE 08/26
HIGHEST GUST SPEED/DIRECTION 52/020 DATE 08/26
SKY COVER
POSSIBLE SUNSHINE (PERCENT) MM
AVERAGE SKY COVER 0.28
NUMBER OF DAYS FAIR 16
NUMBER OF DAYS PC 13
NUMBER OF DAYS CLOUDY 1
AVERAGE RH (PERCENT) 74
WEATHER CONDITIONS. NUMBER OF DAYS WITH
THUNDERSTORM 7 MIXED PRECIP 0
HEAVY RAIN 4 RAIN 5
LIGHT RAIN 10 FREEZING RAIN 0
LT FREEZING RAIN 0 HAIL 0
HEAVY SNOW 0 SNOW 0
LIGHT SNOW 0 SLEET 0
FOG 15 FOG W/VIS <= 1/4 MILE 4
HAZE 5
- INDICATES NEGATIVE NUMBERS.
R INDICATES RECORD WAS SET OR TIED.
MM INDICATES DATA IS MISSING.
T INDICATES TRACE AMOUNT.
$$