000
CXUS53 KPAH 021449
CLSEVV
CLIMATE REPORT
NATIONAL WEATHER SERVICE PADUCAH KY
949 AM CDT SAT SEP 02 2023
...................................
...THE EVANSVILLE IN CLIMATE SUMMARY FOR THE SUMMER SEASON, FROM
6/1/2023 TO 8/31/2023...
CLIMATE NORMAL PERIOD 1991 TO 2020
CLIMATE RECORD PERIOD 1896 TO 2023
WEATHER OBSERVED NORMAL DEPART LAST YEAR`S
VALUE DATE(S) VALUE FROM VALUE
NORMAL
..............................................................
TEMPERATURE (F)
RECORD
HIGH 111 07/28/1930
LOW 41 06/01/1966
06/02/1956
HIGHEST 100 07/28 88 12
LOWEST 52 06/09 65 -13
06/10
06/13
AVG. MAXIMUM 87.4 87.4 0.0
AVG. MINIMUM 66.3 66.9 -0.6
MEAN 76.9 77.2 -0.3
DAYS MAX >= 90 29 34.2 -5.2
DAYS MAX <= 32 0 0.0 0.0
DAYS MIN <= 32 0 0.0 0.0
DAYS MIN <= 0 0 0.0 0.0
PRECIPITATION (INCHES)
RECORD
MAXIMUM 19.83 1977
MINIMUM 2.59 1936
TOTALS 11.58 11.89 -0.31
DAILY AVG. 0.12 0.13 -0.01
DAYS >= .01 24 26.6 -2.6
DAYS >= .10 13 17.9 -4.9
DAYS >= .50 8 7.5 0.5
DAYS >= 1.00 5 3.5 1.5
GREATEST
24 HR. TOTAL 2.38
STORM TOTAL 2.38
(MM/DD(HH))
SNOWFALL (INCHES)
TOTALS 0.0
LIQUID EQUIV 0.00
SINCE 7/1 0.0
LIQUID 7/1 0.00
SNOWDEPTH AVG. 0
DAYS >= TRACE 0
DAYS >= 1.0 0
GREATEST
SNOW DEPTH 0
24 HR TOTAL 0.0
STORM TOTAL 0.0
(MM/DD(HH))
DEGREE DAYS
HEATING TOTAL 2 5 -3
SINCE 7/1 0 0 0
COOLING TOTAL 1119 1126 -7
SINCE 1/1 1262 1293 -31
FREEZE DATES
RECORD
EARLIEST 10/03/1974
LATEST 05/10/1966
EARLIEST MM
LATEST 04/24
..............................................................
WIND (MPH)
AVERAGE WIND SPEED 5.6
HIGHEST WIND SPEED/DIRECTION 43/050 DATE 06/29
HIGHEST GUST SPEED/DIRECTION 58/250 DATE 07/01
SKY COVER
POSSIBLE SUNSHINE (PERCENT) MM
AVERAGE SKY COVER 0.24
NUMBER OF DAYS FAIR 61
NUMBER OF DAYS PC 27
NUMBER OF DAYS CLOUDY 3
AVERAGE RH (PERCENT) 69
WEATHER CONDITIONS. NUMBER OF DAYS WITH
THUNDERSTORM 20 MIXED PRECIP 0
HEAVY RAIN 12 RAIN 13
LIGHT RAIN 29 FREEZING RAIN 0
LT FREEZING RAIN 0 HAIL 0
HEAVY SNOW 0 SNOW 0
LIGHT SNOW 0 SLEET 0
FOG 36 FOG W/VIS <= 1/4 MILE 4
HAZE 22
- INDICATES NEGATIVE NUMBERS.
R INDICATES RECORD WAS SET OR TIED.
MM INDICATES DATA IS MISSING.
T INDICATES TRACE AMOUNT.
$$