000
CXUS56 KSLC 011945
CF6EVW
PRELIMINARY LOCAL CLIMATOLOGICAL DATA (WS FORM: F-6)
STATION: EVANSTON WY
MONTH: FEBRUARY
YEAR: 2023
LATITUDE: 41 16 N
LONGITUDE: 111 2 W
TEMPERATURE IN F: :PCPN: SNOW: WIND :SUNSHINE: SKY :PK WND
================================================================================
1 2 3 4 5 6A 6B 7 8 9 10 11 12 13 14 15 16 17 18
12Z AVG MX 2MIN
DY MAX MIN AVG DEP HDD CDD WTR SNW DPTH SPD SPD DIR MIN PSBL S-S WX SPD DR
================================================================================
1 23 4 14 -8 51 0 0.00 M M 10.0 16 240 M M 2 19 240
2 30 9 20 -2 45 0 0.00 M M 7.2 16 230 M M 0 17 230
3 35 18 27 5 38 0 0.00 M M 6.9 14 230 M M 1 16 230
4 33 18 26 4 39 0 0.00 M M 7.6 14 260 M M 1 18 250
5 34 14 24 2 41 0 T M M 14.4 43 220 M M 5 18 58 230
6 29 13 21 -1 44 0 T M M 11.1 21 250 M M 8 1 24 250
7 28 14 21 -1 44 0 0.00 M M 10.7 17 240 M M 2 18 19 220
8 27 10 19 -3 46 0 T M M 14.4 31 260 M M 5 18 49 290
9 18 3 11 -11 54 0 0.00 M M 4.4 12 230 M M 0 13 230
10 25 8 17 -5 48 0 0.00 0.0 M 5.3 12 80 M M 0 12 80
11 26 11 19 -3 46 0 0.00 M M 10.6 17 110 M M 0 19 110
12 31 12 22 0 43 0 0.00 M M 3.1 9 80 M M 0 10 10
13 32 9 21 -1 44 0 0.00 M M 7.8 21 260 M M 1 28 250
14 24 7 16 -7 49 0 T M M 13.1 36 260 M M 5 18 48 260
15 14 1 8 -15 57 0 T M M 10.4 24 70 M M 5 18 33 80
16 19 -2 9 -14 56 0 0.00 M M 8.4 15 250 M M 0 16 250
17 25 7 16 -7 49 0 0.00 M M 3.5 9 170 M M 0 10 160
18 30 11 21 -2 44 0 0.00 M M 11.0 25 240 M M 2 36 230
19 27 19 23 -1 42 0 T M M 18.7 39 230 M M 6 1 51 230
20 33 25 29 5 36 0 0.00 M M 22.7 44 240 M M 8 8 58 240
21 33 20 27 3 38 0 T M M 21.5 35 220 M M 10 128 44 220
22 20 -1 10 -14 55 0 T M M 12.9 25 70 M M 9 128 39 50
23 5 -9 -2 -27 67 0 T M M 14.2 21 90 M M 5 18 25 80
24 24 -4 10 -15 55 0 T M M 9.1 26 220 M M 4 8 32 220
25 37 13 25 0 40 0 0.00 M M 6.7 18 90 M M 2 22 90
26 33 11 22 -4 43 0 T M M 15.7 35 220 M M 6 18 46 220
27 28 20 24 -2 41 0 0.02 M M 21.5 32 210 M M 9 18 39 220
28 24 11 18 -8 47 0 T M M 21.3 39 230 M M 7 1289 52 230
================================================================================
SM 747 272 1302 0 0.02 0.0 324.2 M 103
================================================================================
AV 26.7 9.7 11.6 FASTST M M 4 MAX(MPH)
MISC ----> 44 240 # 58 230
================================================================================
NOTES:
# LAST OF SEVERAL OCCURRENCES
COLUMN 17 PEAK WIND IN M.P.H.
PRELIMINARY LOCAL CLIMATOLOGICAL DATA (WS FORM: F-6) , PAGE 2
STATION: EVANSTON WY
MONTH: FEBRUARY
YEAR: 2023
LATITUDE: 41 16 N
LONGITUDE: 111 2 W
[TEMPERATURE DATA] [PRECIPITATION DATA] SYMBOLS USED IN COLUMN 16
AVERAGE MONTHLY: 18.2 TOTAL FOR MONTH: 0.02 1 = FOG OR MIST
DPTR FM NORMAL: -4.9 DPTR FM NORMAL: -0.51 2 = FOG REDUCING VISIBILITY
HIGHEST: 37 ON 25 GRTST 24HR 0.02 ON 26-27 TO 1/4 MILE OR LESS
LOWEST: -9 ON 23 3 = THUNDER
SNOW, ICE PELLETS, HAIL 4 = ICE PELLETS
TOTAL MONTH: 0.0 INCH 5 = HAIL
GRTST 24HR 0.0 6 = FREEZING RAIN OR DRIZZLE
GRTST DEPTH: M ON M 7 = DUSTSTORM OR SANDSTORM:
VSBY 1/2 MILE OR LESS
8 = SMOKE OR HAZE
[NO. OF DAYS WITH] [WEATHER - DAYS WITH] 9 = BLOWING SNOW
X = TORNADO
MAX 32 OR BELOW: 21 0.01 INCH OR MORE: 1
MAX 90 OR ABOVE: 0 0.10 INCH OR MORE: 0
MIN 32 OR BELOW: 28 0.50 INCH OR MORE: 0
MIN 0 OR BELOW: 4 1.00 INCH OR MORE: 0
[HDD (BASE 65) ]
TOTAL THIS MO. 1302 CLEAR (SCALE 0-3) 14
DPTR FM NORMAL 130 PTCLDY (SCALE 4-7) 10
TOTAL FM JUL 1 5971 CLOUDY (SCALE 8-10) 4
DPTR FM NORMAL 96
[CDD (BASE 65) ]
TOTAL THIS MO. 0
DPTR FM NORMAL 0 [PRESSURE DATA]
TOTAL FM JAN 1 0 HIGHEST SLP 30.68 ON 9
DPTR FM NORMAL 0 LOWEST SLP 29.06 ON 22
[REMARKS]
#FINAL-02-23#