000
CXUS56 KSLC 180810
CF6EVW
PRELIMINARY LOCAL CLIMATOLOGICAL DATA (WS FORM: F-6)
STATION: EVANSTON WY
MONTH: APRIL
YEAR: 2024
LATITUDE: 41 16 N
LONGITUDE: 111 2 W
TEMPERATURE IN F: :PCPN: SNOW: WIND :SUNSHINE: SKY :PK WND
================================================================================
1 2 3 4 5 6A 6B 7 8 9 10 11 12 13 14 15 16 17 18
12Z AVG MX 2MIN
DY MAX MIN AVG DEP HDD CDD WTR SNW DPTH SPD SPD DIR MIN PSBL S-S WX SPD DR
================================================================================
1 39 24 32 -4 33 0 T M M 8.4 22 10 M M 7 1 31 10
2 47 22 35 -1 30 0 0.00 M M 9.6 22 240 M M 0 27 240
3 56 30 43 7 22 0 0.00 0.0 M 8.1 16 260 M M 0 18 22 240
4 60 38 49 13 16 0 0.00 0.0 M 9.5 31 190 M M 1 47 180
5 56 25 41 5 24 0 T M M 15.1 35 230 M M 5 18 50 180
6 33 18 26 -11 39 0 0.01 M M 14.6 30 250 M M 6 1 43 250
7 36 19 28 -9 37 0 T M M 12.7 23 250 M M 6 30 250
8 43 20 32 -5 33 0 0.00 0.0 M 7.1 14 260 M M 6 20 240
9 46 21 34 -3 31 0 0.00 0.0 M 11.1 21 260 M M 4 31 250
10 52 33 43 5 22 0 0.00 0.0 M 10.7 21 250 M M 3 29 260
11 59 31 45 7 20 0 0.00 0.0 M 9.2 20 230 M M 0 28 230
12 69 40 55 17 10 0 0.00 0.0 M 11.1 26 200 M M 1 36 210
13 67 40 54 16 11 0 0.00 M M 10.6 22 230 M M 0 34 170
14 64 35 50 12 15 0 0.00 M M 10.2 24 190 M M 2 33 220
15 47 33 40 1 25 0 0.04 M M 14.0 23 270 M M 9 13 32 310
16 54 34 44 5 21 0 0.00 M M 13.8 25 260 M M 5 34 240
17 49 29 39 0 26 0 0.02 M M 15.2 26 270 M M 7 34 250
================================================================================
SM 877 492 415 0 0.07 0.0 191.0 M 62
================================================================================
AV 51.6 28.9 11.2 FASTST M M 4 MAX(MPH)
MISC ----> 35 230 50 180
================================================================================
NOTES:
# LAST OF SEVERAL OCCURRENCES
COLUMN 17 PEAK WIND IN M.P.H.
PRELIMINARY LOCAL CLIMATOLOGICAL DATA (WS FORM: F-6) , PAGE 2
STATION: EVANSTON WY
MONTH: APRIL
YEAR: 2024
LATITUDE: 41 16 N
LONGITUDE: 111 2 W
[TEMPERATURE DATA] [PRECIPITATION DATA] SYMBOLS USED IN COLUMN 16
AVERAGE MONTHLY: 40.3 TOTAL FOR MONTH: 0.07 1 = FOG OR MIST
DPTR FM NORMAL: 2.9 DPTR FM NORMAL: -0.46 2 = FOG REDUCING VISIBILITY
HIGHEST: 69 ON 12 GRTST 24HR 0.04 ON 15-15 TO 1/4 MILE OR LESS
LOWEST: 18 ON 6 3 = THUNDER
SNOW, ICE PELLETS, HAIL 4 = ICE PELLETS
TOTAL MONTH: 0.0 INCH 5 = HAIL
GRTST 24HR 0.0 6 = FREEZING RAIN OR DRIZZLE
GRTST DEPTH: M ON M 7 = DUSTSTORM OR SANDSTORM:
VSBY 1/2 MILE OR LESS
8 = SMOKE OR HAZE
[NO. OF DAYS WITH] [WEATHER - DAYS WITH] 9 = BLOWING SNOW
X = TORNADO
MAX 32 OR BELOW: 0 0.01 INCH OR MORE: 3
MAX 90 OR ABOVE: 0 0.10 INCH OR MORE: 0
MIN 32 OR BELOW: 10 0.50 INCH OR MORE: 0
MIN 0 OR BELOW: 0 1.00 INCH OR MORE: 0
[HDD (BASE 65) ]
TOTAL THIS MO. 415 CLEAR (SCALE 0-3) 8
DPTR FM NORMAL -55 PTCLDY (SCALE 4-7) 8
TOTAL FM JUL 1 6565 CLOUDY (SCALE 8-10) 1
DPTR FM NORMAL -826
[CDD (BASE 65) ]
TOTAL THIS MO. 0
DPTR FM NORMAL 0 [PRESSURE DATA]
TOTAL FM JAN 1 0 HIGHEST SLP M ON M
DPTR FM NORMAL 0 LOWEST SLP 29.30 ON 5
[REMARKS]