000
CXUS51 KOKX 010910
CF6EWR
PRELIMINARY LOCAL CLIMATOLOGICAL DATA (WS FORM: F-6)
STATION: NEWARK NJ
MONTH: OCTOBER
YEAR: 2023
LATITUDE: 40 42 N
LONGITUDE: 74 10 W
TEMPERATURE IN F: :PCPN: SNOW: WIND :SUNSHINE: SKY :PK WND
================================================================================
1 2 3 4 5 6A 6B 7 8 9 10 11 12 13 14 15 16 17 18
12Z AVG MX 2MIN
DY MAX MIN AVG DEP HDD CDD WTR SNW DPTH SPD SPD DIR MIN PSBL S-S WX SPD DR
================================================================================
1 82 58 70 7 0 5 0.00 0.0 0 8.9 21 10 M M 2 26 10
2 81 63 72 9 0 7 0.00 0.0 0 6.9 15 20 M M 3 19 10
3 85 59 72 10 0 7 0.00 0.0 0 4.0 9 150 M M 1 14 260
4 85 63 74 12 0 9 0.00 0.0 0 3.3 10 150 M M 1 M 100
5 79 60 70 8 0 5 T 0.0 0 5.6 14 140 M M 5 1 19 140
6 75 68 72 11 0 7 0.10 0.0 0 4.5 10 120 M M 10 128 14 90
7 72 54 63 2 2 0 0.22 0.0 0 8.9 25 320 M M 9 1 36 320
8 63 49 56 -4 9 0 0.00 0.0 0 15.3 24 240 M M 4 29 250
9 64 47 56 -4 9 0 0.02 0.0 0 9.5 20 250 M M 6 24 260
10 67 51 59 -1 6 0 0.01 0.0 0 6.1 16 220 M M 7 8 23 230
11 73 52 63 4 2 0 0.00 0.0 0 5.2 16 250 M M 4 21 230
12 74 50 62 3 3 0 0.00 0.0 0 5.3 14 300 M M 4 17 290
13 67 53 60 2 5 0 0.00 0.0 0 9.2 16 350 M M 4 24 300
14 57 50 54 -4 11 0 0.65 0.0 0 9.3 17 360 M M 10 1 20 30
15 64 50 57 -1 8 0 T 0.0 0 12.6 23 320 M M 7 31 330
16 68 45 57 0 8 0 0.00 0.0 0 8.2 17 330 M M 5 25 310
17 66 52 59 2 6 0 0.00 0.0 0 5.3 12 350 M M 7 17 320
18 67 52 60 3 5 0 0.00 0.0 0 4.0 8 170 M M 7 11 170
19 68 47 58 2 7 0 0.00 0.0 0 7.2 14 130 M M 5 19 130
20 66 59 63 7 2 0 1.83 0.0 0 5.9 15 230 M M 10 13 20 230
21 68 58 63 7 2 0 0.25 0.0 0 13.5 29 290 M M 8 1 41 290
22 62 49 56 1 9 0 0.00 0.0 0 16.7 29 320 M M 7 40 290
23 64 48 56 1 9 0 0.00 0.0 0 9.6 22 310 M M 3 29 310
24 70 44 57 3 8 0 0.00 0.0 0 5.3 15 200 M M 3 17 210
25 77 48 63 9 2 0 0.00 0.0 0 9.2 17 240 M M 5 22 240
26 82 54 68 14 0 3 0.00 0.0 0 6.7 14 230 M M 6 19 230
27 78 59 69 16 0 4 0.00 0.0 0 7.7 16 230 M M 7 21 250
28 84 61 73 20 0 8 0.00 0.0 0 9.6 17 350 M M 4 23 320
29 65 51 58 5 7 0 0.38 0.0 0 10.3 18 20 M M 10 1 22 30
30 63 51 57 5 8 0 0.56 0.0 0 9.3 21 330 M M 10 18 27 320
31 54 46 50 -2 15 0 T 0.0 0 6.9 15 340 M M 9 21 320
================================================================================
SM 2190 1651 143 55 4.02 0.0 250.0 M 183
================================================================================
AV 70.6 53.3 8.1 FASTST M M 6 MAX(MPH)
MISC ----> # 29 290 41 290
================================================================================
NOTES:
# LAST OF SEVERAL OCCURRENCES
COLUMN 17 PEAK WIND IN M.P.H.
PRELIMINARY LOCAL CLIMATOLOGICAL DATA (WS FORM: F-6) , PAGE 2
STATION: NEWARK NJ
MONTH: OCTOBER
YEAR: 2023
LATITUDE: 40 42 N
LONGITUDE: 74 10 W
[TEMPERATURE DATA] [PRECIPITATION DATA] SYMBOLS USED IN COLUMN 16
AVERAGE MONTHLY: 62.0 TOTAL FOR MONTH: 4.02 1 = FOG OR MIST
DPTR FM NORMAL: 4.5 DPTR FM NORMAL: 0.23 2 = FOG REDUCING VISIBILITY
HIGHEST: 85 ON 4, 3 GRTST 24HR 1.83 ON 20-20 TO 1/4 MILE OR LESS
LOWEST: 44 ON 24 3 = THUNDER
SNOW, ICE PELLETS, HAIL 4 = ICE PELLETS
TOTAL MONTH: 0.0 INCH 5 = HAIL
GRTST 24HR 0.0 6 = FREEZING RAIN OR DRIZZLE
GRTST DEPTH: 0 7 = DUSTSTORM OR SANDSTORM:
VSBY 1/2 MILE OR LESS
8 = SMOKE OR HAZE
[NO. OF DAYS WITH] [WEATHER - DAYS WITH] 9 = BLOWING SNOW
X = TORNADO
MAX 32 OR BELOW: 0 0.01 INCH OR MORE: 9
MAX 90 OR ABOVE: 0 0.10 INCH OR MORE: 7
MIN 32 OR BELOW: 0 0.50 INCH OR MORE: 3
MIN 0 OR BELOW: 0 1.00 INCH OR MORE: 1
[HDD (BASE 65) ]
TOTAL THIS MO. 143 CLEAR (SCALE 0-3) 5
DPTR FM NORMAL -110 PTCLDY (SCALE 4-7) 19
TOTAL FM JUL 1 166 CLOUDY (SCALE 8-10) 7
DPTR FM NORMAL -121
[CDD (BASE 65) ]
TOTAL THIS MO. 55
DPTR FM NORMAL 34 [PRESSURE DATA]
TOTAL FM JAN 1 1434 HIGHEST SLP M ON M
DPTR FM NORMAL 165 LOWEST SLP 29.25 ON 21
[REMARKS]
#FINAL-10-23#