000
CXUS52 KKEY 012124 CCA
CF6EYW
PRELIMINARY LOCAL CLIMATOLOGICAL DATA (WS FORM: F-6)...CORRECTED
STATION: KEY WEST
MONTH: MAY
YEAR: 2022
LATITUDE: 24 32 N
LONGITUDE: 81 45 W
TEMPERATURE IN F: :PCPN: SNOW: WIND :SUNSHINE: SKY :PK WND
================================================================================
1 2 3 4 5 6A 6B 7 8 9 10 11 12 13 14 15 16 17 18
12Z AVG MX 2MIN
DY MAX MIN AVG DEP HDD CDD WTR SNW DPTH SPD SPD DIR MIN PSBL S-S WX SPD DR
================================================================================
1 84 76 80 0 0 15 0.00 0.0 0 11.5 17 100 M M 1 29 110
2 84 75 80 0 0 15 T 0.0 0 13.2 20 100 M M 2 30 130
3 84 77 81 1 0 16 0.00 0.0 0 11.2 17 100 M M 3 23 160
4 85 75 80 0 0 15 0.00 0.0 0 8.0 13 110 M M 1 20 140
5 85 78 82 2 0 17 0.00 0.0 0 6.8 10 130 M M 1 20 140
6 86 78 82 2 0 17 0.00 0.0 0 7.2 12 160 M M 2 19 160
7 88 79 84 4 0 19 0.01 0.0 0 11.3 17 240 M M 3 23 240
8 88 73 81 1 0 16 0.28 0.0 0 8.0 17 320 M M 3 1 22 310
9 89 76 83 3 0 18 0.17 0.0 0 6.9 21 110 M M 2 13 26 100
10 85 75 80 -1 0 15 0.05 0.0 0 10.3 20 100 M M 7 38 28 90
11 83 72 78 -3 0 13 0.00 0.0 0 11.8 18 70 M M 2 27 90
12 83 73 78 -3 0 13 0.00 0.0 0 7.1 14 80 M M 2 21 90
13 82 72 77 -4 0 12 0.00 0.0 0 3.5 9 110 M M 1 17 270
14 86 75 81 0 0 16 0.00 0.0 0 4.6 10 360 M M 2 X 17 140
15 87 77 82 1 0 17 0.00 0.0 0 5.6 13 340 M M 2 18 340
16 86 74 80 -1 0 15 0.07 0.0 0 4.1 13 320 M M 5 13 20 190
17 88 78 83 2 0 18 0.00 0.0 0 6.1 14 350 M M 3 18 350
18 89 77 83 2 0 18 0.00 0.0 0 6.0 10 150 M M 2 X 17 140
19 85 80 83 2 0 18 T 0.0 0 9.7 23 160 M M 3 31 170
20 86 79 83 1 0 18 T 0.0 0 13.2 23 150 M M 6 35 170
21 87 81 84 2 0 19 0.00 0.0 0 16.7 23 120 M M 7 35 140
22 87 82 85 3 0 20 0.00 0.0 0 17.7 23 110 M M M 35 140
23 86 78 82 0 0 17 0.09 0.0 0 16.0 22 110 M M 4 1 29 110
24 85 76 81 -1 0 16 0.34 0.0 0 18.0 30 130 M M 5 13 39 130
25 86 79 83 1 0 18 0.06 0.0 0 18.7 25 110 M M 4 3 34 110
26 86 80 83 1 0 18 0.00 0.0 0 14.5 21 110 M M 3 3 28 110
27 86 76 81 -1 0 16 0.00 0.0 0 9.0 16 130 M M 1 20 130
28 86 80 83 1 0 18 0.00 0.0 0 5.8 9 230 M M 2 16 210
29 84 74 79 -4 0 14 0.52 0.0 0 7.2 31 170 M M 6 13 46 170
30 86 74 80 -3 0 15 T 0.0 0 9.2 17 120 M M 4 27 140
31 83 76 80 -3 0 15 0.13 0.0 0 6.4 13 20 M M 4 13 18 140
================================================================================
SM 2655 2375 0 507 1.72 0.0 305.3 M 93
================================================================================
AV 85.6 76.6 9.8 FASTST M M 3 MAX(MPH)
MISC ----> 31 170 46 170
================================================================================
NOTES:
# LAST OF SEVERAL OCCURRENCES
COLUMN 17 PEAK WIND IN M.P.H.
PRELIMINARY LOCAL CLIMATOLOGICAL DATA (WS FORM: F-6) , PAGE 2
STATION: KEY WEST
MONTH: MAY
YEAR: 2022
LATITUDE: 24 32 N
LONGITUDE: 81 45 W
[TEMPERATURE DATA] [PRECIPITATION DATA] SYMBOLS USED IN COLUMN 16
AVERAGE MONTHLY: 81.1 TOTAL FOR MONTH: 1.72 1 = FOG OR MIST
DPTR FM NORMAL: 0.0 DPTR FM NORMAL: -1.40 2 = FOG REDUCING VISIBILITY
HIGHEST: 89 ON 18, 9 GRTST 24HR 0.52 ON 29-29 TO 1/4 MILE OR LESS
LOWEST: 72 ON 13,11 3 = THUNDER
SNOW, ICE PELLETS, HAIL 4 = ICE PELLETS
TOTAL MONTH: 0.0 INCH 5 = HAIL
GRTST 24HR 0.0 6 = FREEZING RAIN OR DRIZZLE
GRTST DEPTH: 0 7 = DUSTSTORM OR SANDSTORM:
VSBY 1/2 MILE OR LESS
8 = SMOKE OR HAZE
[NO. OF DAYS WITH] [WEATHER - DAYS WITH] 9 = BLOWING SNOW
X = TORNADO
MAX 32 OR BELOW: 0 0.01 INCH OR MORE: 10
MAX 90 OR ABOVE: 0 0.10 INCH OR MORE: 5
MIN 32 OR BELOW: 0 0.50 INCH OR MORE: 1
MIN 0 OR BELOW: 0 1.00 INCH OR MORE: 0
[HDD (BASE 65) ]
TOTAL THIS MO. 0 CLEAR (SCALE 0-3) 20
DPTR FM NORMAL 0 PTCLDY (SCALE 4-7) 10
TOTAL FM JUL 1 23 CLOUDY (SCALE 8-10) 0
DPTR FM NORMAL -23
[CDD (BASE 65) ]
TOTAL THIS MO. 507
DPTR FM NORMAL 6 [PRESSURE DATA]
TOTAL FM JAN 1 1698 HIGHEST SLP M ON M
DPTR FM NORMAL 103 LOWEST SLP 29.83 ON 7
[REMARKS]
#FINAL-05-22#
CORRECTED ALIGNMENT OF SNOW, ICE PELLETS, HAIL TABLE.
CORRECTED SKY COVER DAYS TABLE.
ROSS