000
CXUS54 KFWD 280730
CF6F44
PRELIMINARY LOCAL CLIMATOLOGICAL DATA (WS FORM: F-6)
STATION: ATHENS
MONTH: MARCH
YEAR: 2024
LATITUDE: 32 9 N
LONGITUDE: 95 50 W
TEMPERATURE IN F: :PCPN: SNOW: WIND :SUNSHINE: SKY :PK WND
================================================================================
1 2 3 4 5 6A 6B 7 8 9 10 11 12 13 14 15 16 17 18
12Z AVG MX 2MIN
DY MAX MIN AVG DEP HDD CDD WTR SNW DPTH SPD SPD DIR MIN PSBL S-S WX SPD DR
================================================================================
1 66 43 55 M 10 0 0.00 M M 2.2 7 170 M M 5 1 M M
2 79 43 61 M 4 0 0.00 M M 5.2 14 170 M M 0 20 170
3 77 59 68 M 0 3 0.00 M M 8.5 15 170 M M 5 22 170
4 82 66 74 M 0 9 0.00 M M 5.6 12 170 M M 6 20 170
5 79 59 69 M 0 4 0.48 M M 3.6 13 330 M M 4 3 22 330
6 79 55 67 M 0 2 0.00 M M 4.0 8 180 M M 3 M M
7 68 61 65 M 0 0 0.10 M M 1.7 7 140 M M 5 3 M M
8 72 54 63 M 2 0 0.17 M M 5.8 17 340 M M 7 1 35 20
9 57 43 50 M 15 0 0.00 M M 7.8 15 360 M M 7 23 350
10 64 36 50 M 15 0 0.00 M M 0.4 3 360 M M 0 M M
11 70 46 58 M 7 0 0.00 M M 2.5 12 170 M M 4 M M
12 73 46 60 M 5 0 0.00 M M 7.1 17 190 M M 5 22 190
13 79 63 71 M 0 6 0.00 M M 9.6 15 180 M M 6 25 180
14 81 70 76 M 0 11 0.00 M M 9.7 15 170 M M 8 37 170
15 72 61 67 M 0 2 0.16 M M 7.0 15 10 M M 9 22 10
16 64 59 62 M 3 0 0.57 M M 3.8 8 90 M M 10 13 M M
17 70 59 65 M 0 0 0.11 M M 7.4 14 10 M M 9 1 21 10
18 61 37 49 M 16 0 0.00 M M 7.7 16 30 M M 2 24 30
19 64 32 48 M 17 0 0.00 M M 1.0 6 210 M M 0 M M
20 68 45 57 M 8 0 0.00 M M 3.3 12 150 M M 7 M M
21 61 55 58 M 7 0 0.89 M M 3.1 8 140 M M 10 16 130
22 63 50 57 M 8 0 0.12 M M 4.7 16 360 M M 8 1 23 360
23 70 50 60 M 5 0 0.00 M M 2.8 7 40 M M 1 M M
24 68 54 61 M 4 0 0.00 M M 10.7 20 170 M M 5 30 170
25 72 52 62 M 3 0 1.13 M M 6.6 17 180 M M 6 3 27 180
26 59 41 50 M 15 0 0.00 M M 4.9 10 10 M M 0 16 350
27 68 39 54 M 11 0 0.00 M M 1.6 8 100 M M 0 M M
================================================================================
SM 1886 1378 155 37 3.73 M 138.5 M 132
================================================================================
AV 69.9 51.0 5.1 FASTST M M 5 MAX(MPH)
MISC ----> 20 170 37 170
================================================================================
NOTES:
# LAST OF SEVERAL OCCURRENCES
COLUMN 17 PEAK WIND IN M.P.H.
PRELIMINARY LOCAL CLIMATOLOGICAL DATA (WS FORM: F-6) , PAGE 2
STATION: ATHENS
MONTH: MARCH
YEAR: 2024
LATITUDE: 32 9 N
LONGITUDE: 95 50 W
[TEMPERATURE DATA] [PRECIPITATION DATA] SYMBOLS USED IN COLUMN 16
AVERAGE MONTHLY: 60.4 TOTAL FOR MONTH: 3.73 1 = FOG OR MIST
DPTR FM NORMAL: 0.0 DPTR FM NORMAL: 3.73 2 = FOG REDUCING VISIBILITY
HIGHEST: 82 ON 4 GRTST 24HR 1.13 ON 25-25 TO 1/4 MILE OR LESS
LOWEST: 32 ON 19 3 = THUNDER
SNOW, ICE PELLETS, HAIL 4 = ICE PELLETS
TOTAL MONTH: M 5 = HAIL
GRTST 24HR M ON M 6 = FREEZING RAIN OR DRIZZLE
GRTST DEPTH: M ON M 7 = DUSTSTORM OR SANDSTORM:
VSBY 1/2 MILE OR LESS
8 = SMOKE OR HAZE
[NO. OF DAYS WITH] [WEATHER - DAYS WITH] 9 = BLOWING SNOW
X = TORNADO
MAX 32 OR BELOW: 0 0.01 INCH OR MORE: 9
MAX 90 OR ABOVE: 0 0.10 INCH OR MORE: 8
MIN 32 OR BELOW: 1 0.50 INCH OR MORE: 3
MIN 0 OR BELOW: 0 1.00 INCH OR MORE: 1
[HDD (BASE 65) ]
TOTAL THIS MO. 155 CLEAR (SCALE 0-3) 8
DPTR FM NORMAL M PTCLDY (SCALE 4-7) 14
TOTAL FM JUL 1 1889 CLOUDY (SCALE 8-10) 5
DPTR FM NORMAL M
[CDD (BASE 65) ]
TOTAL THIS MO. 37
DPTR FM NORMAL M [PRESSURE DATA]
TOTAL FM JAN 1 67 HIGHEST SLP M ON M
DPTR FM NORMAL M LOWEST SLP M ON M
[REMARKS]