000
CXUS54 KFWD 010830
CF6F44
PRELIMINARY LOCAL CLIMATOLOGICAL DATA (WS FORM: F-6)
STATION: ATHENS
MONTH: NOVEMBER
YEAR: 2021
LATITUDE: 32 9 N
LONGITUDE: 95 50 W
TEMPERATURE IN F: :PCPN: SNOW: WIND :SUNSHINE: SKY :PK WND
================================================================================
1 2 3 4 5 6A 6B 7 8 9 10 11 12 13 14 15 16 17 18
12Z AVG MX 2MIN
DY MAX MIN AVG DEP HDD CDD WTR SNW DPTH SPD SPD DIR MIN PSBL S-S WX SPD DR
================================================================================
1 77 45 61 M 4 0 0.00 M M 1.9 8 170 M M 0 M M
2 72 48 60 M 5 0 0.00 M M 2.6 8 10 M M 6 M M
3 55 45 50 M 15 0 0.95 M M 6.5 17 30 M M 10 13 26 30
4 59 41 50 M 15 0 0.00 M M 4.7 12 30 M M 4 8 17 30
5 59 34 47 M 18 0 0.00 M M 1.9 8 40 M M 0 M M
6 66 34 50 M 15 0 0.00 M M 0.5 5 70 M M 0 1 M M
7 72 36 54 M 11 0 0.00 M M 1.9 7 150 M M 0 M M
8 73 41 57 M 8 0 0.00 M M 2.3 9 180 M M 1 1 M M
9 72 52 62 M 3 0 0.00 M M 2.7 8 170 M M 1 1 M M
10 77 52 65 M 0 0 0.79 M M 8.4 16 190 M M 8 1 21 160
11 68 43 56 M 9 0 1.94 M M 4.7 12 10 M M 1 3 20 20
12 70 37 54 M 11 0 0.00 M M 2.8 9 360 M M 0 21 320
13 61 32 47 M 18 0 0.00 M M 0.5 5 320 M M 0 M M
14 73 41 57 M 8 0 0.00 M M 1.1 7 180 M M 0 M M
15 79 45 62 M 3 0 0.00 M M 3.0 10 200 M M 1 12 18 220
16 79 59 69 M 0 4 0.00 M M 8.2 15 190 M M 4 23 190
17 81 61 71 M 0 6 0.00 M M 8.1 15 190 M M 4 24 200
18 64 43 54 M 11 0 0.00 M M 9.4 17 30 M M 3 29 30
19 63 32 48 M 17 0 0.00 M M 1.8 16 120 M M 0 M M
20 70 37 54 M 11 0 0.00 M M 5.5 13 180 M M 2 22 180
21 72 55 64 M 1 0 0.00 M M 6.9 12 180 M M 8 22 340
22 64 37 51 M 14 0 0.00 M M 4.3 12 20 M M 0 M M
23 68 34 51 M 14 0 0.00 M M 4.7 13 170 M M 0 20 170
24 75 50 63 M 2 0 0.00 M M 9.8 16 170 M M 6 23 180
25 68 45 57 M 8 0 0.77 M M 8.2 16 360 M M 4 24 0
26 50 36 43 M 22 0 0.00 M M 2.2 8 10 M M 0 M M
27 54 36 45 M 20 0 0.34 M M 1.1 5 190 M M 7 M M
28 66 41 54 M 11 0 0.01 M M 3.1 10 360 M M 4 1 16 10
29 70 34 52 M 13 0 0.00 M M 1.3 7 200 M M 0 M M
30 72 41 57 M 8 0 0.00 M M 2.7 9 190 M M 0 M M
================================================================================
SM 2049 1267 295 10 4.80 M 123.0 M 74
================================================================================
AV 68.3 42.2 4.1 FASTST M M 2 MAX(MPH)
MISC ----> 17 30 29 30
================================================================================
NOTES:
# LAST OF SEVERAL OCCURRENCES
COLUMN 17 PEAK WIND IN M.P.H.
PRELIMINARY LOCAL CLIMATOLOGICAL DATA (WS FORM: F-6) , PAGE 2
STATION: ATHENS
MONTH: NOVEMBER
YEAR: 2021
LATITUDE: 32 9 N
LONGITUDE: 95 50 W
[TEMPERATURE DATA] [PRECIPITATION DATA] SYMBOLS USED IN COLUMN 16
AVERAGE MONTHLY: 55.3 TOTAL FOR MONTH: 4.80 1 = FOG OR MIST
DPTR FM NORMAL: 0.0 DPTR FM NORMAL: M 2 = FOG REDUCING VISIBILITY
HIGHEST: 81 ON 17 GRTST 24HR 1.94 ON 11-11 TO 1/4 MILE OR LESS
LOWEST: 32 ON 19,13 3 = THUNDER
SNOW, ICE PELLETS, HAIL 4 = ICE PELLETS
TOTAL MONTH: M 5 = HAIL
GRTST 24HR M ON M 6 = FREEZING RAIN OR DRIZZLE
GRTST DEPTH: M ON M 7 = DUSTSTORM OR SANDSTORM:
VSBY 1/2 MILE OR LESS
8 = SMOKE OR HAZE
[NO. OF DAYS WITH] [WEATHER - DAYS WITH] 9 = BLOWING SNOW
X = TORNADO
MAX 32 OR BELOW: 0 0.01 INCH OR MORE: 6
MAX 90 OR ABOVE: 0 0.10 INCH OR MORE: 5
MIN 32 OR BELOW: 2 0.50 INCH OR MORE: 4
MIN 0 OR BELOW: 0 1.00 INCH OR MORE: 1
[HDD (BASE 65) ]
TOTAL THIS MO. 295 CLEAR (SCALE 0-3) 19
DPTR FM NORMAL M PTCLDY (SCALE 4-7) 8
TOTAL FM JUL 1 334 CLOUDY (SCALE 8-10) 3
DPTR FM NORMAL M
[CDD (BASE 65) ]
TOTAL THIS MO. 10
DPTR FM NORMAL M [PRESSURE DATA]
TOTAL FM JAN 1 2055 HIGHEST SLP M ON M
DPTR FM NORMAL M LOWEST SLP M ON M
[REMARKS]
#FINAL-11-21#