000
CXUS54 KFWD 010730
CF6F44
PRELIMINARY LOCAL CLIMATOLOGICAL DATA (WS FORM: F-6)
STATION: ATHENS
MONTH: OCTOBER
YEAR: 2021
LATITUDE: 32 9 N
LONGITUDE: 95 50 W
TEMPERATURE IN F: :PCPN: SNOW: WIND :SUNSHINE: SKY :PK WND
================================================================================
1 2 3 4 5 6A 6B 7 8 9 10 11 12 13 14 15 16 17 18
12Z AVG MX 2MIN
DY MAX MIN AVG DEP HDD CDD WTR SNW DPTH SPD SPD DIR MIN PSBL S-S WX SPD DR
================================================================================
1 81 66 74 M 0 9 0.00 M M 2.2 6 160 M M 6 1 M M
2 84 70 77 M 0 12 0.00 M M 1.8 8 200 M M 7 M M
3 86 64 75 M 0 10 0.00 M M 2.6 12 350 M M 4 M M
4 86 57 72 M 0 7 0.00 M M 2.4 12 20 M M 1 22 20
5 84 52 68 M 0 3 0.00 M M 1.8 10 40 M M 1 M M
6 86 54 70 M 0 5 0.00 M M 0.7 5 280 M M 1 M M
7 88 54 71 M 0 6 0.00 M M 1.9 9 140 M M 0 M M
8 90 61 76 M 0 11 0.00 M M 3.7 13 160 M M 0 17 160
9 90 61 76 M 0 11 0.00 M M 5.9 15 170 M M 0 20 170
10 91 64 78 M 0 13 0.02 M M 10.7 17 190 M M 7 24 190
11 81 59 70 M 0 5 0.00 M M 0.9 3 10 M M 1 M M
12 82 59 71 M 0 6 0.00 M M 4.2 17 160 M M 4 24 160
13 88 68 78 M 0 13 0.02 M M 9.9 17 180 M M 6 23 180
14 84 68 76 M 0 11 0.00 M M 4.9 17 170 M M 9 1 22 170
15 82 61 72 M 0 7 0.00 M M 7.4 15 350 M M 6 24 340
16 72 46 59 M 6 0 0.00 M M 5.4 14 20 M M 0 20 20
17 70 43 57 M 8 0 0.00 M M 1.2 7 160 M M 0 M M
18 75 45 60 M 5 0 0.00 M M 2.2 9 160 M M 0 M M
19 79 50 65 M 0 0 0.00 M M 3.4 12 170 M M 0 17 170
20 82 54 68 M 0 3 0.00 M M 1.7 8 210 M M 1 M M
21 86 61 74 M 0 9 0.00 M M 2.1 7 10 M M 2 M M
22 86 61 74 M 0 9 0.00 M M 2.3 7 140 M M 2 M M
23 86 63 75 M 0 10 0.00 M M 6.9 15 180 M M 4 1 22 170
24 86 64 75 M 0 10 0.00 M M 6.0 14 190 M M 3 21 190
25 88 66 77 M 0 12 0.10 M M 1.4 6 210 M M 2 M M
26 82 66 74 M 0 9 0.00 M M 7.0 15 180 M M 6 1 22 170
27 75 57 66 M 0 1 0.67 M M 8.1 17 170 M M 6 25 170
28 72 55 64 M 1 0 0.00 M M 9.3 21 340 M M 1 38 300
29 70 50 60 M 5 0 0.00 M M 9.7 17 330 M M 0 31 350
30 73 39 56 M 9 0 0.00 M M 1.2 6 310 M M 0 M M
31 79 43 61 M 4 0 0.00 M M 1.0 5 70 M M 0 M M
================================================================================
SM 2544 1781 38 192 0.81 M 129.9 M 80
================================================================================
AV 82.1 57.5 4.2 FASTST M M 3 MAX(MPH)
MISC ----> 21 340 38 300
================================================================================
NOTES:
# LAST OF SEVERAL OCCURRENCES
COLUMN 17 PEAK WIND IN M.P.H.
PRELIMINARY LOCAL CLIMATOLOGICAL DATA (WS FORM: F-6) , PAGE 2
STATION: ATHENS
MONTH: OCTOBER
YEAR: 2021
LATITUDE: 32 9 N
LONGITUDE: 95 50 W
[TEMPERATURE DATA] [PRECIPITATION DATA] SYMBOLS USED IN COLUMN 16
AVERAGE MONTHLY: 69.8 TOTAL FOR MONTH: 0.81 1 = FOG OR MIST
DPTR FM NORMAL: 0.0 DPTR FM NORMAL: M 2 = FOG REDUCING VISIBILITY
HIGHEST: 91 ON 10 GRTST 24HR 0.67 ON 27-27 TO 1/4 MILE OR LESS
LOWEST: 39 ON 30 3 = THUNDER
SNOW, ICE PELLETS, HAIL 4 = ICE PELLETS
TOTAL MONTH: M 5 = HAIL
GRTST 24HR M ON M 6 = FREEZING RAIN OR DRIZZLE
GRTST DEPTH: M ON M 7 = DUSTSTORM OR SANDSTORM:
VSBY 1/2 MILE OR LESS
8 = SMOKE OR HAZE
[NO. OF DAYS WITH] [WEATHER - DAYS WITH] 9 = BLOWING SNOW
X = TORNADO
MAX 32 OR BELOW: 0 0.01 INCH OR MORE: 4
MAX 90 OR ABOVE: 3 0.10 INCH OR MORE: 1
MIN 32 OR BELOW: 0 0.50 INCH OR MORE: 1
MIN 0 OR BELOW: 0 1.00 INCH OR MORE: 0
[HDD (BASE 65) ]
TOTAL THIS MO. 38 CLEAR (SCALE 0-3) 19
DPTR FM NORMAL M PTCLDY (SCALE 4-7) 11
TOTAL FM JUL 1 39 CLOUDY (SCALE 8-10) 1
DPTR FM NORMAL M
[CDD (BASE 65) ]
TOTAL THIS MO. 192
DPTR FM NORMAL M [PRESSURE DATA]
TOTAL FM JAN 1 2045 HIGHEST SLP M ON M
DPTR FM NORMAL M LOWEST SLP M ON M
[REMARKS]
#FINAL-10-21#