000
CXUS54 KFWD 010730
CF6F44
PRELIMINARY LOCAL CLIMATOLOGICAL DATA (WS FORM: F-6)
STATION: ATHENS
MONTH: JUNE
YEAR: 2021
LATITUDE: 32 9 N
LONGITUDE: 95 50 W
TEMPERATURE IN F: :PCPN: SNOW: WIND :SUNSHINE: SKY :PK WND
================================================================================
1 2 3 4 5 6A 6B 7 8 9 10 11 12 13 14 15 16 17 18
12Z AVG MX 2MIN
DY MAX MIN AVG DEP HDD CDD WTR SNW DPTH SPD SPD DIR MIN PSBL S-S WX SPD DR
================================================================================
1 77 63 70 M 0 5 0.07 M M 3.7 15 150 M M 8 22 150
2 81 59 70 M 0 5 0.00 M M 0.9 6 360 M M 3 M M
3 79 64 72 M 0 7 0.00 M M 1.4 5 30 M M 1 M M
4 81 68 75 M 0 10 0.18 M M 1.5 7 110 M M 5 17 0
5 84 68 76 M 0 11 1.43 M M 0.9 7 40 M M 7 3 43 120
6 86 68 77 M 0 12 0.02 M M 3.3 7 150 M M 5 13 M M
7 81 68 75 M 0 10 0.35 M M 4.8 10 300 M M 6 3 25 300
8 82 68 75 M 0 10 1.32 M M 4.3 13 170 M M 5 3 29 190
9 90 77 84 M 0 19 0.00 M M 6.4 10 190 M M 4 17 220
10 90 75 83 M 0 18 0.00 M M 4.4 9 200 M M 5 18 190
11 90 75 83 M 0 18 0.00 M M 5.9 13 180 M M 4 20 190
12 86 72 79 M 0 14 0.00 M M 1.7 12 360 M M 2 20 360
13 93 72 83 M 0 18 0.00 M M 0.5 5 300 M M 1 M M
14 95 75 85 M 0 20 0.00 M M 1.1 7 30 M M 2 M M
15 93 72 83 M 0 18 0.00 M M 2.5 8 30 M M 1 M M
16 93 70 82 M 0 17 0.00 M M 1.2 5 110 M M 0 M M
17 93 72 83 M 0 18 0.00 M M 1.8 7 70 M M 1 M M
18 90 70 80 M 0 15 0.00 M M 1.9 8 100 M M 2 M M
19 90 68 79 M 0 14 0.00 M M 1.5 6 200 M M 1 M M
20 91 72 82 M 0 17 0.00 M M 5.8 12 170 M M 2 17 190
21 91 73 82 M 0 17 0.00 M M 5.3 10 30 M M 9 8 17 30
22 82 70 76 M 0 11 0.00 M M 5.3 10 10 M M 6 9 60
23 91 72 82 M 0 17 0.00 M M 3.8 8 170 M M 4 16 180
24 93 77 85 M 0 20 0.00 M M 7.0 14 170 M M 5 8 18 170
25 93 77 85 M 0 20 0.00 M M 8.4 14 170 M M 5 18 200
26 91 77 84 M 0 19 0.00 M M 7.6 12 170 M M 5 18 240
27 88 73 81 M 0 16 0.12 M M 3.9 8 160 M M 4 20 120
28 82 72 77 M 0 12 0.93 M M 2.6 9 120 M M 7 M M
29 86 72 79 M 0 14 0.63 M M 3.4 8 160 M M 5 21 160
30 88 72 80 M 0 15 0.00 M M 1.1 5 100 M M 3 M M
================================================================================
SM 2630 2131 0 437 5.05 M 103.8 M 118
================================================================================
AV 87.7 71.0 3.5 FASTST M M 4 MAX(MPH)
MISC ----> 15 150 43 120
================================================================================
NOTES:
# LAST OF SEVERAL OCCURRENCES
COLUMN 17 PEAK WIND IN M.P.H.
PRELIMINARY LOCAL CLIMATOLOGICAL DATA (WS FORM: F-6) , PAGE 2
STATION: ATHENS
MONTH: JUNE
YEAR: 2021
LATITUDE: 32 9 N
LONGITUDE: 95 50 W
[TEMPERATURE DATA] [PRECIPITATION DATA] SYMBOLS USED IN COLUMN 16
AVERAGE MONTHLY: 79.4 TOTAL FOR MONTH: 5.05 1 = FOG OR MIST
DPTR FM NORMAL: 0.0 DPTR FM NORMAL: M 2 = FOG REDUCING VISIBILITY
HIGHEST: 95 ON 14 GRTST 24HR 1.43 ON 5- 5 TO 1/4 MILE OR LESS
LOWEST: 59 ON 2 3 = THUNDER
SNOW, ICE PELLETS, HAIL 4 = ICE PELLETS
TOTAL MONTH: M 5 = HAIL
GRTST 24HR M ON M 6 = FREEZING RAIN OR DRIZZLE
GRTST DEPTH: M ON M 7 = DUSTSTORM OR SANDSTORM:
VSBY 1/2 MILE OR LESS
8 = SMOKE OR HAZE
[NO. OF DAYS WITH] [WEATHER - DAYS WITH] 9 = BLOWING SNOW
X = TORNADO
MAX 32 OR BELOW: 0 0.01 INCH OR MORE: 9
MAX 90 OR ABOVE: 16 0.10 INCH OR MORE: 7
MIN 32 OR BELOW: 0 0.50 INCH OR MORE: 4
MIN 0 OR BELOW: 0 1.00 INCH OR MORE: 2
[HDD (BASE 65) ]
TOTAL THIS MO. 0 CLEAR (SCALE 0-3) 11
DPTR FM NORMAL M PTCLDY (SCALE 4-7) 18
TOTAL FM JUL 1 2323 CLOUDY (SCALE 8-10) 1
DPTR FM NORMAL M
[CDD (BASE 65) ]
TOTAL THIS MO. 437
DPTR FM NORMAL M [PRESSURE DATA]
TOTAL FM JAN 1 726 HIGHEST SLP M ON M
DPTR FM NORMAL M LOWEST SLP M ON M
[REMARKS]
#FINAL-06-21#