000
CXUS54 KFWD 161603
CF6F44
PRELIMINARY LOCAL CLIMATOLOGICAL DATA (WS FORM: F-6)
STATION: ATHENS
MONTH: JANUARY
YEAR: 2024
LATITUDE: 32 9 N
LONGITUDE: 95 50 W
TEMPERATURE IN F: :PCPN: SNOW: WIND :SUNSHINE: SKY :PK WND
================================================================================
1 2 3 4 5 6A 6B 7 8 9 10 11 12 13 14 15 16 17 18
12Z AVG MX 2MIN
DY MAX MIN AVG DEP HDD CDD WTR SNW DPTH SPD SPD DIR MIN PSBL S-S WX SPD DR
================================================================================
1 52 34 43 M 22 0 0.00 M M 7.3 12 30 M M 1 18 10
2 54 32 43 M 22 0 0.57 M M 3.4 10 80 M M 3 M M
3 55 36 46 M 19 0 0.02 M M 3.3 7 10 M M 5 M M
4 59 32 46 M 19 0 0.00 M M 4.6 12 120 M M 2 1 18 120
5 50 41 46 M 19 0 0.25 M M 4.8 14 90 M M 9 12 21 120
6 50 34 42 M 23 0 0.00 M M 0.8 7 250 M M 7 12 M M
7 59 28 44 M 21 0 0.00 M M 4.6 12 140 M M 1 18 170
8 61 46 54 M 11 0 0.45 M M 9.5 18 160 M M 9 3 30 160
9 48 28 38 M 27 0 0.00 M M 7.7 14 330 M M 3 30 290
10 64 27 46 M 19 0 0.00 M M 5.2 14 220 M M 0 28 220
11 70 46 58 M 7 0 0.00 M M 7.2 16 190 M M 7 1 24 190
12 68 28 48 M 17 0 0.05 M M 6.5 16 310 M M 3 41 280
13 61 27 44 M 21 0 0.00 M M 5.9 17 360 M M 0 29 360
14 30 18 24 M 41 0 T M M 10.1 14 10 M M 9 1 21 360
15 21 16 19 M 46 0 M M M 10.3 17 360 M M 8 1 22 360
16 27 14 21 M 44 0 0.00 M M 8.5 17 10 M M 0 26 10
17 41 10 26 M 39 0 0.00 M M 6.0 14 180 M M 1 21 180
18 63 37 50 M 15 0 0.00 M M 7.0 13 180 M M 3 1 20 180
19 45 28 37 M 28 0 0.00 M M 12.4 18 360 M M 0 25 10
20 39 21 30 M 35 0 0.00 M M 5.7 12 20 M M 0 16 10
21 37 30 34 M 31 0 0.00 M M 7.3 12 120 M M 10 17 120
22 55 36 46 M 19 0 1.24 M M 5.9 12 140 M M 10 12 18 130
23 61 52 57 M 8 0 1.22 M M 1.2 6 360 M M 10 123 M M
24 55 50 53 M 12 0 0.34 M M 1.7 10 270 M M 10 1 86 270
25 54 50 52 M 13 0 0.10 M M 1.8 7 340 M M 10 1 M M
26 55 48 52 M 13 0 0.06 M M 4.1 8 30 M M 10 12 16 30
27 54 41 48 M 17 0 0.05 M M 7.3 13 340 M M 10 21 340
28 59 32 46 M 19 0 0.00 M M 3.0 12 360 M M 2 1 17 360
29 70 32 51 M 14 0 0.00 M M 1.4 6 260 M M 0 M M
30 73 37 55 M 10 0 0.00 M M 0.6 6 300 M M 0 M M
31 73 37 55 M 10 0 0.00 M M 1.3 6 160 M M 0 M M
================================================================================
SM 1663 1028 661 0 4.35 M 166.4 M 143
================================================================================
AV 53.6 33.2 5.4 FASTST M M 5 MAX(MPH)
MISC ----> # 18 160 86 270
================================================================================
NOTES:
# LAST OF SEVERAL OCCURRENCES
COLUMN 17 PEAK WIND IN M.P.H.
PRELIMINARY LOCAL CLIMATOLOGICAL DATA (WS FORM: F-6) , PAGE 2
STATION: ATHENS
MONTH: JANUARY
YEAR: 2024
LATITUDE: 32 9 N
LONGITUDE: 95 50 W
[TEMPERATURE DATA] [PRECIPITATION DATA] SYMBOLS USED IN COLUMN 16
AVERAGE MONTHLY: 43.4 TOTAL FOR MONTH: 4.35 1 = FOG OR MIST
DPTR FM NORMAL: 0.0 DPTR FM NORMAL: M 2 = FOG REDUCING VISIBILITY
HIGHEST: 73 ON 31,30 GRTST 24HR 1.24 ON 22-22 TO 1/4 MILE OR LESS
LOWEST: 10 ON 17 3 = THUNDER
SNOW, ICE PELLETS, HAIL 4 = ICE PELLETS
TOTAL MONTH: M 5 = HAIL
GRTST 24HR M ON M 6 = FREEZING RAIN OR DRIZZLE
GRTST DEPTH: M ON M 7 = DUSTSTORM OR SANDSTORM:
VSBY 1/2 MILE OR LESS
8 = SMOKE OR HAZE
[NO. OF DAYS WITH] [WEATHER - DAYS WITH] 9 = BLOWING SNOW
X = TORNADO
MAX 32 OR BELOW: 3 0.01 INCH OR MORE: 11
MAX 90 OR ABOVE: 0 0.10 INCH OR MORE: 6
MIN 32 OR BELOW: 16 0.50 INCH OR MORE: 3
MIN 0 OR BELOW: 0 1.00 INCH OR MORE: 2
[HDD (BASE 65) ]
TOTAL THIS MO. 661 CLEAR (SCALE 0-3) 14
DPTR FM NORMAL M PTCLDY (SCALE 4-7) 7
TOTAL FM JUL 1 1481 CLOUDY (SCALE 8-10) 10
DPTR FM NORMAL M
[CDD (BASE 65) ]
TOTAL THIS MO. 0
DPTR FM NORMAL M [PRESSURE DATA]
TOTAL FM JAN 1 0 HIGHEST SLP M ON M
DPTR FM NORMAL M LOWEST SLP M ON M
[REMARKS]
#FINAL-01-24#