000
CXUS54 KFWD 010731
CF6F44
PRELIMINARY LOCAL CLIMATOLOGICAL DATA (WS FORM: F-6)
STATION: ATHENS
MONTH: MAY
YEAR: 2020
LATITUDE: 32 9 N
LONGITUDE: 95 50 W
TEMPERATURE IN F: :PCPN: SNOW: WIND :SUNSHINE: SKY :PK WND
================================================================================
1 2 3 4 5 6A 6B 7 8 9 10 11 12 13 14 15 16 17 18
12Z AVG MX 2MIN
DY MAX MIN AVG DEP HDD CDD WTR SNW DPTH SPD SPD DIR MIN PSBL S-S WX SPD DR
================================================================================
1 82 52 67 M 0 2 0.00 0.0 0 6.3 15 160 M M 0 22 180
2 84 63 74 M 0 9 0.00 0.0 0 10.2 18 160 M M 2 25 160
3 86 70 78 M 0 13 0.00 0.0 0 8.4 17 170 M M 3 23 170
4 86 68 77 M 0 12 0.00 0.0 0 8.2 13 170 M M 3 21 180
5 79 63 71 M 0 6 0.00 0.0 0 8.9 17 10 M M 3 3 23 360
6 81 52 67 M 0 2 0.00 0.0 0 3.0 10 20 M M 0 M M
7 82 54 68 M 0 3 0.00 0.0 0 7.4 17 170 M M 3 38 27 170
8 73 57 65 M 0 0 0.12 0.0 0 11.7 25 170 M M 7 36 170
9 72 52 62 M 3 0 0.00 0.0 0 3.1 10 110 M M 2 8 9 100
10 77 46 62 M 3 0 0.00 0.0 0 2.5 10 110 M M 0 M M
11 79 54 67 M 0 2 0.00 0.0 0 4.5 10 130 M M 0 17 130
12 79 64 72 M 0 7 0.02 0.0 0 6.2 12 170 M M 8 21 180
13 84 64 74 M 0 9 0.00 0.0 0 7.6 13 170 M M 6 17 170
14 88 70 79 M 0 14 0.00 0.0 0 8.3 14 150 M M 5 20 150
15 86 68 77 M 0 12 0.00 0.0 0 7.3 16 140 M M 5 23 140
16 77 66 72 M 0 7 0.53 0.0 0 6.2 14 120 M M 9 3 20 120
17 82 63 73 M 0 8 0.26 0.0 0 4.7 10 350 M M 5 20 330
18 88 59 74 M 0 9 0.00 0.0 0 0.9 5 210 M M 1 M M
19 91 64 78 M 0 13 0.00 0.0 0 3.1 8 160 M M 1 M M
20 82 68 75 M 0 10 0.00 0.0 0 5.6 10 90 M M 6 17 90
21 86 68 77 M 0 12 0.00 0.0 0 5.8 13 150 M M 7 1 17 150
22 90 72 81 M 0 16 0.00 0.0 0 8.4 13 190 M M 6 3 22 160
23 86 66 76 M 0 11 0.75 0.0 0 6.4 10 130 M M 6 3 17 160
24 84 64 74 M 0 9 0.39 0.0 0 6.5 13 130 M M 7 3 23 130
25 73 63 68 M 0 3 0.61 0.0 0 2.8 12 320 M M 8 1 18 320
26 77 59 68 M 0 3 0.01 0.0 0 1.8 7 300 M M 5 1 M M
27 82 59 71 M 0 6 0.00 0.0 0 1.6 6 190 M M 1 17 190
28 82 63 73 M 0 8 0.00 0.0 0 1.4 6 360 M M 3 M M
29 86 64 75 M 0 10 0.00 0.0 0 5.3 13 350 M M 0 24 50
30 86 61 74 M 0 9 0.00 0.0 0 2.6 9 80 M M 0 M M
31 86 63 75 M 0 10 0.00 0.0 0 2.5 8 90 M M 1 M M
================================================================================
SM 2556 1919 6 235 2.69 0.0 169.2 M 113
================================================================================
AV 82.5 61.9 5.5 FASTST M M 4 MAX(MPH)
MISC ----> # 25 170 # 36 170
================================================================================
NOTES:
# LAST OF SEVERAL OCCURRENCES
COLUMN 17 PEAK WIND IN M.P.H.
PRELIMINARY LOCAL CLIMATOLOGICAL DATA (WS FORM: F-6) , PAGE 2
STATION: ATHENS
MONTH: MAY
YEAR: 2020
LATITUDE: 32 9 N
LONGITUDE: 95 50 W
[TEMPERATURE DATA] [PRECIPITATION DATA] SYMBOLS USED IN COLUMN 16
AVERAGE MONTHLY: 72.2 TOTAL FOR MONTH: 2.69 1 = FOG OR MIST
DPTR FM NORMAL: M DPTR FM NORMAL: M 2 = FOG REDUCING VISIBILITY
HIGHEST: 91 ON 19 GRTST 24HR 0.75 ON 23-23 TO 1/4 MILE OR LESS
LOWEST: 46 ON 10 3 = THUNDER
SNOW, ICE PELLETS, HAIL 4 = ICE PELLETS
TOTAL MONTH: 0.0 INCH 5 = HAIL
GRTST 24HR 0.0 6 = FREEZING RAIN OR DRIZZLE
GRTST DEPTH: 0 7 = DUSTSTORM OR SANDSTORM:
VSBY 1/2 MILE OR LESS
8 = SMOKE OR HAZE
[NO. OF DAYS WITH] [WEATHER - DAYS WITH] 9 = BLOWING SNOW
X = TORNADO
MAX 32 OR BELOW: 0 0.01 INCH OR MORE: 8
MAX 90 OR ABOVE: 2 0.10 INCH OR MORE: 6
MIN 32 OR BELOW: 0 0.50 INCH OR MORE: 3
MIN 0 OR BELOW: 0 1.00 INCH OR MORE: 0
[HDD (BASE 65) ]
TOTAL THIS MO. 6 CLEAR (SCALE 0-3) 16
DPTR FM NORMAL M PTCLDY (SCALE 4-7) 13
TOTAL FM JUL 1 2094 CLOUDY (SCALE 8-10) 2
DPTR FM NORMAL M
[CDD (BASE 65) ]
TOTAL THIS MO. 235
DPTR FM NORMAL M [PRESSURE DATA]
TOTAL FM JAN 1 391 HIGHEST SLP M ON M
DPTR FM NORMAL M LOWEST SLP M ON M
[REMARKS]
#FINAL-05-20#