000
CXUS54 KFWD 251721
CF6F46
PRELIMINARY LOCAL CLIMATOLOGICAL DATA (WS FORM: F-6)
STATION: ROCKWALL
MONTH: MARCH
YEAR: 2021
LATITUDE: 32 55 N
LONGITUDE: 96 26 W
TEMPERATURE IN F: :PCPN: SNOW: WIND :SUNSHINE: SKY :PK WND
================================================================================
1 2 3 4 5 6A 6B 7 8 9 10 11 12 13 14 15 16 17 18
12Z AVG MX 2MIN
DY MAX MIN AVG DEP HDD CDD WTR SNW DPTH SPD SPD DIR MIN PSBL S-S WX SPD DR
================================================================================
1 55 43 49 M 16 0 0.05 M M 8.2 16 20 M M 8 23 50
2 60 38 49 M 16 0 0.00 M M 3.3 12 330 M M 1 M M
3 67 40 54 M 11 0 0.00 M M 6.9 10 210 M M 0 M M
4 72 46 59 M 6 0 0.00 M M 7.5 15 180 M M 0 20 150
5 62 49 56 M 9 0 0.00 M M 8.9 15 50 M M 9 22 50
6 63 40 52 M 13 0 0.00 M M 6.8 14 60 M M 1 18 60
7 67 42 55 M 10 0 0.00 M M 6.5 10 160 M M 0 18 140
8 69 44 57 M 8 0 0.00 M M 8.3 16 190 M M 0 23 210
9 72 54 63 M 2 0 0.00 M M 11.9 18 180 M M 7 29 210
10 76 60 68 M 0 3 0.00 M M 15.8 22 190 M M 9 31 210
11 77 67 72 M 0 7 0.00 M M 14.9 24 200 M M 8 32 200
12 76 65 71 M 0 6 0.00 M M 9.1 14 170 M M 9 21 160
13 80 64 72 M 0 7 0.00 M M 9.7 15 180 M M 8 25 170
14 72 52 62 M 3 0 0.04 M M 7.7 12 160 M M 7 1 21 170
15 80 48 64 M 1 0 0.00 M M 9.1 16 240 M M 1 23 240
16 79 59 69 M 0 4 M M M 8.4 15 200 M M 4 21 200
17 70 47 59 M 6 0 0.37 M M 15.8 30 260 M M 5 3 38 270
18 60 42 51 M 14 0 0.00 M M 14.8 25 270 M M 6 32 270
19 63 42 53 M 12 0 0.00 M M 7.3 12 30 M M 3 21 30
20 66 42 54 M 11 0 0.00 M M 6.0 10 130 M M 0 M M
21 68 41 55 M 10 0 0.00 M M 7.6 15 190 M M 0 20 180
22 63 49 56 M 9 0 0.92 M M 8.2 16 190 M M 6 3 53 180
23 72 49 61 M 4 0 M M M 8.2 14 260 M M 1 21 240
24 77 50 64 M 1 0 0.19 M M 9.0 14 120 M M 3 3 35 180
25 67 50 59 M 6 0 0.76 M M 5.6 16 340 M M 6 3 22 20
26 77 48 63 M 2 0 0.00 M M 6.8 16 180 M M 0 22 180
27 78 59 69 M 0 4 0.00 M M 8.8 18 190 M M 5 1 25 350
28 69 53 61 M 4 0 0.00 M M 9.9 16 30 M M 0 29 40
29 75 47 61 M 4 0 0.00 M M 9.0 20 200 M M 0 23 180
30 77 57 67 M 0 2 0.00 M M 10.8 18 200 M M 8 27 190
31 64 48 56 M 9 0 0.00 M M 13.5 20 60 M M 5 30 50
================================================================================
SM 2173 1535 187 33 2.33 M 284.2 M 120
================================================================================
AV 70.1 49.5 9.2 FASTST M M 4 MAX(MPH)
MISC ----> 30 260 53 180
================================================================================
NOTES:
# LAST OF SEVERAL OCCURRENCES
COLUMN 17 PEAK WIND IN M.P.H.
PRELIMINARY LOCAL CLIMATOLOGICAL DATA (WS FORM: F-6) , PAGE 2
STATION: ROCKWALL
MONTH: MARCH
YEAR: 2021
LATITUDE: 32 55 N
LONGITUDE: 96 26 W
[TEMPERATURE DATA] [PRECIPITATION DATA] SYMBOLS USED IN COLUMN 16
AVERAGE MONTHLY: 59.8 TOTAL FOR MONTH: 2.33 1 = FOG OR MIST
DPTR FM NORMAL: 0.0 DPTR FM NORMAL: M 2 = FOG REDUCING VISIBILITY
HIGHEST: 80 ON 15,13 GRTST 24HR 0.92 ON 22-22 TO 1/4 MILE OR LESS
LOWEST: 38 ON 2 3 = THUNDER
SNOW, ICE PELLETS, HAIL 4 = ICE PELLETS
TOTAL MONTH: M 5 = HAIL
GRTST 24HR M ON M 6 = FREEZING RAIN OR DRIZZLE
GRTST DEPTH: M ON M 7 = DUSTSTORM OR SANDSTORM:
VSBY 1/2 MILE OR LESS
8 = SMOKE OR HAZE
[NO. OF DAYS WITH] [WEATHER - DAYS WITH] 9 = BLOWING SNOW
X = TORNADO
MAX 32 OR BELOW: 0 0.01 INCH OR MORE: 6
MAX 90 OR ABOVE: 0 0.10 INCH OR MORE: 4
MIN 32 OR BELOW: 0 0.50 INCH OR MORE: 2
MIN 0 OR BELOW: 0 1.00 INCH OR MORE: 0
[HDD (BASE 65) ]
TOTAL THIS MO. 187 CLEAR (SCALE 0-3) 15
DPTR FM NORMAL M PTCLDY (SCALE 4-7) 10
TOTAL FM JUL 1 2229 CLOUDY (SCALE 8-10) 6
DPTR FM NORMAL M
[CDD (BASE 65) ]
TOTAL THIS MO. 33
DPTR FM NORMAL M [PRESSURE DATA]
TOTAL FM JAN 1 33 HIGHEST SLP M ON M
DPTR FM NORMAL M LOWEST SLP M ON M
[REMARKS]
#FINAL-03-21#