000
CXAK59 PAFG 010953
CLMFAI
CLIMATE REPORT
NATIONAL WEATHER SERVICE FAIRBANKS AK
153 AM AKDT TUE AUG 01 2023
...................................
...THE FAIRBANKS AK CLIMATE SUMMARY FOR THE MONTH OF JULY 2023...
CLIMATE NORMAL PERIOD 1991 TO 2020
CLIMATE RECORD PERIOD 1904 TO 2023
WEATHER OBSERVED NORMAL DEPART LAST YEAR`S
VALUE DATE(S) VALUE FROM VALUE DATE(S)
NORMAL
................................................................
TEMPERATURE (F)
RECORD
HIGH 99 07/28/1919
LOW 30 07/11/1905
HIGHEST 90 07/24 85 5 86 07/01
LOWEST 47 07/09 43 4 41 07/28
07/29
AVG. MAXIMUM 77.2 72.7 4.5 73.4
AVG. MINIMUM 56.9 53.1 3.8 53.4
MEAN 67.1 62.9 4.2 63.4
DAYS MAX >= 90 1 0.1 0.9 0
DAYS MAX <= 32 0 0.0 0.0 0
DAYS MIN <= 32 0 0.0 0.0 0
DAYS MIN <= 0 0 0.0 0.0 0
PRECIPITATION (INCHES)
RECORD
MAXIMUM 5.96 2003
MINIMUM 0.06
TOTALS 0.70 2.26 -1.56 0.51
DAILY AVG. 0.02 0.07 -0.05 0.02
DAYS >= .01 7 12.8 -5.8 9
DAYS >= .10 2 5.5 -3.5 2
DAYS >= .50 0 1.1 -1.1 0
DAYS >= 1.00 0 0.3 -0.3 0
GREATEST
24 HR. TOTAL 0.31 07/07 TO 07/08 0.15
SNOWFALL (INCHES)
RECORDS
TOTAL 0.0 MM
24 HR TOTAL 0.0 MM
SNOW DEPTH 0 MM
TOTALS 0.0 0.0 0.0 0.0
SINCE 7/1 0.0 0.0 0.0 MM
SNOWDEPTH AVG. 0 0
DAYS >= TRACE 0 0.0 0.0 0
DAYS >= 1.0 0 0.0 0.0 0
GREATEST
SNOW DEPTH 0 0
24 HR TOTAL MM 0.0
DEGREE DAYS
HEATING TOTAL 23 98 -75 109
SINCE 7/1 23 97 -74 MM
COOLING TOTAL 94 33 61 66
SINCE 1/1 117 61 56 MM
................................................................
WIND (MPH)
AVERAGE WIND SPEED 4.2
HIGHEST WIND SPEED/DIRECTION 18/250 DATE 07/08
18/240 07/10
HIGHEST GUST SPEED/DIRECTION 26/270 DATE 07/08
SKY COVER
AVERAGE SKY COVER 0.67
NUMBER OF DAYS FAIR 2
WEATHER CONDITIONS. NUMBER OF DAYS WITH
THUNDERSTORM 0 MIXED PRECIP 0
HEAVY RAIN 0 RAIN 1
LIGHT RAIN 14 FREEZING RAIN 0
LT FREEZING RAIN 0 HAIL 0
HEAVY SNOW 0 SNOW 0
LIGHT SNOW 0 SLEET 0
FOG 3 FOG W/VIS <= 1/4 MILE 0
HAZE 3
- INDICATES NEGATIVE NUMBERS.
R INDICATES RECORD WAS SET OR TIED.
MM INDICATES DATA IS MISSING.
T INDICATES TRACE AMOUNT.
$$