376
CXUS53 KFGF 010815
CF6FAR
PRELIMINARY LOCAL CLIMATOLOGICAL DATA (WS FORM: F-6)
STATION: FARGO HECTOR INTL AP ND
MONTH: JULY
YEAR: 2020
LATITUDE: 46 54 N
LONGITUDE: 96 48 W
TEMPERATURE IN F: :PCPN: SNOW: WIND :SUNSHINE: SKY :PK WND
================================================================================
1 2 3 4 5 6A 6B 7 8 9 10 11 12 13 14 15 16 17 18
12Z AVG MX 2MIN
DY MAX MIN AVG DEP HDD CDD WTR SNW DPTH SPD SPD DIR MIN PSBL S-S WX SPD DR
================================================================================
1 86 68 77 7 0 12 0.28 0.0 0 9.7 28 220 M M 3 13 39 210
2 90 71 81 11 0 16 0.00 0.0 0 12.1 22 180 M M 0 29 150
3 91 74 83 13 0 18 0.00 0.0 0 9.2 18 130 M M 0 29 120
4 89 73 81 11 0 16 0.00 0.0 0 8.2 17 140 M M 1 22 130
5 92 68 80 10 0 15 0.00 0.0 0 9.6 37 190 M M 1 13 48 190
6 87 64 76 6 0 11 0.08 0.0 0 4.4 37 340 M M 2 13 51 350
7 87 63 75 5 0 10 0.00 0.0 0 6.1 16 120 M M 2 23 140
8 84 66 75 4 0 10 0.88 0.0 0 9.5 29 270 M M 6 13 38 270
9 81 63 72 1 0 7 0.00 0.0 0 10.2 23 280 M M 1 33 180
10 83 58 71 0 0 6 0.00 0.0 0 5.7 13 330 M M 1 20 250
11 81 60 71 0 0 6 0.17 0.0 0 5.4 22 80 M M 4 13 30 70
12 83 56 70 -1 0 5 0.00 0.0 0 6.1 16 140 M M 0 12 23 150
13 86 65 76 5 0 11 T 0.0 M 14.8 27 160 M M 2 44 150
14 81 60 71 0 0 6 0.05 0.0 0 8.1 18 280 M M 3 26 270
15 85 59 72 1 0 7 0.00 0.0 M 12.7 26 240 M M 1 35 250
16 86 61 74 3 0 9 0.44 0.0 0 8.9 38 260 M M 2 13 53 270
17 91 58 75 4 0 10 1.34 0.0 M 13.4 43 40 M M 2 13 54 30
18 83 62 73 2 0 8 T 0.0 0 9.3 30 130 M M 2 42 130
19 80 60 70 -1 0 5 0.00 0.0 M 12.9 25 290 M M 1 34 290
20 79 56 68 -3 0 3 0.28 0.0 0 5.9 16 80 M M 5 1 20 80
21 73 57 65 -6 0 0 0.31 0.0 0 8.9 22 90 M M 7 13 30 80
22 76 52 64 -7 1 0 0.00 0.0 0 7.3 14 140 M M 0 22 130
23 82 61 72 1 0 7 0.00 0.0 0 16.1 24 140 M M 1 35 150
24 93 71 82 10 0 17 0.58 0.0 0 18.4 26 180 M M 3 13 40 160
25 89 71 80 8 0 15 1.03 0.0 0 6.1 30 300 M M 5 13 40 320
26 81 63 72 1 0 7 T 0.0 0 9.6 21 320 M M 1 26 320
27 82 61 72 1 0 7 0.00 0.0 M 9.1 20 290 M M 0 26 290
28 83 57 70 -1 0 5 0.00 0.0 0 6.1 17 340 M M 0 22 340
29 81 58 70 -1 0 5 0.00 0.0 M 5.6 13 60 M M 0 16 60
30 84 57 71 0 0 6 0.00 0.0 0 2.8 9 40 M M 1 13 60
31 84 59 72 1 0 7 0.06 0.0 M 7.0 17 190 M M 4 3 25 180
================================================================================
SM 2613 1932 1 267 5.50 0.0 279.2 M 61
================================================================================
AV 84.3 62.3 9.0 FASTST M M 2 MAX(MPH)
MISC ----> 43 40 54 30
================================================================================
NOTES:
# LAST OF SEVERAL OCCURRENCES
COLUMN 17 PEAK WIND IN M.P.H.
PRELIMINARY LOCAL CLIMATOLOGICAL DATA (WS FORM: F-6) , PAGE 2
STATION: FARGO HECTOR INTL AP ND
MONTH: JULY
YEAR: 2020
LATITUDE: 46 54 N
LONGITUDE: 96 48 W
[TEMPERATURE DATA] [PRECIPITATION DATA] SYMBOLS USED IN COLUMN 16
AVERAGE MONTHLY: 73.3 TOTAL FOR MONTH: 5.50 1 = FOG OR MIST
DPTR FM NORMAL: 2.3 DPTR FM NORMAL: 2.71 2 = FOG REDUCING VISIBILITY
HIGHEST: 93 ON 24 GRTST 24HR 1.61 ON 24-25 TO 1/4 MILE OR LESS
LOWEST: 52 ON 22 3 = THUNDER
SNOW, ICE PELLETS, HAIL 4 = ICE PELLETS
TOTAL MONTH: 0.0 INCH 5 = HAIL
GRTST 24HR 0.0 6 = FREEZING RAIN OR DRIZZLE
GRTST DEPTH: 0 7 = DUSTSTORM OR SANDSTORM:
VSBY 1/2 MILE OR LESS
8 = SMOKE OR HAZE
[NO. OF DAYS WITH] [WEATHER - DAYS WITH] 9 = BLOWING SNOW
X = TORNADO
MAX 32 OR BELOW: 0 0.01 INCH OR MORE: 12
MAX 90 OR ABOVE: 5 0.10 INCH OR MORE: 9
MIN 32 OR BELOW: 0 0.50 INCH OR MORE: 4
MIN 0 OR BELOW: 0 1.00 INCH OR MORE: 2
[HDD (BASE 65) ]
TOTAL THIS MO. 1 CLEAR (SCALE 0-3) 25
DPTR FM NORMAL -15 PTCLDY (SCALE 4-7) 6
TOTAL FM JUL 1 1 CLOUDY (SCALE 8-10) 0
DPTR FM NORMAL -11
[CDD (BASE 65) ]
TOTAL THIS MO. 267
DPTR FM NORMAL 65 [PRESSURE DATA]
TOTAL FM JAN 1 492 HIGHEST SLP M ON M
DPTR FM NORMAL 152 LOWEST SLP 29.55 ON 18
[REMARKS]
#FINAL-07-20#