000
CXUS52 KRAH 010945
CF6FAY
PRELIMINARY LOCAL CLIMATOLOGICAL DATA (WS FORM: F-6)
STATION: FAYETTEVILLE REGL AIRPORT NC
MONTH: OCTOBER
YEAR: 2020
LATITUDE: 35 0 N
LONGITUDE: 78 53 W
TEMPERATURE IN F: :PCPN: SNOW: WIND :SUNSHINE: SKY :PK WND
================================================================================
1 2 3 4 5 6A 6B 7 8 9 10 11 12 13 14 15 16 17 18
12Z AVG MX 2MIN
DY MAX MIN AVG DEP HDD CDD WTR SNW DPTH SPD SPD DIR MIN PSBL S-S WX SPD DR
================================================================================
1 81 53 67 -2 0 2 0.00 M M 5.9 14 180 M M 0 18 180
2 74 53 64 -4 1 0 0.00 M M 8.5 18 40 M M 1 24 40
3 72 50 61 -7 4 0 0.00 M M 7.0 16 30 M M 0 23 30
4 69 53 61 -6 4 0 0.00 M M 7.0 16 20 M M 2 21 30
5 76 49 63 -4 2 0 0.00 M M 4.3 15 30 M M 0 20 20
6 79 51 65 -2 0 0 0.00 M M 4.6 10 210 M M 0 1 13 220
7 84 58 71 5 0 6 0.00 M M 6.5 15 220 M M 2 12 19 210
8 87 57 72 6 0 7 0.00 M M 5.3 15 10 M M 0 19 30
9 77 64 71 5 0 6 T M M 5.8 12 60 M M 7 15 20
10 82 65 74 9 0 9 0.01 M M 6.4 17 180 M M 7 23 180
11 73 69 71 6 0 6 0.91 M M 7.1 16 80 M M 10 13 23 110
12 79 70 75 10 0 10 0.08 M M 4.9 10 350 M M 10 12 18 310
13 83 62 73 9 0 8 0.00 M M 6.3 13 360 M M 5 1 18 350
14 77 55 66 2 0 1 0.00 M M 5.6 12 80 M M 0 17 350
15 80 51 66 2 0 1 0.01 M M 4.6 17 170 M M 4 1 22 170
16 72 54 63 0 2 0 0.53 M M 9.4 23 340 M M 9 1 27 330
17 66 46 56 -7 9 0 0.00 M M 7.7 17 20 M M 1 24 20
18 73 42 58 -5 7 0 0.00 M M 4.9 13 20 M M 0 15 20
19 79 52 66 4 0 1 0.00 M M 4.6 8 20 M M 2 12 14 40
20 80 59 70 8 0 5 0.00 M M 4.4 12 140 M M 6 13 140
21 82 63 73 11 0 8 0.00 M M 4.1 12 20 M M 4 12 14 60
22 83 62 73 11 0 8 0.00 M M 4.6 10 30 M M 3 1 12 30
23 82 62 72 11 0 7 0.00 M M 3.5 9 30 M M 0 1 13 40
24 84 60 72 11 0 7 0.00 M M 4.2 10 180 M M 0 1 14 220
25 68 56 62 1 3 0 0.20 M M 7.7 17 30 M M 8 1 22 20
26 74 53 64 4 1 0 0.00 M M 4.2 13 350 M M 5 1 16 360
27 77 54 66 6 0 1 0.00 M M 1.7 9 280 M M 3 1 12 290
28 80 58 69 9 0 4 0.00 M M 4.4 12 240 M M 6 1 20 250
29 85 66 76 16 0 11 T M M 15.8 33 200 M M 5 49 200
30 77 52 65 6 0 0 0.10 M M 12.2 30 250 M M 1 8 37 230
31 64 47 56 -3 9 0 0.00 M M 7.3 17 20 M M 4 22 30
================================================================================
SM 2399 1746 42 108 1.84 M 190.5 M 105
================================================================================
AV 77.4 56.3 6.1 FASTST M M 3 MAX(MPH)
MISC ----> 33 200 49 200
================================================================================
NOTES:
# LAST OF SEVERAL OCCURRENCES
COLUMN 17 PEAK WIND IN M.P.H.
PRELIMINARY LOCAL CLIMATOLOGICAL DATA (WS FORM: F-6) , PAGE 2
STATION: FAYETTEVILLE REGL AIRPORT NC
MONTH: OCTOBER
YEAR: 2020
LATITUDE: 35 0 N
LONGITUDE: 78 53 W
[TEMPERATURE DATA] [PRECIPITATION DATA] SYMBOLS USED IN COLUMN 16
AVERAGE MONTHLY: 66.9 TOTAL FOR MONTH: 1.84 1 = FOG OR MIST
DPTR FM NORMAL: 3.4 DPTR FM NORMAL: -1.37 2 = FOG REDUCING VISIBILITY
HIGHEST: 87 ON 8 GRTST 24HR 0.98 ON 11-12 TO 1/4 MILE OR LESS
LOWEST: 42 ON 18 3 = THUNDER
SNOW, ICE PELLETS, HAIL 4 = ICE PELLETS
TOTAL MONTH: M 5 = HAIL
GRTST 24HR M ON M 6 = FREEZING RAIN OR DRIZZLE
GRTST DEPTH: M ON M 7 = DUSTSTORM OR SANDSTORM:
VSBY 1/2 MILE OR LESS
8 = SMOKE OR HAZE
[NO. OF DAYS WITH] [WEATHER - DAYS WITH] 9 = BLOWING SNOW
X = TORNADO
MAX 32 OR BELOW: 0 0.01 INCH OR MORE: 7
MAX 90 OR ABOVE: 0 0.10 INCH OR MORE: 4
MIN 32 OR BELOW: 0 0.50 INCH OR MORE: 2
MIN 0 OR BELOW: 0 1.00 INCH OR MORE: 0
[HDD (BASE 65) ]
TOTAL THIS MO. 42 CLEAR (SCALE 0-3) 17
DPTR FM NORMAL -76 PTCLDY (SCALE 4-7) 11
TOTAL FM JUL 1 55 CLOUDY (SCALE 8-10) 3
DPTR FM NORMAL -73
[CDD (BASE 65) ]
TOTAL THIS MO. 108
DPTR FM NORMAL 38 [PRESSURE DATA]
TOTAL FM JAN 1 2132 HIGHEST SLP 30.44 ON 31
DPTR FM NORMAL 154 LOWEST SLP 29.49 ON 30
[REMARKS]
#FINAL-10-20#