000
CXUS53 KLMK 011802
CF6FFT
PRELIMINARY LOCAL CLIMATOLOGICAL DATA (WS FORM: F-6)
STATION: FRANKFORT KY
MONTH: NOVEMBER
YEAR: 2021
LATITUDE: 38 10 N
LONGITUDE: 84 54 W
TEMPERATURE IN F: :PCPN: SNOW: WIND :SUNSHINE: SKY :PK WND
================================================================================
1 2 3 4 5 6A 6B 7 8 9 10 11 12 13 14 15 16 17 18
12Z AVG MX 2MIN
DY MAX MIN AVG DEP HDD CDD WTR SNW DPTH SPD SPD DIR MIN PSBL S-S WX SPD DR
================================================================================
1 57 38 48 -3 17 0 T M M 2.8 8 340 M M 3 1 12 320
2 52 31 42 -9 23 0 0.01 M M 3.6 13 320 M M 6 21 310
3 49 28 39 -11 26 0 0.00 M M 1.6 9 70 M M 0 14 20
4 54 26 40 -10 25 0 0.00 M M 1.5 9 350 M M 0 14 330
5 54 26 40 -10 25 0 0.00 M M 3.4 14 90 M M 0 22 130
6 61 26 44 -5 21 0 0.00 M M 0.4 6 50 M M 0 9 50
7 64 28 46 -3 19 0 0.00 M M 0.8 7 190 M M 0 10 200
8 72 33 53 4 12 0 0.00 M M 2.7 14 200 M M 0 18 190
9 68 35 52 4 13 0 0.00 M M 5.0 15 200 M M 0 19 200
10 71 46 59 11 6 0 0.00 M M 3.2 12 170 M M 3 16 140
11 69 44 57 9 8 0 0.68 M M 7.8 29 200 M M 5 1 47 190
12 56 39 48 1 17 0 0.04 M M 10.2 28 220 M M 6 1 36 220
13 41 36 39 -8 26 0 0.00 M M 6.5 13 270 M M 10 23 260
14 46 35 41 -5 24 0 0.02 M M 11.5 23 290 M M 9 38 310
15 44 27 36 -10 29 0 0.00 M M 6.2 13 290 M M 5 22 260
16 67 32 50 4 15 0 0.00 M M 4.3 14 210 M M 2 17 200
17 71 59 65 19 0 0 0.00 M M 14.5 24 200 M M 7 33 210
18 65 35 50 5 15 0 0.39 M M 8.0 20 200 M M 4 1 29 300
19 42 25 34 -11 31 0 0.00 M M 3.8 12 50 M M 0 15 50
20 58 28 43 -1 22 0 0.00 M M 5.8 20 220 M M 3 26 210
21 49 44 47 3 18 0 0.67 M M 5.4 13 230 M M 9 1 17 260
22 45 24 35 -9 30 0 0.00 M M 5.6 13 330 M M 1 1 19 330
23 43 19 31 -13 34 0 0.00 M M 2.2 9 270 M M 0 14 220
24 57 27 42 -1 23 0 0.00 M M 7.1 18 200 M M 0 24 190
25 53 38 46 3 19 0 0.24 M M 11.4 22 230 M M 10 1 30 210
26 38 27 33 -10 32 0 0.00 M M 5.9 15 290 M M 9 26 290
27 53 29 41 -1 24 0 0.00 M M 7.9 15 220 M M 4 23 190
28 50 32 41 -1 24 0 0.00 M M 7.7 17 340 M M 0 26 340
29 45 21 33 -9 32 0 0.00 M M 4.4 14 210 M M 1 20 200
30 58 31 45 3 20 0 0.00 M M 7.2 16 240 M M 0 23 220
================================================================================
SM 1652 969 630 0 2.05 M 168.4 M 97
================================================================================
AV 55.1 32.3 5.6 FASTST M M 3 MAX(MPH)
MISC ----> 29 200 47 190
================================================================================
NOTES:
# LAST OF SEVERAL OCCURRENCES
COLUMN 17 PEAK WIND IN M.P.H.
PRELIMINARY LOCAL CLIMATOLOGICAL DATA (WS FORM: F-6) , PAGE 2
STATION: FRANKFORT KY
MONTH: NOVEMBER
YEAR: 2021
LATITUDE: 38 10 N
LONGITUDE: 84 54 W
[TEMPERATURE DATA] [PRECIPITATION DATA] SYMBOLS USED IN COLUMN 16
AVERAGE MONTHLY: 43.7 TOTAL FOR MONTH: 2.05 1 = FOG OR MIST
DPTR FM NORMAL: -2.4 DPTR FM NORMAL: -1.31 2 = FOG REDUCING VISIBILITY
HIGHEST: 72 ON 8 GRTST 24HR 0.68 ON 11-11 TO 1/4 MILE OR LESS
LOWEST: 19 ON 23 3 = THUNDER
SNOW, ICE PELLETS, HAIL 4 = ICE PELLETS
TOTAL MONTH: M 5 = HAIL
GRTST 24HR M ON M 6 = FREEZING RAIN OR DRIZZLE
GRTST DEPTH: M ON M 7 = DUSTSTORM OR SANDSTORM:
VSBY 1/2 MILE OR LESS
8 = SMOKE OR HAZE
[NO. OF DAYS WITH] [WEATHER - DAYS WITH] 9 = BLOWING SNOW
X = TORNADO
MAX 32 OR BELOW: 0 0.01 INCH OR MORE: 7
MAX 90 OR ABOVE: 0 0.10 INCH OR MORE: 4
MIN 32 OR BELOW: 18 0.50 INCH OR MORE: 2
MIN 0 OR BELOW: 0 1.00 INCH OR MORE: 0
[HDD (BASE 65) ]
TOTAL THIS MO. 630 CLEAR (SCALE 0-3) 18
DPTR FM NORMAL 63 PTCLDY (SCALE 4-7) 7
TOTAL FM JUL 1 805 CLOUDY (SCALE 8-10) 5
DPTR FM NORMAL -62
[CDD (BASE 65) ]
TOTAL THIS MO. 0
DPTR FM NORMAL -2 [PRESSURE DATA]
TOTAL FM JAN 1 1431 HIGHEST SLP 30.59 ON 19
DPTR FM NORMAL 101 LOWEST SLP 29.75 ON 11
[REMARKS]
#FINAL-11-21#