000
CXUS53 KLMK 010810
CF6FFT
PRELIMINARY LOCAL CLIMATOLOGICAL DATA (WS FORM: F-6)
STATION: FRANKFORT KY
MONTH: JANUARY
YEAR: 2024
LATITUDE: 38 10 N
LONGITUDE: 84 54 W
TEMPERATURE IN F: :PCPN: SNOW: WIND :SUNSHINE: SKY :PK WND
================================================================================
1 2 3 4 5 6A 6B 7 8 9 10 11 12 13 14 15 16 17 18
12Z AVG MX 2MIN
DY MAX MIN AVG DEP HDD CDD WTR SNW DPTH SPD SPD DIR MIN PSBL S-S WX SPD DR
================================================================================
1 38 31 35 0 30 0 0.00 M M 5.1 12 310 M M 10 18 320
2 39 26 33 -2 32 0 0.00 M M 4.5 13 220 M M 7 17 240
3 40 19 30 -5 35 0 0.00 M M 4.5 12 340 M M 2 18 17 240
4 40 21 31 -4 34 0 0.00 M M 4.4 15 330 M M 5 8 22 340
5 45 18 32 -2 33 0 0.00 M M 3.7 12 80 M M 1 16 120
6 40 34 37 3 28 0 0.63 M M 3.8 9 40 M M 10 1 15 50
7 40 36 38 4 27 0 0.05 M M 7.2 14 270 M M 10 1 24 240
8 43 26 35 1 30 0 0.19 M M 7.2 17 80 M M 3 1 24 80
9 51 36 44 10 21 0 1.43 M M 14.8 36 220 M M 10 1 50 240
10 36 30 33 -1 32 0 T M M 11.7 26 240 M M 8 18 39 230
11 52 28 40 6 25 0 0.00 M M 7.1 20 230 M M 1 29 220
12 51 29 40 6 25 0 0.95 M M 12.2 30 200 M M 7 1 42 240
13 35 24 30 -4 35 0 T M M 13.8 25 240 M M 8 1 43 230
14 26 11 19 -15 46 0 0.02 M M 7.7 20 300 M M 7 1 32 300
15 17 8 13 -21 52 0 0.01 M M 4.5 9 320 M M 10 8 13 320
16 18 8 13 -21 52 0 0.00 M M 7.5 13 230 M M 6 20 310
17 26 4 15 -19 50 0 0.00 M M 11.4 23 210 M M 0 32 230
18 34 19 27 -7 38 0 0.13 M M 6.9 13 190 M M 10 1 18 210
19 28 12 20 -14 45 0 0.08 M M 9.5 17 280 M M 8 18 28 300
20 17 -1 8 -26 57 0 T M M 6.1 13 230 M M 2 20 280
21 25 -6 10 -24 55 0 0.00 M M 1.8 9 180 M M 0 11 190
22 45 10 28 -6 37 0 0.00 M M 3.8 14 200 M M 0 19 210
23 50 36 43 9 22 0 0.12 M M 4.6 8 150 M M 9 1 11 160
24 60 48 54 20 11 0 1.09 M M 4.4 12 170 M M 10 12 17 200
25 63 55 59 25 6 0 0.48 M M 6.2 22 230 M M 10 12 37 230
26 62 46 54 20 11 0 T M M 7.7 20 230 M M 10 1 27 250
27 49 43 46 12 19 0 0.37 M M 7.6 16 60 M M 10 13 22 50
28 48 37 43 9 22 0 0.36 M M 11.1 17 200 M M 10 1 27 300
29 40 34 37 3 28 0 T M M 5.9 15 330 M M 10 23 350
30 41 32 37 2 28 0 0.05 M M 7.6 14 200 M M 10 18 19 280
31 45 38 42 7 23 0 0.00 M M 4.8 9 270 M M 10 1 16 270
================================================================================
SM 1244 792 989 0 5.96 M 219.1 M 214
================================================================================
AV 40.1 25.5 7.1 FASTST M M 7 MAX(MPH)
MISC ----> 36 220 50 240
================================================================================
NOTES:
# LAST OF SEVERAL OCCURRENCES
COLUMN 17 PEAK WIND IN M.P.H.
PRELIMINARY LOCAL CLIMATOLOGICAL DATA (WS FORM: F-6) , PAGE 2
STATION: FRANKFORT KY
MONTH: JANUARY
YEAR: 2024
LATITUDE: 38 10 N
LONGITUDE: 84 54 W
[TEMPERATURE DATA] [PRECIPITATION DATA] SYMBOLS USED IN COLUMN 16
AVERAGE MONTHLY: 32.8 TOTAL FOR MONTH: 5.96 1 = FOG OR MIST
DPTR FM NORMAL: -1.3 DPTR FM NORMAL: 2.69 2 = FOG REDUCING VISIBILITY
HIGHEST: 63 ON 25 GRTST 24HR 1.74 ON 8- 9 TO 1/4 MILE OR LESS
LOWEST: -6 ON 21 3 = THUNDER
SNOW, ICE PELLETS, HAIL 4 = ICE PELLETS
TOTAL MONTH: M 5 = HAIL
GRTST 24HR M ON M 6 = FREEZING RAIN OR DRIZZLE
GRTST DEPTH: M ON M 7 = DUSTSTORM OR SANDSTORM:
VSBY 1/2 MILE OR LESS
8 = SMOKE OR HAZE
[NO. OF DAYS WITH] [WEATHER - DAYS WITH] 9 = BLOWING SNOW
X = TORNADO
MAX 32 OR BELOW: 7 0.01 INCH OR MORE: 15
MAX 90 OR ABOVE: 0 0.10 INCH OR MORE: 10
MIN 32 OR BELOW: 20 0.50 INCH OR MORE: 4
MIN 0 OR BELOW: 2 1.00 INCH OR MORE: 2
[HDD (BASE 65) ]
TOTAL THIS MO. 989 CLEAR (SCALE 0-3) 8
DPTR FM NORMAL 31 PTCLDY (SCALE 4-7) 6
TOTAL FM JUL 1 2479 CLOUDY (SCALE 8-10) 17
DPTR FM NORMAL -180
[CDD (BASE 65) ]
TOTAL THIS MO. 0
DPTR FM NORMAL 0 [PRESSURE DATA]
TOTAL FM JAN 1 0 HIGHEST SLP 30.77 ON 21
DPTR FM NORMAL 0 LOWEST SLP 29.05 ON 9
[REMARKS]
#FINAL-01-24#