000
CXUS53 KMKX 010810
CF6FLD
PRELIMINARY LOCAL CLIMATOLOGICAL DATA (WS FORM: F-6)
STATION: FOND_DU_LAC WI
MONTH: MAY
YEAR: 2022
LATITUDE: 43 46 N
LONGITUDE: 88 29 W
TEMPERATURE IN F: :PCPN: SNOW: WIND :SUNSHINE: SKY :PK WND
================================================================================
1 2 3 4 5 6A 6B 7 8 9 10 11 12 13 14 15 16 17 18
12Z AVG MX 2MIN
DY MAX MIN AVG DEP HDD CDD WTR SNW DPTH SPD SPD DIR MIN PSBL S-S WX SPD DR
================================================================================
1 52 47 50 -2 15 0 T M M 12.7 23 190 M M 10 18 32 220
2 52 44 48 -4 17 0 T M M 6.9 14 290 M M 10 1 20 260
3 49 37 43 -9 22 0 0.51 M M 10.5 23 20 M M 7 1 30 30
4 60 36 48 -5 17 0 0.00 M M 7.8 17 40 M M 1 23 30
5 62 33 48 -5 17 0 0.00 M M 4.3 12 70 M M 1 16 90
6 67 45 56 2 9 0 0.00 M M 9.8 21 20 M M 0 28 80
7 68 35 52 -2 13 0 0.00 M M 6.4 14 130 M M 0 22 80
8 61 41 51 -3 14 0 T M M 12.9 23 150 M M 1 32 160
9 76 50 63 8 2 0 0.00 0.0 M 19.8 39 150 M M 3 51 130
10 90 64 77 22 0 12 0.34 0.0 0 9.7 18 150 M M 3 13 25 140
11 82 61 72 16 0 7 0.00 0.0 0 8.2 18 80 M M 2 18 26 130
12 95 67 81 25 0 16 0.00 0.0 0 15.0 24 170 M M 2 32 150
13 94 64 79 23 0 14 T M M 12.9 22 170 M M 1 3 29 150
14 85 59 72 15 0 7 T M M 5.6 15 20 M M 1 21 270
15 75 58 67 10 0 2 0.00 M M 7.1 15 30 M M 2 23 240
16 76 49 63 5 2 0 T M M 12.6 25 290 M M 1 35 280
17 69 40 55 -3 10 0 T M M 7.0 17 140 M M 2 23 140
18 64 48 56 -2 9 0 0.28 M M 7.3 18 120 M M 7 1 24 120
19 75 52 64 5 1 0 0.19 M M 9.4 23 320 M M 2 138 32 310
20 73 56 65 6 0 0 0.11 M M 9.1 20 200 M M 8 13 27 210
21 63 50 57 -2 8 0 T M M 6.5 15 310 M M 4 20 310
22 60 45 53 -7 12 0 0.00 M M 10.5 21 310 M M 7 29 290
23 62 39 51 -9 14 0 0.00 M M 5.7 15 60 M M 3 20 60
24 67 36 52 -8 13 0 T 0.0 0 6.8 16 150 M M 4 21 70
25 64 53 59 -2 6 0 1.16 M M 7.6 16 80 M M 10 1 24 90
26 74 57 66 5 0 1 0.25 M M 9.5 16 200 M M 9 13 23 20
27 68 51 60 -2 5 0 0.00 M M 8.6 18 20 M M 6 1 23 20
28 73 50 62 0 3 0 0.05 M M 8.8 23 160 M M 2 32 160
29 78 59 69 7 0 4 0.02 M M 12.9 23 190 M M 1 3 32 180
30 89 69 79 16 0 14 0.00 M M 17.4 28 170 M M 0 38 170
31 84 65 75 12 0 10 T M M 14.0 30 210 M M 2 41 210
================================================================================
SM 2207 1560 209 87 2.91 0.0 303.3 M 112
================================================================================
AV 71.2 50.3 9.8 FASTST M M 4 MAX(MPH)
MISC ----> 39 150 51 130
================================================================================
NOTES:
# LAST OF SEVERAL OCCURRENCES
COLUMN 17 PEAK WIND IN M.P.H.
PRELIMINARY LOCAL CLIMATOLOGICAL DATA (WS FORM: F-6) , PAGE 2
STATION: FOND_DU_LAC WI
MONTH: MAY
YEAR: 2022
LATITUDE: 43 46 N
LONGITUDE: 88 29 W
[TEMPERATURE DATA] [PRECIPITATION DATA] SYMBOLS USED IN COLUMN 16
AVERAGE MONTHLY: 60.8 TOTAL FOR MONTH: 2.91 1 = FOG OR MIST
DPTR FM NORMAL: 3.4 DPTR FM NORMAL: -0.40 2 = FOG REDUCING VISIBILITY
HIGHEST: 95 ON 12 GRTST 24HR 1.16 ON 25-25 TO 1/4 MILE OR LESS
LOWEST: 33 ON 5 3 = THUNDER
SNOW, ICE PELLETS, HAIL 4 = ICE PELLETS
TOTAL MONTH: 0.0 INCH 5 = HAIL
GRTST 24HR 0.0 6 = FREEZING RAIN OR DRIZZLE
GRTST DEPTH: 0 7 = DUSTSTORM OR SANDSTORM:
VSBY 1/2 MILE OR LESS
8 = SMOKE OR HAZE
[NO. OF DAYS WITH] [WEATHER - DAYS WITH] 9 = BLOWING SNOW
X = TORNADO
MAX 32 OR BELOW: 0 0.01 INCH OR MORE: 9
MAX 90 OR ABOVE: 3 0.10 INCH OR MORE: 7
MIN 32 OR BELOW: 0 0.50 INCH OR MORE: 2
MIN 0 OR BELOW: 0 1.00 INCH OR MORE: 1
[HDD (BASE 65) ]
TOTAL THIS MO. 209 CLEAR (SCALE 0-3) 18
DPTR FM NORMAL -58 PTCLDY (SCALE 4-7) 9
TOTAL FM JUL 1 6708 CLOUDY (SCALE 8-10) 4
DPTR FM NORMAL -516
[CDD (BASE 65) ]
TOTAL THIS MO. 87
DPTR FM NORMAL 56 [PRESSURE DATA]
TOTAL FM JAN 1 87 HIGHEST SLP M ON M
DPTR FM NORMAL 53 LOWEST SLP 29.31 ON 20
[REMARKS]
#FINAL-05-22#