000
CXUS52 KMFL 011311
CLMFLL
CLIMATE REPORT
NATIONAL WEATHER SERVICE MIAMI, FL
911 AM EDT TUE AUG 01 2023
...................................
...THE FORT LAUDERDALE CLIMATE SUMMARY FOR THE MONTH OF JULY 2023...
CLIMATE NORMAL PERIOD: 1991 TO 2020
CLIMATE RECORD PERIOD: 1912 TO 2023
WEATHER OBSERVED NORMAL DEPART LAST YEAR`S
VALUE DATE(S) VALUE FROM VALUE
NORMAL
..............................................................
TEMPERATURE (F)
RECORD
HIGH 99 07/13/1980
07/21/1966
07/22/1924
LOW 64 07/09/1975
07/08/1975
07/02/1968
HIGHEST 97 07/23 92
LOWEST 73 07/16 74
07/27
AVG. MAXIMUM 91.9 90.0 1.9 90.1
AVG. MINIMUM 78.4 77.6 0.8 79.7
MEAN 85.2 83.8 1.4 84.9
DAYS MAX >= 90 28 MM
DAYS MAX <= 32 0 MM
DAYS MIN <= 32 0 MM
DAYS MIN <= 0 0 MM
PRECIPITATION (INCHES)
RECORD
MAXIMUM 15.49 2013
MINIMUM 0.78 1942
TOTALS 9.12 5.41 3.71 2.08
DAILY AVG. 0.29 0.17 0.12 0.07
DAYS >= .01 16 MM
DAYS >= .10 11 MM
DAYS >= .50 2 MM
DAYS >= 1.00 1 MM
GREATEST
24 HR. TOTAL 6.19 07/27 TO 07/27 0.56
DEGREE DAYS
HEATING TOTAL 0 0 0 0
SINCE 7/1 0 0 0 MM
COOLING TOTAL 633 583 50 627
SINCE 1/1 2892 2481 411 MM
..............................................................
WIND (MPH)
AVERAGE WIND SPEED 6.2
HIGHEST WIND SPEED/DIRECTION 31/080 DATE 07/26
HIGHEST GUST SPEED/DIRECTION 40/070 DATE 07/26
SKY COVER
POSSIBLE SUNSHINE (PERCENT) MM
AVERAGE SKY COVER 0.55
NUMBER OF DAYS FAIR 2
NUMBER OF DAYS PC 25
NUMBER OF DAYS CLOUDY 4
AVERAGE RH (PERCENT) 79
WEATHER CONDITIONS. NUMBER OF DAYS WITH
THUNDERSTORM 22 MIXED PRECIP 0
HEAVY RAIN 7 RAIN 8
LIGHT RAIN 17 FREEZING RAIN 0
LT FREEZING RAIN 0 HAIL 0
HEAVY SNOW 0 SNOW 0
LIGHT SNOW 0 SLEET 0
FOG 11 FOG W/VIS <= 1/4 MILE 1
HAZE 5
- INDICATES NEGATIVE NUMBERS.
R INDICATES RECORD WAS SET OR TIED.
MM INDICATES DATA IS MISSING.
T INDICATES TRACE AMOUNT.
$$