000
CXUS52 KILM 021221
CF6FLO
PRELIMINARY LOCAL CLIMATOLOGICAL DATA (WS FORM: F-6)
STATION: FLORENCE SOUTH CAROLINA
MONTH: JANUARY
YEAR: 2023
LATITUDE: 34 10 N
LONGITUDE: 79 43 W
TEMPERATURE IN F: :PCPN: SNOW: WIND :SUNSHINE: SKY :PK WND
================================================================================
1 2 3 4 5 6A 6B 7 8 9 10 11 12 13 14 15 16 17 18
12Z AVG MX 2MIN
DY MAX MIN AVG DEP HDD CDD WTR SNW DPTH SPD SPD DIR MIN PSBL S-S WX SPD DR
================================================================================
1 68 46 57 10 8 0 0.00 M M 4.8 15 280 M M 7 12 18 290
2 72 43 58 11 7 0 0.00 M M 3.6 10 290 M M 4 12 13 260
3 76 50 63 16 2 0 T M M 6.4 18 230 M M 4 12 24 190
4 74 60 67 20 0 2 0.75 M M 8.3 36 290 M M 8 1238 44 300
5 69 50 60 13 5 0 0.00 M M 7.2 17 240 M M 2 12 23 230
6 60 36 48 2 17 0 0.00 M M 4.7 13 300 M M 0 8 17 300
7 57 34 46 0 19 0 0.00 M M 3.1 10 70 M M 0 13 60
8 58 37 48 2 17 0 0.00 M M 2.9 9 140 M M 4 11 150
9 58 34 46 0 19 0 0.03 M M 5.5 20 350 M M 4 18 24 350
10 61 30 46 0 19 0 0.00 M M 3.0 13 260 M M 0 1 17 200
11 65 33 49 3 16 0 0.00 M M 3.0 12 190 M M 1 1 15 180
12 71 42 57 11 8 0 0.26 M M 7.9 20 260 M M 5 1 26 190
13 61 45 53 7 12 0 0.01 M M 11.5 21 340 M M 8 26 320
14 49 36 43 -3 22 0 0.00 M M 11.8 23 360 M M 6 29 350
15 53 27 40 -6 25 0 0.00 M M 5.6 14 340 M M 0 8 18 350
16 60 24 42 -4 23 0 0.00 M M 2.5 10 220 M M 0 12 220
17 62 46 54 8 11 0 0.05 M M 7.4 15 270 M M 5 1 20 250
18 70 53 62 16 3 0 0.00 M M 4.8 15 260 M M 5 19 260
19 74 54 64 18 1 0 T M M 10.7 25 220 M M 3 1 32 210
20 67 43 55 9 10 0 0.00 M M 8.3 16 280 M M 0 23 270
21 51 39 45 -1 20 0 T M M 5.7 13 40 M M 1 17 30
22 50 42 46 0 19 0 2.09 M M 6.8 16 60 M M 10 1 20 50
23 58 39 49 3 16 0 0.01 M M 11.1 23 300 M M 5 1 32 300
24 56 26 41 -6 24 0 0.00 M M 3.2 12 160 M M 0 14 170
25 69 37 53 6 12 0 1.39 M M 10.9 23 170 M M 8 1 30 180
26 60 42 51 4 14 0 0.00 M M 12.7 26 270 M M 1 37 280
27 53 29 41 -6 24 0 0.00 M M 6.1 15 300 M M 0 19 280
28 59 26 43 -4 22 0 0.00 M M 2.8 12 180 M M 0 14 180
29 64 31 48 1 17 0 0.28 M M 2.3 8 160 M M 5 1 11 170
30 64 51 58 11 7 0 0.11 M M 3.2 9 20 M M 9 12 11 20
31 66 51 59 12 6 0 T M M 4.2 13 230 M M 8 128 15 230
================================================================================
SM 1935 1236 425 2 4.98 M 192.0 M 113
================================================================================
AV 62.4 39.9 6.2 FASTST M M 4 MAX(MPH)
MISC ----> 36 290 44 300
================================================================================
NOTES:
# LAST OF SEVERAL OCCURRENCES
COLUMN 17 PEAK WIND IN M.P.H.
PRELIMINARY LOCAL CLIMATOLOGICAL DATA (WS FORM: F-6) , PAGE 2
STATION: FLORENCE SOUTH CAROLINA
MONTH: JANUARY
YEAR: 2023
LATITUDE: 34 10 N
LONGITUDE: 79 43 W
[TEMPERATURE DATA] [PRECIPITATION DATA] SYMBOLS USED IN COLUMN 16
AVERAGE MONTHLY: 51.1 TOTAL FOR MONTH: 4.98 1 = FOG OR MIST
DPTR FM NORMAL: 4.5 DPTR FM NORMAL: 1.90 2 = FOG REDUCING VISIBILITY
HIGHEST: 76 ON 3 GRTST 24HR 2.09 ON 22-22 TO 1/4 MILE OR LESS
LOWEST: 24 ON 16 3 = THUNDER
SNOW, ICE PELLETS, HAIL 4 = ICE PELLETS
TOTAL MONTH: M 5 = HAIL
GRTST 24HR M ON M 6 = FREEZING RAIN OR DRIZZLE
GRTST DEPTH: M ON M 7 = DUSTSTORM OR SANDSTORM:
VSBY 1/2 MILE OR LESS
8 = SMOKE OR HAZE
[NO. OF DAYS WITH] [WEATHER - DAYS WITH] 9 = BLOWING SNOW
X = TORNADO
MAX 32 OR BELOW: 0 0.01 INCH OR MORE: 10
MAX 90 OR ABOVE: 0 0.10 INCH OR MORE: 6
MIN 32 OR BELOW: 7 0.50 INCH OR MORE: 3
MIN 0 OR BELOW: 0 1.00 INCH OR MORE: 2
[HDD (BASE 65) ]
TOTAL THIS MO. 425 CLEAR (SCALE 0-3) 13
DPTR FM NORMAL -150 PTCLDY (SCALE 4-7) 15
TOTAL FM JUL 1 1359 CLOUDY (SCALE 8-10) 3
DPTR FM NORMAL -127
[CDD (BASE 65) ]
TOTAL THIS MO. 2
DPTR FM NORMAL -1 [PRESSURE DATA]
TOTAL FM JAN 1 2 HIGHEST SLP 30.47 ON 28
DPTR FM NORMAL -1 LOWEST SLP 29.69 ON 13
[REMARKS]
#FINAL-01-23#