000
CXUS52 KILM 011100
CF6FLO
PRELIMINARY LOCAL CLIMATOLOGICAL DATA (WS FORM: F-6)
STATION: FLORENCE SOUTH CAROLINA
MONTH: DECEMBER
YEAR: 2023
LATITUDE: 34 10 N
LONGITUDE: 79 43 W
TEMPERATURE IN F: :PCPN: SNOW: WIND :SUNSHINE: SKY :PK WND
================================================================================
1 2 3 4 5 6A 6B 7 8 9 10 11 12 13 14 15 16 17 18
12Z AVG MX 2MIN
DY MAX MIN AVG DEP HDD CDD WTR SNW DPTH SPD SPD DIR MIN PSBL S-S WX SPD DR
================================================================================
1 69 40 55 4 10 0 0.00 M M 4.2 13 160 M M 5 17 190
2 71 61 66 15 0 1 0.03 M M 3.6 9 140 M M 8 12 13 160
3 73 61 67 16 0 2 T M M 8.9 20 240 M M 4 12 28 240
4 71 45 58 7 7 0 0.00 M M 6.0 17 270 M M 0 24 280
5 62 38 50 0 15 0 0.00 M M 5.1 16 10 M M 0 24 350
6 57 37 47 -3 18 0 0.00 M M 9.1 25 330 M M 0 33 340
7 55 26 41 -9 24 0 0.00 M M 3.3 13 230 M M 0 20 240
8 63 35 49 -1 16 0 0.00 M M 3.9 15 220 M M 0 20 220
9 77 48 63 13 2 0 0.00 M M 5.6 14 170 M M 2 19 160
10 75 49 62 12 3 0 0.40 M M 8.9 31 360 M M 10 1 46 10
11 51 32 42 -8 23 0 0.26 M M 8.4 21 10 M M 2 1 31 350
12 55 29 42 -7 23 0 0.00 M M 3.1 9 40 M M 0 1 13 20
13 61 29 45 -4 20 0 0.00 M M 5.2 14 360 M M 0 19 10
14 55 34 45 -4 20 0 0.00 M M 8.0 16 60 M M 0 22 60
15 59 26 43 -6 22 0 0.00 M M 2.4 12 40 M M 0 15 70
16 65 32 49 0 16 0 0.00 M M 7.9 14 80 M M 1 19 80
17 59 49 54 5 11 0 2.39 M M 16.9 53 60 M M 9 1 69 60
18 62 44 53 5 12 0 0.03 M M 12.5 23 350 M M 1 35 350
19 48 26 37 -11 28 0 0.00 M M 7.4 18 350 M M 0 27 340
20 50 26 38 -10 27 0 0.00 M M 3.9 10 10 M M 0 8 14 50
21 61 25 43 -5 22 0 0.00 M M 1.1 6 70 M M 0 8 8 50
22 60 30 45 -3 20 0 0.00 M M 1.1 10 140 M M 0 1 13 150
23 67 38 53 5 12 0 0.00 M M 2.9 9 100 M M 0 12 150
24 72 37 55 7 10 0 0.00 M M 3.8 12 100 M M 1 17 100
25 67 48 58 10 7 0 0.02 M M 8.9 18 110 M M 4 23 110
26 70 59 65 18 0 0 0.09 M M 9.2 18 140 M M 10 1 26 120
27 67 54 61 14 4 0 0.36 M M 5.9 16 290 M M 8 1 22 290
28 60 43 52 5 13 0 0.00 M M 7.4 15 220 M M 0 20 270
29 52 38 45 -2 20 0 0.00 M M 10.0 25 260 M M 3 1 37 270
30 51 35 43 -4 22 0 0.00 M M 8.3 16 280 M M 4 22 260
31 58 29 44 -3 21 0 0.00 M M 5.9 16 240 M M 0 21 220
================================================================================
SM 1923 1203 448 3 3.58 M 198.8 M 72
================================================================================
AV 62.0 38.8 6.4 FASTST M M 2 MAX(MPH)
MISC ----> 53 60 69 60
================================================================================
NOTES:
# LAST OF SEVERAL OCCURRENCES
COLUMN 17 PEAK WIND IN M.P.H.
PRELIMINARY LOCAL CLIMATOLOGICAL DATA (WS FORM: F-6) , PAGE 2
STATION: FLORENCE SOUTH CAROLINA
MONTH: DECEMBER
YEAR: 2023
LATITUDE: 34 10 N
LONGITUDE: 79 43 W
[TEMPERATURE DATA] [PRECIPITATION DATA] SYMBOLS USED IN COLUMN 16
AVERAGE MONTHLY: 50.4 TOTAL FOR MONTH: 3.58 1 = FOG OR MIST
DPTR FM NORMAL: 1.5 DPTR FM NORMAL: 0.11 2 = FOG REDUCING VISIBILITY
HIGHEST: 77 ON 9 GRTST 24HR 2.42 ON 17-18 TO 1/4 MILE OR LESS
LOWEST: 25 ON 21 3 = THUNDER
SNOW, ICE PELLETS, HAIL 4 = ICE PELLETS
TOTAL MONTH: M 5 = HAIL
GRTST 24HR M ON M 6 = FREEZING RAIN OR DRIZZLE
GRTST DEPTH: M ON M 7 = DUSTSTORM OR SANDSTORM:
VSBY 1/2 MILE OR LESS
8 = SMOKE OR HAZE
[NO. OF DAYS WITH] [WEATHER - DAYS WITH] 9 = BLOWING SNOW
X = TORNADO
MAX 32 OR BELOW: 0 0.01 INCH OR MORE: 8
MAX 90 OR ABOVE: 0 0.10 INCH OR MORE: 4
MIN 32 OR BELOW: 11 0.50 INCH OR MORE: 1
MIN 0 OR BELOW: 0 1.00 INCH OR MORE: 1
[HDD (BASE 65) ]
TOTAL THIS MO. 448 CLEAR (SCALE 0-3) 22
DPTR FM NORMAL -59 PTCLDY (SCALE 4-7) 6
TOTAL FM JUL 1 843 CLOUDY (SCALE 8-10) 3
DPTR FM NORMAL -66
[CDD (BASE 65) ]
TOTAL THIS MO. 3
DPTR FM NORMAL -3 [PRESSURE DATA]
TOTAL FM JAN 1 2103 HIGHEST SLP 30.73 ON 14
DPTR FM NORMAL -154 LOWEST SLP 29.32 ON 17
[REMARKS]
#FINAL-12-23#