000
CXUS54 KLZK 011230
CF6FLP
PRELIMINARY LOCAL CLIMATOLOGICAL DATA (WS FORM: F-6)
STATION: FLIPPIN
MONTH: MARCH
YEAR: 2023
LATITUDE: 36 17 N
LONGITUDE: 92 28 W
TEMPERATURE IN F: :PCPN: SNOW: WIND :SUNSHINE: SKY :PK WND
================================================================================
1 2 3 4 5 6A 6B 7 8 9 10 11 12 13 14 15 16 17 18
12Z AVG MX 2MIN
DY MAX MIN AVG DEP HDD CDD WTR SNW DPTH SPD SPD DIR MIN PSBL S-S WX SPD DR
================================================================================
1 73 47 60 M 5 0 0.00 M M 5.8 14 330 M M 0 M M
2 59 44 52 M 13 0 1.23 M M 6.7 14 360 M M 6 13 22 110
3 53 40 47 M 18 0 1.18 M M 9.7 22 310 M M 10 1 33 300
4 64 32 48 M 17 0 0.00 M M 1.0 6 340 M M 3 12 M M
5 72 37 55 M 10 0 0.00 M M 5.0 13 160 M M 0 21 190
6 82 53 68 M 0 3 0.00 M M 5.7 13 240 M M 0 24 240
7 63 46 55 M 10 0 0.00 M M 8.5 13 110 M M 4 17 40
8 51 43 47 M 18 0 0.32 M M 5.7 9 40 M M 10 1 M M
9 50 43 47 M 18 0 0.11 M M 4.5 12 320 M M 10 1 M M
10 56 38 47 M 18 0 0.00 M M 5.5 14 360 M M 4 18 330
11 44 36 40 M 25 0 0.48 M M 5.2 12 120 M M 8 123 17 120
12 55 40 48 M 17 0 0.00 M M 8.4 14 320 M M 5 1 20 350
13 46 30 38 M 27 0 0.00 M M 8.1 13 330 M M 1 21 360
14 51 20 36 M 29 0 0.00 M M 0.8 6 90 M M 0 M M
15 60 28 44 M 21 0 0.00 M M 5.2 9 150 M M 0 16 140
16 58 40 49 M 16 0 0.50 M M 7.0 21 290 M M 7 1 36 310
17 48 31 40 M 25 0 T M M 12.2 17 330 M M 4 30 310
18 39 26 33 M 32 0 0.00 M M 11.0 21 320 M M 2 31 300
19 45 22 34 M 31 0 0.00 M M 6.1 13 270 M M 0 20 330
20 58 17 38 M 27 0 0.00 M M 4.8 10 220 M M 1 18 190
21 47 41 44 M 21 0 0.37 M M 5.3 8 150 M M 10 1 18 99
22 76 42 59 M 6 0 0.00 M M 5.8 14 180 M M 6 1 22 180
23 81 59 70 M 0 5 0.00 M M 6.9 14 230 M M 6 21 350
24 59 51 55 M 10 0 2.02 M M 6.2 17 270 M M 10 13 30 300
25 64 46 55 M 10 0 0.00 M M 5.6 14 290 M M 6 17 290
26 72 40 56 M 9 0 0.00 M M 5.6 17 340 M M 1 26 340
27 60 39 50 M 15 0 0.00 M M 7.0 12 330 M M 3 8 16 340
28 58 37 48 M 17 0 0.00 M M 5.6 14 10 M M 2 18 310
29 67 29 48 M 17 0 0.00 M M 2.5 7 99 M M 0 M M
30 74 46 60 M 5 0 0.32 M M 5.2 10 170 M M 8 1 18 99
31 81 53 67 M 0 2 0.26 M M 9.9 24 250 M M 6 13 41 230
================================================================================
SM 1866 1196 487 10 6.79 M 192.6 M 133
================================================================================
AV 60.2 38.6 6.2 FASTST M M 4 MAX(MPH)
MISC ----> 24 250 41 230
================================================================================
NOTES:
# LAST OF SEVERAL OCCURRENCES
COLUMN 17 PEAK WIND IN M.P.H.
PRELIMINARY LOCAL CLIMATOLOGICAL DATA (WS FORM: F-6) , PAGE 2
STATION: FLIPPIN
MONTH: MARCH
YEAR: 2023
LATITUDE: 36 17 N
LONGITUDE: 92 28 W
[TEMPERATURE DATA] [PRECIPITATION DATA] SYMBOLS USED IN COLUMN 16
AVERAGE MONTHLY: 49.4 TOTAL FOR MONTH: 6.79 1 = FOG OR MIST
DPTR FM NORMAL: 0.0 DPTR FM NORMAL: M 2 = FOG REDUCING VISIBILITY
HIGHEST: 82 ON 6 GRTST 24HR 2.41 ON 2- 3 TO 1/4 MILE OR LESS
LOWEST: 17 ON 20 3 = THUNDER
SNOW, ICE PELLETS, HAIL 4 = ICE PELLETS
TOTAL MONTH: M 5 = HAIL
GRTST 24HR M ON M 6 = FREEZING RAIN OR DRIZZLE
GRTST DEPTH: M ON M 7 = DUSTSTORM OR SANDSTORM:
VSBY 1/2 MILE OR LESS
8 = SMOKE OR HAZE
[NO. OF DAYS WITH] [WEATHER - DAYS WITH] 9 = BLOWING SNOW
X = TORNADO
MAX 32 OR BELOW: 0 0.01 INCH OR MORE: 10
MAX 90 OR ABOVE: 0 0.10 INCH OR MORE: 10
MIN 32 OR BELOW: 9 0.50 INCH OR MORE: 4
MIN 0 OR BELOW: 0 1.00 INCH OR MORE: 3
[HDD (BASE 65) ]
TOTAL THIS MO. 487 CLEAR (SCALE 0-3) 14
DPTR FM NORMAL M PTCLDY (SCALE 4-7) 11
TOTAL FM JUL 1 3003 CLOUDY (SCALE 8-10) 6
DPTR FM NORMAL M
[CDD (BASE 65) ]
TOTAL THIS MO. 10
DPTR FM NORMAL M [PRESSURE DATA]
TOTAL FM JAN 1 10 HIGHEST SLP 30.55 ON 19
DPTR FM NORMAL M LOWEST SLP 29.22 ON 3
[REMARKS]
#FINAL-03-23#