000
CXUS55 KABQ 011110
CF6FMN
PRELIMINARY LOCAL CLIMATOLOGICAL DATA (WS FORM: F-6)
STATION: FARMINGTON NM
MONTH: NOVEMBER
YEAR: 2023
LATITUDE: 36 45 N
LONGITUDE: 108 14 W
TEMPERATURE IN F: :PCPN: SNOW: WIND :SUNSHINE: SKY :PK WND
================================================================================
1 2 3 4 5 6A 6B 7 8 9 10 11 12 13 14 15 16 17 18
12Z AVG MX 2MIN
DY MAX MIN AVG DEP HDD CDD WTR SNW DPTH SPD SPD DIR MIN PSBL S-S WX SPD DR
================================================================================
1 61 22 42 -5 23 0 0.00 M M 5.9 14 290 M M 0 18 290
2 63 22 43 -3 22 0 0.00 M M 7.8 23 280 M M 0 29 280
3 68 28 48 2 17 0 0.00 M M 7.3 16 270 M M 0 22 260
4 71 32 52 6 13 0 0.00 M M 6.7 14 260 M M 0 8 20 260
5 74 36 55 10 10 0 0.00 M M 7.2 16 110 M M 0 20 120
6 75 35 55 10 10 0 0.00 M M 5.5 13 260 M M 0 19 270
7 75 36 56 12 9 0 0.00 M M 8.4 21 230 M M 0 27 250
8 59 34 47 3 18 0 0.00 M M 8.2 20 290 M M 0 28 300
9 55 22 39 -5 26 0 0.00 M M 4.1 12 360 M M 1 14 270
10 56 27 42 -1 23 0 0.00 M M 4.7 12 120 M M 3 16 110
11 56 27 42 -1 23 0 0.00 M M 6.4 14 280 M M 0 19 130
12 59 20 40 -2 25 0 0.00 M M 6.1 10 80 M M 0 13 80
13 65 30 48 6 17 0 0.00 M M 8.9 18 100 M M 0 23 110
14 64 34 49 7 16 0 0.00 M M 5.7 12 90 M M 0 13 120
15 65 33 49 8 16 0 0.00 M M 6.3 13 100 M M 0 15 100
16 M M M M M M M M M M M M M M M M M
17 M M M M M M M M M M M M M M M M M
18 M M M M M M 0.00 M M M M M M M M M M
19 M M M M M M M M M M M M M M 0 M M
20 M M M M M M 0.00 M M M M M M M M M M
21 51 29 40 1 25 0 0.00 M M 4.2 9 260 M M 0 13 290
22 51 23 37 -1 28 0 0.00 M M 4.7 9 270 M M 0 14 260
23 51 23 37 -1 28 0 0.00 M M 5.4 10 200 M M 1 16 190
24 47 33 40 3 25 0 0.13 M M 9.4 23 150 M M 8 18 35 170
25 40 24 32 -5 33 0 T M M 7.6 17 270 M M 5 1 24 280
26 38 16 27 -10 38 0 0.00 M M 4.6 9 360 M M 2 11 30
27 41 16 29 -7 36 0 0.00 M M 4.9 9 240 M M 2 128 11 250
28 42 16 29 -7 36 0 0.00 M M 4.8 9 80 M M 2 128 11 80
29 47 19 33 -3 32 0 0.00 M M 4.3 9 240 M M 6 11 130
30 45 29 37 2 28 0 0.00 M M 7.2 20 270 M M 6 26 280
================================================================================
SM 1419 666 577 0 0.13 M 156.3 M 36
================================================================================
AV 56.8 26.6 6.3 FASTST M M 1 MAX(MPH)
MISC ----> # 23 280 35 170
================================================================================
NOTES:
# LAST OF SEVERAL OCCURRENCES
COLUMN 17 PEAK WIND IN M.P.H.
PRELIMINARY LOCAL CLIMATOLOGICAL DATA (WS FORM: F-6) , PAGE 2
STATION: FARMINGTON NM
MONTH: NOVEMBER
YEAR: 2023
LATITUDE: 36 45 N
LONGITUDE: 108 14 W
[TEMPERATURE DATA] [PRECIPITATION DATA] SYMBOLS USED IN COLUMN 16
AVERAGE MONTHLY: 41.7 TOTAL FOR MONTH: 0.13 1 = FOG OR MIST
DPTR FM NORMAL: 0.9 DPTR FM NORMAL: -0.53 2 = FOG REDUCING VISIBILITY
HIGHEST: 75 ON 7, 6 GRTST 24HR 0.13 ON 24-24 TO 1/4 MILE OR LESS
LOWEST: 16 ON 28,27 3 = THUNDER
SNOW, ICE PELLETS, HAIL 4 = ICE PELLETS
TOTAL MONTH: M 5 = HAIL
GRTST 24HR M ON M 6 = FREEZING RAIN OR DRIZZLE
GRTST DEPTH: M ON M 7 = DUSTSTORM OR SANDSTORM:
VSBY 1/2 MILE OR LESS
8 = SMOKE OR HAZE
[NO. OF DAYS WITH] [WEATHER - DAYS WITH] 9 = BLOWING SNOW
X = TORNADO
MAX 32 OR BELOW: 0 0.01 INCH OR MORE: 1
MAX 90 OR ABOVE: 0 0.10 INCH OR MORE: 1
MIN 32 OR BELOW: 18 0.50 INCH OR MORE: 0
MIN 0 OR BELOW: 0 1.00 INCH OR MORE: 0
[HDD (BASE 65) ]
TOTAL THIS MO. 577 CLEAR (SCALE 0-3) 22
DPTR FM NORMAL -147 PTCLDY (SCALE 4-7) 3
TOTAL FM JUL 1 876 CLOUDY (SCALE 8-10) 5
DPTR FM NORMAL -271
[CDD (BASE 65) ]
TOTAL THIS MO. 0
DPTR FM NORMAL 0 [PRESSURE DATA]
TOTAL FM JAN 1 1064 HIGHEST SLP 30.56 ON 28
DPTR FM NORMAL 69 LOWEST SLP 29.76 ON 30
[REMARKS]
#FINAL-11-23#