000
CXUS52 KTBW 011245
CF6FMY
PRELIMINARY LOCAL CLIMATOLOGICAL DATA (WS FORM: F-6)
STATION: FORT MYERS
MONTH: FEBRUARY
YEAR: 2022
LATITUDE: 26 34 N
LONGITUDE: 81 52 W
TEMPERATURE IN F: :PCPN: SNOW: WIND :SUNSHINE: SKY :PK WND
================================================================================
1 2 3 4 5 6A 6B 7 8 9 10 11 12 13 14 15 16 17 18
12Z AVG MX 2MIN
DY MAX MIN AVG DEP HDD CDD WTR SNW DPTH SPD SPD DIR MIN PSBL S-S WX SPD DR
================================================================================
1 77 47 62 -4 3 0 0.00 0.0 0 9.0 21 100 M M 0 29 100
2 83 59 71 5 0 6 0.00 0.0 0 10.4 22 110 M M 1 32 100
3 85 64 75 9 0 10 0.00 0.0 0 8.4 17 120 M M 0 24 120
4 85 65 75 9 0 10 0.00 0.0 0 6.6 16 190 M M 1 20 150
5 79 62 71 5 0 6 0.00 0.0 0 6.7 17 40 M M 7 1 25 70
6 78 59 69 3 0 4 0.00 0.0 0 6.8 13 290 M M 7 1 26 330
7 75 55 65 -1 0 0 0.00 0.0 0 6.0 12 50 M M 6 18 28 150
8 65 57 61 -5 4 0 0.05 0.0 0 9.8 17 40 M M 7 28 360
9 72 53 63 -4 2 0 0.20 0.0 0 8.4 14 30 M M 5 1 23 50
10 77 46 62 -5 3 0 0.00 0.0 0 5.7 15 40 M M 0 20 20
11 82 55 69 2 0 4 0.00 0.0 0 4.8 13 270 M M 1 29 230
12 85 57 71 4 0 6 0.00 0.0 0 3.6 10 340 M M 0 19 320
13 78 60 69 2 0 4 0.23 0.0 0 9.6 20 310 M M 5 1 32 320
14 72 49 61 -6 4 0 0.00 0.0 0 11.9 24 30 M M 0 33 360
15 78 50 64 -3 1 0 0.00 0.0 0 10.2 21 90 M M 1 27 80
16 85 62 74 6 0 9 0.00 0.0 0 10.9 23 110 M M 2 32 90
17 88 70 79 11 0 14 T 0.0 0 7.8 17 130 M M 7 32 100
18 84 69 77 9 0 12 0.00 0.0 0 6.5 16 230 M M 6 18 32 230
19 83 67 75 7 0 10 0.00 0.0 0 5.1 15 70 M M 7 28 230
20 85 57 71 3 0 6 0.00 0.0 0 9.8 20 100 M M 1 25 60
21 86 65 76 8 0 11 0.00 0.0 0 8.1 15 60 M M 1 22 70
22 88 66 77 9 0 12 0.00 0.0 0 7.2 18 110 M M 6 24 100
23 89 68 79 11 0 14 0.00 0.0 0 5.6 14 110 M M 4 12 21 110
24 89 65 77 9 0 12 0.00 0.0 0 5.8 14 120 M M 4 1 22 140
25 89 65 77 9 0 12 0.00 0.0 0 4.8 15 250 M M 0 27 280
26 89 65 77 8 0 12 0.00 0.0 0 5.9 14 290 M M 1 20 250
27 86 64 75 6 0 10 0.00 0.0 0 6.3 15 270 M M 1 30 240
28 83 64 74 5 0 9 0.00 0.0 0 8.1 18 260 M M 4 1 32 230
================================================================================
SM 2295 1685 17 193 0.48 0.0 209.8 M 85
================================================================================
AV 82.0 60.2 7.5 FASTST M M 3 MAX(MPH)
MISC ----> 24 30 33 360
================================================================================
NOTES:
# LAST OF SEVERAL OCCURRENCES
COLUMN 17 PEAK WIND IN M.P.H.
PRELIMINARY LOCAL CLIMATOLOGICAL DATA (WS FORM: F-6) , PAGE 2
STATION: FORT MYERS
MONTH: FEBRUARY
YEAR: 2022
LATITUDE: 26 34 N
LONGITUDE: 81 52 W
[TEMPERATURE DATA] [PRECIPITATION DATA] SYMBOLS USED IN COLUMN 16
AVERAGE MONTHLY: 71.1 TOTAL FOR MONTH: 0.48 1 = FOG OR MIST
DPTR FM NORMAL: 3.8 DPTR FM NORMAL: -1.30 2 = FOG REDUCING VISIBILITY
HIGHEST: 89 ON 26,25 GRTST 24HR 0.25 ON 8- 9 TO 1/4 MILE OR LESS
LOWEST: 46 ON 10 3 = THUNDER
SNOW, ICE PELLETS, HAIL 4 = ICE PELLETS
TOTAL MONTH: 0.0 INCH 5 = HAIL
GRTST 24HR 0.0 6 = FREEZING RAIN OR DRIZZLE
GRTST DEPTH: 0 7 = DUSTSTORM OR SANDSTORM:
VSBY 1/2 MILE OR LESS
8 = SMOKE OR HAZE
[NO. OF DAYS WITH] [WEATHER - DAYS WITH] 9 = BLOWING SNOW
X = TORNADO
MAX 32 OR BELOW: 0 0.01 INCH OR MORE: 3
MAX 90 OR ABOVE: 0 0.10 INCH OR MORE: 2
MIN 32 OR BELOW: 0 0.50 INCH OR MORE: 0
MIN 0 OR BELOW: 0 1.00 INCH OR MORE: 0
[HDD (BASE 65) ]
TOTAL THIS MO. 17 CLEAR (SCALE 0-3) 15
DPTR FM NORMAL -34 PTCLDY (SCALE 4-7) 13
TOTAL FM JUL 1 101 CLOUDY (SCALE 8-10) 0
DPTR FM NORMAL -127
[CDD (BASE 65) ]
TOTAL THIS MO. 193
DPTR FM NORMAL 77 [PRESSURE DATA]
TOTAL FM JAN 1 299 HIGHEST SLP 30.40 ON 15
DPTR FM NORMAL 97 LOWEST SLP 29.97 ON 28
[REMARKS]
#FINAL-02-22#