000
CXUS55 KBOU 010900
CF6FNL
PRELIMINARY LOCAL CLIMATOLOGICAL DATA (WS FORM: F-6)
STATION: FT COLLINS/LOVELAND CO
MONTH: OCTOBER
YEAR: 2021
LATITUDE: 40 27 N
LONGITUDE: 105 1 W
TEMPERATURE IN F: :PCPN: SNOW: WIND :SUNSHINE: SKY :PK WND
================================================================================
1 2 3 4 5 6A 6B 7 8 9 10 11 12 13 14 15 16 17 18
12Z AVG MX 2MIN
DY MAX MIN AVG DEP HDD CDD WTR SNW DPTH SPD SPD DIR MIN PSBL S-S WX SPD DR
================================================================================
1 68 41 55 M 10 0 M M M 4.1 7 110 M M 0 1 M M
2 77 44 61 M 4 0 M M M 5.6 10 30 M M 0 M M
3 81 41 61 M 4 0 M M M 4.6 8 190 M M 1 M M
4 83 46 65 M 0 0 M M M 4.5 9 80 M M 0 M M
5 85 45 65 M 0 0 M M M 7.3 14 130 M M 0 18 150
6 78 43 61 M 4 0 M M M 6.8 14 340 M M 2 M M
7 81 49 65 M 0 0 M M M 4.7 10 80 M M 2 8 M M
8 76 45 61 M 4 0 M M M 5.8 14 320 M M 2 20 220
9 74 45 60 M 5 0 M M M 9.4 29 300 M M 0 40 300
10 71 43 57 M 8 0 M M M 6.0 17 20 M M 4 25 20
11 71 35 53 M 12 0 M M M 8.8 18 140 M M 1 30 140
12 52 35 44 M 21 0 M M M 15.5 29 320 M M 6 3 38 320
13 63 32 48 M 17 0 M M M 8.9 15 280 M M 2 18 280
14 49 29 39 M 26 0 M M M 7.3 18 350 M M 5 23 350
15 56 32 44 M 21 0 M M M 6.3 15 340 M M 1 M M
16 70 26 48 M 17 0 M M M 3.4 8 20 M M 0 M M
17 76 33 55 M 10 0 M M M 3.7 12 40 M M 0 M M
18 77 40 59 M 6 0 M M M 5.3 14 130 M M 0 18 130
19 59 36 48 M 17 0 M M M 11.0 25 20 M M 3 39 10
20 48 39 44 M 21 0 M M M 6.5 12 200 M M 1 M M
21 65 32 49 M 16 0 M M M 4.4 10 180 M M 0 M M
22 77 34 56 M 9 0 M M M 6.2 12 150 M M 0 18 150
23 64 38 51 M 14 0 M M M 4.4 9 30 M M 2 8 M M
24 69 34 52 M 13 0 M M M 6.6 15 130 M M 1 18 130
25 69 33 51 M 14 0 M M M 5.6 9 40 M M 0 M M
26 67 35 51 M 14 0 M M M 11.5 29 10 M M 3 40 340
27 57 41 49 M 16 0 M M M 22.0 35 320 M M 1 51 320
28 61 34 48 M 17 0 M M M 9.9 28 330 M M 2 35 330
29 75 32 54 M 11 0 M M M 3.7 12 180 M M 0 M M
30 68 35 52 M 13 0 M M M 7.3 18 80 M M 2 25 80
31 44 34 39 M 26 0 M M M 7.8 12 360 M M 10 1 M M
================================================================================
SM 2111 1161 370 0 M M 224.8 M 51
================================================================================
AV 68.1 37.5 7.3 FASTST M M 2 MAX(MPH)
MISC ----> 35 320 51 320
================================================================================
NOTES:
# LAST OF SEVERAL OCCURRENCES
COLUMN 17 PEAK WIND IN M.P.H.
PRELIMINARY LOCAL CLIMATOLOGICAL DATA (WS FORM: F-6) , PAGE 2
STATION: FT COLLINS/LOVELAND CO
MONTH: OCTOBER
YEAR: 2021
LATITUDE: 40 27 N
LONGITUDE: 105 1 W
[TEMPERATURE DATA] [PRECIPITATION DATA] SYMBOLS USED IN COLUMN 16
AVERAGE MONTHLY: 52.8 TOTAL FOR MONTH: M 1 = FOG OR MIST
DPTR FM NORMAL: 0.0 DPTR FM NORMAL: M 2 = FOG REDUCING VISIBILITY
HIGHEST: 85 ON 5 GRTST 24HR 0.06 ON 12-12 TO 1/4 MILE OR LESS
LOWEST: 26 ON 16 3 = THUNDER
SNOW, ICE PELLETS, HAIL 4 = ICE PELLETS
TOTAL MONTH: M 5 = HAIL
GRTST 24HR M ON M 6 = FREEZING RAIN OR DRIZZLE
GRTST DEPTH: M ON M 7 = DUSTSTORM OR SANDSTORM:
VSBY 1/2 MILE OR LESS
8 = SMOKE OR HAZE
[NO. OF DAYS WITH] [WEATHER - DAYS WITH] 9 = BLOWING SNOW
X = TORNADO
MAX 32 OR BELOW: 0 0.01 INCH OR MORE: 0
MAX 90 OR ABOVE: 0 0.10 INCH OR MORE: 0
MIN 32 OR BELOW: 6 0.50 INCH OR MORE: 0
MIN 0 OR BELOW: 0 1.00 INCH OR MORE: 0
[HDD (BASE 65) ]
TOTAL THIS MO. 370 CLEAR (SCALE 0-3) 27
DPTR FM NORMAL M PTCLDY (SCALE 4-7) 3
TOTAL FM JUL 1 424 CLOUDY (SCALE 8-10) 1
DPTR FM NORMAL M
[CDD (BASE 65) ]
TOTAL THIS MO. 0
DPTR FM NORMAL M [PRESSURE DATA]
TOTAL FM JAN 1 1023 HIGHEST SLP 30.28 ON 21
DPTR FM NORMAL M LOWEST SLP 29.31 ON 26
[REMARKS]
#FINAL-10-21#