000
CXUS53 KDTX 010735
CF6FNT
PRELIMINARY LOCAL CLIMATOLOGICAL DATA (WS FORM: F-6)
STATION: FLINT MI
MONTH: NOVEMBER
YEAR: 2021
LATITUDE: 42 58 N
LONGITUDE: 83 44 W
TEMPERATURE IN F: :PCPN: SNOW: WIND :SUNSHINE: SKY :PK WND
================================================================================
1 2 3 4 5 6A 6B 7 8 9 10 11 12 13 14 15 16 17 18
12Z AVG MX 2MIN
DY MAX MIN AVG DEP HDD CDD WTR SNW DPTH SPD SPD DIR MIN PSBL S-S WX SPD DR
================================================================================
1 48 35 42 -2 23 0 T T 0 9.9 23 280 M M 5 29 280
2 47 32 40 -4 25 0 T T 0 11.3 22 280 M M 7 31 280
3 45 28 37 -7 28 0 0.00 0.0 0 5.4 15 280 M M 4 19 290
4 45 27 36 -7 29 0 T T 0 3.2 10 290 M M 8 1 14 350
5 50 27 39 -4 26 0 0.00 0.0 0 5.4 13 220 M M 5 17 230
6 54 32 43 1 22 0 0.00 0.0 0 7.3 16 210 M M 1 23 240
7 65 40 53 11 12 0 0.00 0.0 0 6.4 13 220 M M 0 16 240
8 65 42 54 12 11 0 0.00 0.0 0 7.5 16 240 M M 0 26 210
9 56 34 45 4 20 0 0.00 0.0 0 4.8 14 350 M M 6 1 17 350
10 56 27 42 1 23 0 0.00 0.0 0 4.1 10 100 M M 2 12 14 100
11 67 45 56 16 9 0 0.09 0.0 0 12.1 32 170 M M 5 1 46 190
12 50 34 42 2 23 0 T 0.0 0 11.5 24 220 M M 4 38 210
13 43 35 39 -1 26 0 0.01 0.0 0 10.7 22 290 M M 10 29 270
14 38 33 36 -3 29 0 0.10 0.1 0 8.5 17 210 M M 10 1 24 230
15 39 30 35 -4 30 0 0.00 0.0 0 9.5 17 280 M M 8 24 290
16 43 26 35 -4 30 0 0.00 0.0 0 5.8 15 150 M M 2 18 22 150
17 61 40 51 13 14 0 0.16 0.0 0 11.4 21 270 M M 9 1 27 270
18 45 32 39 1 26 0 T 0.2 0 12.9 26 270 M M 9 36 270
19 42 29 36 -1 29 0 T T T 8.6 17 300 M M 3 24 270
20 39 32 36 -1 29 0 0.02 T 0 8.5 17 180 M M 6 24 200
21 44 28 36 -1 29 0 0.07 0.1 0 7.9 29 290 M M 5 1 44 290
22 32 25 29 -7 36 0 T T T 7.3 13 290 M M 0 M M
23 37 17 27 -9 38 0 0.00 0.0 0 5.5 15 280 M M 0 19 300
24 50 32 41 5 24 0 T 0.0 0 12.3 21 200 M M 2 31 190
25 47 31 39 4 26 0 0.25 T 0 9.6 24 300 M M 10 1 34 300
26 31 27 29 -6 36 0 T T 0 12.5 24 310 M M 10 33 300
27 31 24 28 -6 37 0 0.17 2.6 0 4.7 13 120 M M 10 12 17 180
28 36 28 32 -2 33 0 0.03 0.7 3 11.0 25 280 M M 9 12 31 270
29 36 18 27 -7 38 0 0.07 1.2 3 6.9 15 220 M M 6 1 21 230
30 37 24 31 -2 34 0 0.04 1.0 4 9.4 23 270 M M 7 12 31 280
================================================================================
SM 1379 914 795 0 1.01 5.9 251.9 M 163
================================================================================
AV 46.0 30.5 8.4 FASTST M M 5 MAX(MPH)
MISC ----> 32 170 46 190
================================================================================
NOTES:
# LAST OF SEVERAL OCCURRENCES
COLUMN 17 PEAK WIND IN M.P.H.
PRELIMINARY LOCAL CLIMATOLOGICAL DATA (WS FORM: F-6) , PAGE 2
STATION: FLINT MI
MONTH: NOVEMBER
YEAR: 2021
LATITUDE: 42 58 N
LONGITUDE: 83 44 W
[TEMPERATURE DATA] [PRECIPITATION DATA] SYMBOLS USED IN COLUMN 16
AVERAGE MONTHLY: 38.2 TOTAL FOR MONTH: 1.01 1 = FOG OR MIST
DPTR FM NORMAL: -0.6 DPTR FM NORMAL: -1.26 2 = FOG REDUCING VISIBILITY
HIGHEST: 67 ON 11 GRTST 24HR 0.25 ON 25-25 TO 1/4 MILE OR LESS
LOWEST: 17 ON 23 3 = THUNDER
SNOW, ICE PELLETS, HAIL 4 = ICE PELLETS
TOTAL MONTH: 5.9 INCHES 5 = HAIL
GRTST 24HR 2.6 ON 27-27 6 = FREEZING RAIN OR DRIZZLE
GRTST DEPTH: 4 ON 30 7 = DUSTSTORM OR SANDSTORM:
VSBY 1/2 MILE OR LESS
8 = SMOKE OR HAZE
[NO. OF DAYS WITH] [WEATHER - DAYS WITH] 9 = BLOWING SNOW
X = TORNADO
MAX 32 OR BELOW: 3 0.01 INCH OR MORE: 11
MAX 90 OR ABOVE: 0 0.10 INCH OR MORE: 4
MIN 32 OR BELOW: 21 0.50 INCH OR MORE: 0
MIN 0 OR BELOW: 0 1.00 INCH OR MORE: 0
[HDD (BASE 65) ]
TOTAL THIS MO. 795 CLEAR (SCALE 0-3) 8
DPTR FM NORMAL 9 PTCLDY (SCALE 4-7) 12
TOTAL FM JUL 1 1092 CLOUDY (SCALE 8-10) 10
DPTR FM NORMAL -350
[CDD (BASE 65) ]
TOTAL THIS MO. 0
DPTR FM NORMAL 0 [PRESSURE DATA]
TOTAL FM JAN 1 851 HIGHEST SLP 30.49 ON 19
DPTR FM NORMAL 286 LOWEST SLP 29.56 ON 11
[REMARKS]
#FINAL-11-21#