000
CXUS52 KMLB 010743
CF6FPR
PRELIMINARY LOCAL CLIMATOLOGICAL DATA (WS FORM: F-6)
STATION: FORT PIERCE
MONTH: NOVEMBER
YEAR: 2021
LATITUDE: 27 30 N
LONGITUDE: 80 22 W
TEMPERATURE IN F: :PCPN: SNOW: WIND :SUNSHINE: SKY :PK WND
================================================================================
1 2 3 4 5 6A 6B 7 8 9 10 11 12 13 14 15 16 17 18
12Z AVG MX 2MIN
DY MAX MIN AVG DEP HDD CDD WTR SNW DPTH SPD SPD DIR MIN PSBL S-S WX SPD DR
================================================================================
1 80 57 69 -4 0 4 0.00 0.0 0 3.4 8 90 M M 5 13 310
2 83 62 73 1 0 8 0.00 0.0 0 2.9 12 100 M M 3 15 100
3 83 63 73 1 0 8 0.00 0.0 0 3.6 12 70 M M 2 16 70
4 81 64 73 1 0 8 T 0.0 0 4.3 9 10 M M 3 15 360
5 75 67 71 -1 0 6 1.01 0.0 0 6.5 20 120 M M 9 1 23 130
6 75 56 66 -6 0 1 0.59 0.0 0 12.7 21 290 M M 5 1 29 290
7 72 51 62 -9 3 0 0.00 0.0 0 10.8 18 300 M M 6 26 290
8 76 54 65 -6 0 0 0.00 0.0 0 8.1 15 350 M M 2 22 340
9 79 55 67 -4 0 2 0.00 0.0 0 5.4 13 60 M M 7 20 70
10 75 60 68 -3 0 3 0.41 0.0 0 3.5 10 70 M M 7 1 14 70
11 82 65 74 4 0 9 0.01 0.0 0 5.4 17 140 M M 5 1 22 140
12 79 68 74 4 0 9 0.18 0.0 0 1.7 9 20 M M 4 13 13 360
13 84 64 74 4 0 9 0.00 0.0 0 4.6 20 310 M M 5 18 25 300
14 73 53 63 -7 2 0 0.00 0.0 0 4.1 12 300 M M 0 15 300
15 74 50 62 -8 3 0 0.00 0.0 0 5.1 13 360 M M 0 19 350
16 79 53 66 -4 0 1 0.00 0.0 0 5.7 14 70 M M 0 19 70
17 81 69 75 5 0 10 0.00 0.0 0 10.2 18 130 M M 3 23 110
18 80 70 75 6 0 10 0.01 0.0 0 8.7 17 110 M M 5 22 90
19 81 71 76 7 0 11 0.38 0.0 0 7.0 16 110 M M 7 1 21 80
20 80 71 76 7 0 11 0.11 0.0 0 12.4 21 80 M M 8 18 30 60
21 75 71 73 4 0 8 4.41 0.0 0 8.1 22 90 M M 10 13 30 100
22 82 63 73 4 0 8 0.13 0.0 0 6.9 22 310 M M 6 1 30 320
23 69 53 61 -8 4 0 0.00 0.0 0 9.8 20 350 M M 2 31 360
24 74 53 64 -4 1 0 0.00 0.0 0 7.6 16 70 M M 9 22 50
25 75 60 68 0 0 3 0.05 0.0 0 3.9 12 130 M M 9 1 17 70
26 78 59 69 1 0 4 0.00 0.0 0 4.7 15 300 M M 3 1 20 290
27 71 53 62 -6 3 0 0.00 0.0 0 4.2 10 80 M M 1 14 60
28 73 51 62 -6 3 0 0.00 0.0 0 4.0 10 290 M M 1 13 280
29 71 52 62 -6 3 0 0.01 0.0 0 4.0 13 310 M M 4 18 330
30 72 48 60 -8 5 0 0.00 0.0 0 2.7 9 30 M M 0 14 60
================================================================================
SM 2312 1786 27 133 7.30 0.0 182.0 M 131
================================================================================
AV 77.1 59.5 6.1 FASTST M M 4 MAX(MPH)
MISC ----> # 22 90 31 360
================================================================================
NOTES:
# LAST OF SEVERAL OCCURRENCES
COLUMN 17 PEAK WIND IN M.P.H.
PRELIMINARY LOCAL CLIMATOLOGICAL DATA (WS FORM: F-6) , PAGE 2
STATION: FORT PIERCE
MONTH: NOVEMBER
YEAR: 2021
LATITUDE: 27 30 N
LONGITUDE: 80 22 W
[TEMPERATURE DATA] [PRECIPITATION DATA] SYMBOLS USED IN COLUMN 16
AVERAGE MONTHLY: 68.3 TOTAL FOR MONTH: 7.30 1 = FOG OR MIST
DPTR FM NORMAL: -1.6 DPTR FM NORMAL: 4.29 2 = FOG REDUCING VISIBILITY
HIGHEST: 84 ON 13 GRTST 24HR 4.54 ON 21-22 TO 1/4 MILE OR LESS
LOWEST: 48 ON 30 3 = THUNDER
SNOW, ICE PELLETS, HAIL 4 = ICE PELLETS
TOTAL MONTH: 0.0 INCH 5 = HAIL
GRTST 24HR 0.0 6 = FREEZING RAIN OR DRIZZLE
GRTST DEPTH: 0 7 = DUSTSTORM OR SANDSTORM:
VSBY 1/2 MILE OR LESS
8 = SMOKE OR HAZE
[NO. OF DAYS WITH] [WEATHER - DAYS WITH] 9 = BLOWING SNOW
X = TORNADO
MAX 32 OR BELOW: 0 0.01 INCH OR MORE: 12
MAX 90 OR ABOVE: 0 0.10 INCH OR MORE: 8
MIN 32 OR BELOW: 0 0.50 INCH OR MORE: 3
MIN 0 OR BELOW: 0 1.00 INCH OR MORE: 2
[HDD (BASE 65) ]
TOTAL THIS MO. 27 CLEAR (SCALE 0-3) 13
DPTR FM NORMAL 1 PTCLDY (SCALE 4-7) 13
TOTAL FM JUL 1 27 CLOUDY (SCALE 8-10) 4
DPTR FM NORMAL -1
[CDD (BASE 65) ]
TOTAL THIS MO. 133
DPTR FM NORMAL -40 [PRESSURE DATA]
TOTAL FM JAN 1 3524 HIGHEST SLP 30.25 ON 24
DPTR FM NORMAL 243 LOWEST SLP 29.78 ON 6
[REMARKS]
#FINAL-11-21#