000
CXUS54 KTSA 010950
CF6FSM
PRELIMINARY LOCAL CLIMATOLOGICAL DATA (WS FORM: F-6)
STATION: FORT SMITH ARKANSAS
MONTH: JANUARY
YEAR: 2024
LATITUDE: 35 19 N
LONGITUDE: 94 22 W
TEMPERATURE IN F: :PCPN: SNOW: WIND :SUNSHINE: SKY :PK WND
================================================================================
1 2 3 4 5 6A 6B 7 8 9 10 11 12 13 14 15 16 17 18
12Z AVG MX 2MIN
DY MAX MIN AVG DEP HDD CDD WTR SNW DPTH SPD SPD DIR MIN PSBL S-S WX SPD DR
================================================================================
1 47 27 37 -3 28 0 0.00 0.0 0 2.3 9 360 M M 2 11 360
2 45 28 37 -3 28 0 0.00 0.0 0 4.8 9 80 M M 0 13 80
3 54 31 43 3 22 0 0.00 0.0 0 3.2 13 270 M M 0 17 270
4 54 27 41 1 24 0 0.00 0.0 0 8.6 18 70 M M 0 1 23 70
5 39 33 36 -4 29 0 0.19 0.5 0 9.0 21 90 M M 9 1 32 90
6 40 34 37 -3 28 0 0.00 0.0 0 7.8 15 270 M M 10 1 20 270
7 56 31 44 4 21 0 0.00 0.0 0 6.9 14 80 M M 1 20 70
8 45 38 42 2 23 0 1.04 0.0 0 11.2 22 90 M M 8 13 32 80
9 43 28 36 -4 29 0 0.03 T 0 17.0 33 260 M M 9 1 46 260
10 58 24 41 1 24 0 0.00 0.0 0 7.3 23 220 M M 0 30 220
11 64 29 47 7 18 0 0.28 0.0 0 7.7 18 80 M M 2 13 26 110
12 56 24 40 0 25 0 0.01 T 0 17.5 32 280 M M 5 18 44 270
13 43 15 29 -11 36 0 0.00 0.0 0 8.3 20 330 M M 0 26 300
14 15 5 10 -30 55 0 0.13 2.0 0 8.3 15 330 M M 5 21 340
15 18 3 11 -29 54 0 0.01 T 2 5.8 16 330 M M 4 23 330
16 18 3 11 -29 54 0 0.00 0.0 1 7.1 20 320 M M 1 29 310
17 38 4 21 -19 44 0 0.00 0.0 0 5.9 13 70 M M 0 17 140
18 50 24 37 -3 28 0 0.00 0.0 0 6.9 13 310 M M 0 20 310
19 38 18 28 -12 37 0 0.00 0.0 0 11.3 22 340 M M 1 31 320
20 32 13 23 -17 42 0 0.00 0.0 0 4.1 10 310 M M 0 13 300
21 32 18 25 -15 40 0 T 0.0 0 11.3 17 90 M M 6 24 90
22 39 30 35 -6 30 0 1.30 0.0 0 12.3 18 70 M M 10 16 24 80
23 49 39 44 3 21 0 0.05 0.0 0 5.7 13 70 M M 10 12 16 70
24 56 44 50 9 15 0 0.00 0.0 0 2.7 8 40 M M 10 12 9 20
25 52 46 49 8 16 0 0.21 0.0 0 7.3 17 270 M M 10 1 22 260
26 51 44 48 7 17 0 T 0.0 0 4.6 12 70 M M 10 1 13 70
27 49 39 44 3 21 0 0.67 0.0 0 8.5 17 300 M M 10 1 24 310
28 54 36 45 4 20 0 0.00 0.0 0 9.0 15 250 M M 5 19 240
29 66 31 49 7 16 0 0.00 0.0 0 2.7 9 280 M M 0 1 11 30
30 68 35 52 10 13 0 0.00 0.0 0 6.0 17 260 M M 0 20 260
31 69 34 52 10 13 0 0.00 0.0 0 2.4 8 50 M M 0 9 50
================================================================================
SM 1438 835 871 0 3.92 2.5 233.5 M 128
================================================================================
AV 46.4 26.9 7.5 FASTST M M 4 MAX(MPH)
MISC ----> 33 260 46 260
================================================================================
NOTES:
# LAST OF SEVERAL OCCURRENCES
COLUMN 17 PEAK WIND IN M.P.H.
PRELIMINARY LOCAL CLIMATOLOGICAL DATA (WS FORM: F-6) , PAGE 2
STATION: FORT SMITH ARKANSAS
MONTH: JANUARY
YEAR: 2024
LATITUDE: 35 19 N
LONGITUDE: 94 22 W
[TEMPERATURE DATA] [PRECIPITATION DATA] SYMBOLS USED IN COLUMN 16
AVERAGE MONTHLY: 36.7 TOTAL FOR MONTH: 3.92 1 = FOG OR MIST
DPTR FM NORMAL: -3.7 DPTR FM NORMAL: 1.01 2 = FOG REDUCING VISIBILITY
HIGHEST: 69 ON 31 GRTST 24HR 1.30 ON 22-22 TO 1/4 MILE OR LESS
LOWEST: 3 ON 16,15 3 = THUNDER
SNOW, ICE PELLETS, HAIL 4 = ICE PELLETS
TOTAL MONTH: 2.5 INCHES 5 = HAIL
GRTST 24HR 2.0 ON 14-14 6 = FREEZING RAIN OR DRIZZLE
GRTST DEPTH: 2 ON 15 7 = DUSTSTORM OR SANDSTORM:
VSBY 1/2 MILE OR LESS
8 = SMOKE OR HAZE
[NO. OF DAYS WITH] [WEATHER - DAYS WITH] 9 = BLOWING SNOW
X = TORNADO
MAX 32 OR BELOW: 5 0.01 INCH OR MORE: 11
MAX 90 OR ABOVE: 0 0.10 INCH OR MORE: 7
MIN 32 OR BELOW: 20 0.50 INCH OR MORE: 3
MIN 0 OR BELOW: 0 1.00 INCH OR MORE: 2
[HDD (BASE 65) ]
TOTAL THIS MO. 871 CLEAR (SCALE 0-3) 16
DPTR FM NORMAL 110 PTCLDY (SCALE 4-7) 5
TOTAL FM JUL 1 1896 CLOUDY (SCALE 8-10) 10
DPTR FM NORMAL -101
[CDD (BASE 65) ]
TOTAL THIS MO. 0
DPTR FM NORMAL 0 [PRESSURE DATA]
TOTAL FM JAN 1 0 HIGHEST SLP 30.71 ON 20
DPTR FM NORMAL 0 LOWEST SLP 29.39 ON 12
[REMARKS]
#FINAL-01-24#