000
CDUS44 KTSA 060802
CLIFSM

CLIMATE REPORT
NATIONAL WEATHER SERVICE TULSA OK
146 AM CDT SUN MAY 6 2018


...................................

...THE FORT SMITH ARKANSAS CLIMATE SUMMARY FOR MAY 5 2018...

CLIMATE NORMAL PERIOD 1981 TO 2010
CLIMATE RECORD PERIOD 1882 TO 2018


WEATHER ITEM   OBSERVED TIME   RECORD YEAR NORMAL DEPARTURE LAST
                VALUE   (LST)  VALUE       VALUE  FROM      YEAR
                                                  NORMAL
..................................................................
TEMPERATURE (F)
 YESTERDAY
  MAXIMUM         84    434 PM  93    2014  78      6       76
  MINIMUM         55    535 AM  39    2013  56     -1       53
  AVERAGE         70                        67      3       65

PRECIPITATION (IN)
  YESTERDAY        0.00          3.05 1960   0.17  -0.17     0.00
  MONTH TO DATE    1.21                      0.88   0.33     0.55
  SINCE MAR 1      7.91                      9.03  -1.12    11.36
  SINCE JAN 1     17.17                     14.60   2.57    16.18

DEGREE DAYS
 COOLING
  YESTERDAY        5                         4      1        0
  MONTH TO DATE   25                        16      9        0
  SINCE MAR 1     43                        81    -38      120
  SINCE JAN 1     45                        82    -37      136
..................................................................


WIND (MPH)
  HIGHEST WIND SPEED    15   HIGHEST WIND DIRECTION     N (360)
  HIGHEST GUST SPEED    20   HIGHEST GUST DIRECTION     N (10)
  AVERAGE WIND SPEED     5.3


SKY COVER
  POSSIBLE SUNSHINE  MM
  AVERAGE SKY COVER 0.2


WEATHER CONDITIONS
 THE FOLLOWING WEATHER WAS RECORDED YESTERDAY.
  FOG


RELATIVE HUMIDITY (PERCENT)
 HIGHEST   100           300 AM
 LOWEST     31           300 PM
 AVERAGE    66

..........................................................


THE FORT SMITH ARKANSAS CLIMATE NORMALS FOR TODAY
                         NORMAL    RECORD    YEAR
 MAXIMUM TEMPERATURE (F)   78        91      2012
                                             2010
                                             1952
 MINIMUM TEMPERATURE (F)   56        40      1944


SUNRISE AND SUNSET
MAY  6 2018...........SUNRISE   621 AM CDT   SUNSET   808 PM CDT
MAY  7 2018...........SUNRISE   620 AM CDT   SUNSET   808 PM CDT


-  INDICATES NEGATIVE NUMBERS.
R  INDICATES RECORD WAS SET OR TIED.
MM INDICATES DATA IS MISSING.
T  INDICATES TRACE AMOUNT.




$$

&&
...........................................................

THE ARKANSAS RIVER AT VAN BUREN

                   OBSERVED      24 HOUR     24 HOUR
                    VALUE        CHANGE      FORECAST

 STAGE (FEET)
  THIS MORNING       19.2         +0.1

 MEAN FLOW (CFS)
  TODAY                                        3091
...........................................................
ALL DATA MEASURED AT THE FORT SMITH REGIONAL AIRPORT
