000
CXUS54 KEWX 011011
CF6FTN
PRELIMINARY LOCAL CLIMATOLOGICAL DATA (WS FORM: F-6)
STATION: FAITH RANCH
MONTH: MARCH
YEAR: 2023
LATITUDE: 28 12 N
LONGITUDE: 100 1 W
TEMPERATURE IN F: :PCPN: SNOW: WIND :SUNSHINE: SKY :PK WND
================================================================================
1 2 3 4 5 6A 6B 7 8 9 10 11 12 13 14 15 16 17 18
12Z AVG MX 2MIN
DY MAX MIN AVG DEP HDD CDD WTR SNW DPTH SPD SPD DIR MIN PSBL S-S WX SPD DR
================================================================================
1 99 72 86 M 0 21 0.00 M M 8.4 13 170 M M 2 8 22 50
2 102 61 82 M 0 17 0.00 M M 14.6 36 340 M M 4 18 51 330
3 81 55 68 M 0 3 0.00 M M 9.6 18 320 M M 0 25 320
4 88 48 68 M 0 3 0.00 M M 8.3 16 130 M M 1 25 130
5 88 54 71 M 0 6 0.00 M M 10.7 17 130 M M 2 23 140
6 93 66 80 M 0 15 0.00 M M 7.1 10 160 M M 3 18 120
7 93 66 80 M 0 15 0.00 M M 8.5 16 130 M M 3 18 24 130
8 93 68 81 M 0 16 0.00 M M 9.1 15 110 M M 4 23 140
9 90 70 80 M 0 15 0.00 M M 9.0 14 150 M M 3 24 130
10 88 66 77 M 0 12 0.00 M M 6.7 12 140 M M 4 20 110
11 97 66 82 M 0 17 0.00 M M 6.6 12 170 M M 0 1 18 99
12 95 64 80 M 0 15 0.00 M M 10.4 21 350 M M 0 30 340
13 73 59 66 M 0 1 0.00 M M 10.8 17 50 M M 0 26 90
14 68 54 61 M 4 0 0.00 M M 8.5 16 80 M M 10 23 80
15 70 55 63 M 2 0 0.00 M M 5.4 14 130 M M 10 18 22 130
16 95 70 83 M 0 18 0.00 M M 9.1 16 150 M M 5 1 26 150
17 75 50 63 M 2 0 0.01 M M 12.7 23 360 M M 7 8 51 20
18 54 43 49 M 16 0 0.04 M M 8.2 17 40 M M 9 1 24 40
19 52 41 47 M 18 0 0.03 M M 5.0 12 170 M M 8 1 17 170
20 59 45 52 M 13 0 0.00 M M 6.5 14 140 M M 10 21 140
21 81 57 69 M 0 4 0.00 M M 5.5 13 130 M M 5 1 21 130
22 91 64 78 M 0 13 0.00 M M 10.7 16 130 M M 3 1 31 140
23 97 72 85 M 0 20 0.00 M M 11.0 16 130 M M 5 25 150
24 93 70 82 M 0 17 0.00 M M 10.4 21 350 M M 1 33 350
25 88 61 75 M 0 10 0.00 M M 8.9 17 10 M M 1 24 10
26 95 57 76 M 0 11 0.00 M M 6.9 9 130 M M 0 16 99
27 86 68 77 M 0 12 0.00 M M 9.4 17 110 M M 4 18 25 110
28 73 57 65 M 0 0 0.08 M M 11.3 18 40 M M 10 8 29 10
29 70 55 63 M 2 0 0.00 M M 7.2 13 120 M M 10 18 120
30 73 61 67 M 0 2 0.01 M M 5.3 18 150 M M 8 12 28 150
31 95 66 81 M 0 16 0.00 M M 7.7 14 170 M M 3 20 150
================================================================================
SM 2595 1861 57 279 0.17 M 269.4 M 135
================================================================================
AV 83.7 60.0 8.7 FASTST M M 4 MAX(MPH)
MISC ----> 36 340 51 20
================================================================================
NOTES:
# LAST OF SEVERAL OCCURRENCES
COLUMN 17 PEAK WIND IN M.P.H.
PRELIMINARY LOCAL CLIMATOLOGICAL DATA (WS FORM: F-6) , PAGE 2
STATION: FAITH RANCH
MONTH: MARCH
YEAR: 2023
LATITUDE: 28 12 N
LONGITUDE: 100 1 W
[TEMPERATURE DATA] [PRECIPITATION DATA] SYMBOLS USED IN COLUMN 16
AVERAGE MONTHLY: 71.9 TOTAL FOR MONTH: 0.17 1 = FOG OR MIST
DPTR FM NORMAL: 0.0 DPTR FM NORMAL: M 2 = FOG REDUCING VISIBILITY
HIGHEST: 102 ON 2 GRTST 24HR 0.08 ON 28-28 TO 1/4 MILE OR LESS
LOWEST: 41 ON 19 3 = THUNDER
SNOW, ICE PELLETS, HAIL 4 = ICE PELLETS
TOTAL MONTH: M 5 = HAIL
GRTST 24HR M ON M 6 = FREEZING RAIN OR DRIZZLE
GRTST DEPTH: M ON M 7 = DUSTSTORM OR SANDSTORM:
VSBY 1/2 MILE OR LESS
8 = SMOKE OR HAZE
[NO. OF DAYS WITH] [WEATHER - DAYS WITH] 9 = BLOWING SNOW
X = TORNADO
MAX 32 OR BELOW: 0 0.01 INCH OR MORE: 5
MAX 90 OR ABOVE: 14 0.10 INCH OR MORE: 0
MIN 32 OR BELOW: 0 0.50 INCH OR MORE: 0
MIN 0 OR BELOW: 0 1.00 INCH OR MORE: 0
[HDD (BASE 65) ]
TOTAL THIS MO. 57 CLEAR (SCALE 0-3) 14
DPTR FM NORMAL M PTCLDY (SCALE 4-7) 9
TOTAL FM JUL 1 905 CLOUDY (SCALE 8-10) 8
DPTR FM NORMAL M
[CDD (BASE 65) ]
TOTAL THIS MO. 279
DPTR FM NORMAL M [PRESSURE DATA]
TOTAL FM JAN 1 436 HIGHEST SLP M ON M
DPTR FM NORMAL M LOWEST SLP M ON M
[REMARKS]
#FINAL-03-23#