000
CXUS54 KFWD 010836
CF6FTW
PRELIMINARY LOCAL CLIMATOLOGICAL DATA (WS FORM: F-6)
STATION: FORT WORTH MEACHAM
MONTH: FEBRUARY
YEAR: 2024
LATITUDE: 32 49 N
LONGITUDE: 97 21 W
TEMPERATURE IN F: :PCPN: SNOW: WIND :SUNSHINE: SKY :PK WND
================================================================================
1 2 3 4 5 6A 6B 7 8 9 10 11 12 13 14 15 16 17 18
12Z AVG MX 2MIN
DY MAX MIN AVG DEP HDD CDD WTR SNW DPTH SPD SPD DIR MIN PSBL S-S WX SPD DR
================================================================================
1 72 50 61 14 4 0 0.00 M M 9.7 23 160 M M 1 28 140
2 65 52 59 11 6 0 0.88 M M 11.9 33 260 M M 8 13 44 240
3 66 51 59 11 6 0 0.10 M M 9.3 26 70 M M 5 13 33 70
4 62 49 56 8 9 0 0.05 M M 13.2 29 310 M M 8 13 37 310
5 60 46 53 5 12 0 T M M 11.8 21 310 M M 4 30 320
6 65 39 52 4 13 0 0.00 M M 4.3 12 100 M M 0 1 14 110
7 64 48 56 8 9 0 0.00 M M 13.4 24 150 M M 1 31 150
8 66 54 60 12 5 0 0.00 M M 9.0 18 180 M M 2 25 190
9 70 51 61 12 4 0 0.00 M M 4.3 16 220 M M 0 8 22 230
10 57 51 54 5 11 0 0.44 M M 6.7 13 50 M M 8 13 19 40
11 52 38 45 -4 20 0 0.51 M M 15.2 26 360 M M 10 13 33 310
12 54 37 46 -3 19 0 0.00 M M 13.5 24 310 M M 4 32 320
13 62 32 47 -2 18 0 0.00 M M 5.9 14 200 M M 0 20 190
14 67 41 54 4 11 0 0.00 M M 11.2 22 190 M M 0 28 190
15 69 49 59 9 6 0 0.00 M M 6.2 22 200 M M 0 29 200
16 68 38 53 3 12 0 0.00 M M 14.1 26 350 M M 1 37 360
17 44 32 38 -12 27 0 0.00 M M 16.2 25 10 M M 5 35 360
18 52 25 39 -11 26 0 0.00 M M 4.0 14 330 M M 0 19 320
19 67 34 51 0 14 0 0.00 M M 8.8 22 190 M M 0 31 170
20 78 41 60 9 5 0 0.00 M M 8.4 21 190 M M 0 28 190
21 78 55 67 16 0 2 0.00 M M 15.7 26 180 M M 0 37 180
22 78 59 69 18 0 4 T M M 12.1 24 180 M M 0 34 170
23 69 47 58 6 7 0 0.00 M M 8.2 20 300 M M 0 33 10
24 75 44 60 8 5 0 0.00 M M 6.4 16 190 M M 0 23 180
25 83 53 68 16 0 3 0.00 M M 10.3 21 190 M M 0 28 220
26 92 53 73 21 0 8 0.00 M M 10.3 23 190 M M 0 30 180
27 76 64 70 18 0 5 0.00 M M 12.7 20 180 M M 1 1 27 180
28 72 36 54 1 11 0 0.00 M M 15.0 32 320 M M 2 43 330
29 52 38 45 -8 20 0 0.10 M M 7.7 16 20 M M 8 21 360
================================================================================
SM 1935 1307 280 22 2.08 M 295.5 M 68
================================================================================
AV 66.7 45.1 10.2 FASTST M M 2 MAX(MPH)
MISC ----> 33 260 44 240
================================================================================
NOTES:
# LAST OF SEVERAL OCCURRENCES
COLUMN 17 PEAK WIND IN M.P.H.
PRELIMINARY LOCAL CLIMATOLOGICAL DATA (WS FORM: F-6) , PAGE 2
STATION: FORT WORTH MEACHAM
MONTH: FEBRUARY
YEAR: 2024
LATITUDE: 32 49 N
LONGITUDE: 97 21 W
[TEMPERATURE DATA] [PRECIPITATION DATA] SYMBOLS USED IN COLUMN 16
AVERAGE MONTHLY: 55.9 TOTAL FOR MONTH: 2.08 1 = FOG OR MIST
DPTR FM NORMAL: 6.1 DPTR FM NORMAL: -0.33 2 = FOG REDUCING VISIBILITY
HIGHEST: 92 ON 26 GRTST 24HR 0.98 ON 2- 3 TO 1/4 MILE OR LESS
LOWEST: 25 ON 18 3 = THUNDER
SNOW, ICE PELLETS, HAIL 4 = ICE PELLETS
TOTAL MONTH: M 5 = HAIL
GRTST 24HR M ON M 6 = FREEZING RAIN OR DRIZZLE
GRTST DEPTH: M ON M 7 = DUSTSTORM OR SANDSTORM:
VSBY 1/2 MILE OR LESS
8 = SMOKE OR HAZE
[NO. OF DAYS WITH] [WEATHER - DAYS WITH] 9 = BLOWING SNOW
X = TORNADO
MAX 32 OR BELOW: 0 0.01 INCH OR MORE: 6
MAX 90 OR ABOVE: 1 0.10 INCH OR MORE: 5
MIN 32 OR BELOW: 3 0.50 INCH OR MORE: 2
MIN 0 OR BELOW: 0 1.00 INCH OR MORE: 0
[HDD (BASE 65) ]
TOTAL THIS MO. 280 CLEAR (SCALE 0-3) 20
DPTR FM NORMAL -152 PTCLDY (SCALE 4-7) 7
TOTAL FM JUL 1 1816 CLOUDY (SCALE 8-10) 2
DPTR FM NORMAL -169
[CDD (BASE 65) ]
TOTAL THIS MO. 22
DPTR FM NORMAL 15 [PRESSURE DATA]
TOTAL FM JAN 1 22 HIGHEST SLP 30.42 ON 29
DPTR FM NORMAL 13 LOWEST SLP 29.45 ON 4
[REMARKS]
#FINAL-02-24#