000
CXUS54 KFWD 010730
CF6FTW
PRELIMINARY LOCAL CLIMATOLOGICAL DATA (WS FORM: F-6)
STATION: FORT WORTH MEACHAM
MONTH: JULY
YEAR: 2020
LATITUDE: 32 49 N
LONGITUDE: 97 21 W
TEMPERATURE IN F: :PCPN: SNOW: WIND :SUNSHINE: SKY :PK WND
================================================================================
1 2 3 4 5 6A 6B 7 8 9 10 11 12 13 14 15 16 17 18
12Z AVG MX 2MIN
DY MAX MIN AVG DEP HDD CDD WTR SNW DPTH SPD SPD DIR MIN PSBL S-S WX SPD DR
================================================================================
1 93 77 85 2 0 20 0.00 0.0 0 13.3 22 170 M M 2 27 170
2 95 69 82 -1 0 17 0.86 0.0 0 7.7 40 150 M M 4 123 55 140
3 97 73 85 1 0 20 0.00 0.0 0 4.8 15 120 M M 0 20 110
4 95 72 84 0 0 19 0.00 0.0 0 5.8 13 130 M M 0 16 100
5 93 77 85 1 0 20 T 0.0 0 5.8 24 310 M M 2 38 32 320
6 87 72 80 -4 0 15 0.01 0.0 0 4.7 18 260 M M 4 13 32 250
7 89 73 81 -3 0 16 0.00 0.0 0 7.3 16 140 M M 3 3 23 170
8 92 74 83 -1 0 18 0.00 0.0 0 9.7 18 150 M M 2 26 160
9 93 77 85 1 0 20 0.00 0.0 0 12.6 22 160 M M 1 30 160
10 94 77 86 2 0 21 0.00 0.0 0 10.0 23 150 M M 1 30 150
11 96 78 87 3 0 22 0.00 0.0 0 9.0 16 150 M M 0 23 160
12 99 76 88 4 0 23 T 0.0 0 10.6 39 40 M M 1 59 50
13 98 80 89 5 0 24 0.00 0.0 0 11.5 22 140 M M 0 30 140
14 98 77 88 3 0 23 0.00 0.0 0 14.2 23 140 M M 0 32 150
15 94 78 86 1 0 21 T 0.0 0 12.7 21 180 M M 0 28 180
16 97 78 88 3 0 23 0.00 0.0 0 10.9 15 140 M M 0 22 170
17 96 76 86 1 0 21 0.00 0.0 0 9.6 18 140 M M 0 25 110
18 92 76 84 -1 0 19 0.00 0.0 0 11.8 20 150 M M 1 28 160
19 94 76 85 0 0 20 0.00 0.0 0 9.7 16 120 M M 1 22 120
20 95 76 86 1 0 21 0.00 0.0 0 9.7 20 130 M M 0 27 120
21 91 74 83 -2 0 18 0.00 0.0 0 9.2 17 120 M M 3 23 140
22 94 75 85 0 0 20 0.00 0.0 0 9.2 16 130 M M 2 22 130
23 95 76 86 1 0 21 0.00 0.0 0 9.1 16 90 M M 1 22 110
24 97 79 88 3 0 23 0.00 0.0 0 9.3 20 90 M M 2 24 90
25 91 76 84 -2 0 19 T 0.0 0 10.0 18 150 M M 5 25 150
26 92 75 84 -2 0 19 0.00 0.0 0 7.8 17 140 M M 5 22 150
27 92 73 83 -3 0 18 0.00 0.0 0 7.8 14 130 M M 3 20 130
28 81 76 79 -7 0 14 0.02 0.0 0 6.2 15 130 M M 4 1 19 130
29 95 77 86 0 0 21 T 0.0 0 10.3 17 170 M M 2 28 160
30 100 76 88 2 0 23 T 0.0 0 13.0 22 360 M M 0 3 30 320
31 91 73 82 -4 0 17 0.00 0.0 0 8.6 16 290 M M 2 3 23 300
================================================================================
SM 2906 2342 0 616 0.89 0.0 291.9 M 51
================================================================================
AV 93.7 75.6 9.4 FASTST M M 2 MAX(MPH)
MISC ----> # 40 150 # 59 50
================================================================================
NOTES:
# LAST OF SEVERAL OCCURRENCES
COLUMN 17 PEAK WIND IN M.P.H.
PRELIMINARY LOCAL CLIMATOLOGICAL DATA (WS FORM: F-6) , PAGE 2
STATION: FORT WORTH MEACHAM
MONTH: JULY
YEAR: 2020
LATITUDE: 32 49 N
LONGITUDE: 97 21 W
[TEMPERATURE DATA] [PRECIPITATION DATA] SYMBOLS USED IN COLUMN 16
AVERAGE MONTHLY: 84.7 TOTAL FOR MONTH: 0.89 1 = FOG OR MIST
DPTR FM NORMAL: -0.1 DPTR FM NORMAL: -1.53 2 = FOG REDUCING VISIBILITY
HIGHEST: 100 ON 30 GRTST 24HR 0.86 ON 2- 2 TO 1/4 MILE OR LESS
LOWEST: 69 ON 2 3 = THUNDER
SNOW, ICE PELLETS, HAIL 4 = ICE PELLETS
TOTAL MONTH: 0.0 INCH 5 = HAIL
GRTST 24HR 0.0 6 = FREEZING RAIN OR DRIZZLE
GRTST DEPTH: 0 7 = DUSTSTORM OR SANDSTORM:
VSBY 1/2 MILE OR LESS
8 = SMOKE OR HAZE
[NO. OF DAYS WITH] [WEATHER - DAYS WITH] 9 = BLOWING SNOW
X = TORNADO
MAX 32 OR BELOW: 0 0.01 INCH OR MORE: 3
MAX 90 OR ABOVE: 28 0.10 INCH OR MORE: 1
MIN 32 OR BELOW: 0 0.50 INCH OR MORE: 1
MIN 0 OR BELOW: 0 1.00 INCH OR MORE: 0
[HDD (BASE 65) ]
TOTAL THIS MO. 0 CLEAR (SCALE 0-3) 25
DPTR FM NORMAL 0 PTCLDY (SCALE 4-7) 6
TOTAL FM JUL 1 0 CLOUDY (SCALE 8-10) 0
DPTR FM NORMAL 0
[CDD (BASE 65) ]
TOTAL THIS MO. 616
DPTR FM NORMAL 5 [PRESSURE DATA]
TOTAL FM JAN 1 1514 HIGHEST SLP M ON M
DPTR FM NORMAL 30 LOWEST SLP 29.74 ON M
[REMARKS]
#FINAL-07-20#