000
CXUS52 KMFL 011130
CF6FXE
PRELIMINARY LOCAL CLIMATOLOGICAL DATA (WS FORM: F-6)
STATION: FORT LAUDERDALE EXEC ARPT
MONTH: FEBRUARY
YEAR: 2024
LATITUDE: 26 12 N
LONGITUDE: 80 11 W
TEMPERATURE IN F: :PCPN: SNOW: WIND :SUNSHINE: SKY :PK WND
================================================================================
1 2 3 4 5 6A 6B 7 8 9 10 11 12 13 14 15 16 17 18
12Z AVG MX 2MIN
DY MAX MIN AVG DEP HDD CDD WTR SNW DPTH SPD SPD DIR MIN PSBL S-S WX SPD DR
================================================================================
1 73 52 63 -5 2 0 0.00 0.0 0 4.9 12 320 M M 1 18 340
2 76 58 67 -1 0 2 0.00 M M 3.3 12 120 M M 3 14 130
3 78 54 66 -2 0 1 0.00 M M 4.2 15 120 M M 2 22 190
4 74 63 69 1 0 4 0.21 0.0 0 9.9 29 90 M M 4 1 37 100
5 66 57 62 -7 3 0 0.03 M M 4.7 16 340 M M 3 1 28 320
6 70 56 63 -6 2 0 0.00 M M 12.1 21 330 M M 6 3 34 300
7 76 54 65 -4 0 0 0.00 0.0 0 9.4 16 360 M M 1 26 320
8 76 60 68 -1 0 3 T 0.0 0 8.4 18 110 M M 6 25 80
9 77 66 72 3 0 7 0.00 0.0 0 9.8 18 90 M M 9 24 90
10 80 67 74 5 0 9 0.00 0.0 0 10.4 17 140 M M 7 23 150
11 82 72 77 8 0 12 T 0.0 0 11.1 22 140 M M 5 30 140
12 86 73 80 11 0 15 0.00 0.0 0 11.3 25 190 M M 4 36 180
13 82 62 72 2 0 7 0.21 0.0 0 8.3 16 290 M M 4 1 24 270
14 78 57 68 -2 0 3 0.00 0.0 0 8.1 16 80 M M 1 23 90
15 78 64 71 1 0 6 0.00 0.0 0 8.1 17 90 M M 2 23 110
16 80 61 71 1 0 6 0.00 0.0 0 5.1 16 140 M M 2 22 160
17 85 65 75 5 0 10 T 0.0 0 5.8 17 240 M M 3 24 200
18 72 63 68 -2 0 3 3.41 0.0 0 7.0 21 320 M M 9 1 35 350
19 69 56 63 -7 2 0 0.05 M M 8.9 18 340 M M 8 1 31 300
20 72 50 61 -9 4 0 0.00 M M 5.8 14 320 M M 0 21 300
21 75 51 63 -7 2 0 0.00 M M 6.9 14 300 M M 0 20 360
22 74 54 64 -6 1 0 0.00 M M 3.9 10 80 M M 3 15 10
23 81 55 68 -2 0 3 0.00 M M 9.4 23 250 M M 2 31 250
24 76 59 68 -3 0 3 0.07 0.0 0 8.9 18 240 M M 4 1 29 310
25 77 52 65 -6 0 0 0.00 0.0 0 4.5 13 310 M M 0 17 310
26 77 54 66 -5 0 1 0.00 M M 5.4 15 120 M M 1 21 110
27 79 56 68 -3 0 3 0.00 M M 5.9 13 130 M M 1 25 120
28 81 68 75 4 0 10 0.00 M M 8.8 21 140 M M 2 27 140
29 82 66 74 3 0 9 0.00 M M 5.5 12 100 M M 3 M M
================================================================================
SM 2232 1725 16 117 3.98 0.0 215.9 M 96
================================================================================
AV 77.0 59.5 7.4 FASTST M M 3 MAX(MPH)
MISC ----> 29 90 37 100
================================================================================
NOTES:
# LAST OF SEVERAL OCCURRENCES
COLUMN 17 PEAK WIND IN M.P.H.
PRELIMINARY LOCAL CLIMATOLOGICAL DATA (WS FORM: F-6) , PAGE 2
STATION: FORT LAUDERDALE EXEC ARPT
MONTH: FEBRUARY
YEAR: 2024
LATITUDE: 26 12 N
LONGITUDE: 80 11 W
[TEMPERATURE DATA] [PRECIPITATION DATA] SYMBOLS USED IN COLUMN 16
AVERAGE MONTHLY: 68.2 TOTAL FOR MONTH: 3.98 1 = FOG OR MIST
DPTR FM NORMAL: -1.4 DPTR FM NORMAL: 2.03 2 = FOG REDUCING VISIBILITY
HIGHEST: 86 ON 12 GRTST 24HR 3.46 ON 18-19 TO 1/4 MILE OR LESS
LOWEST: 50 ON 20 3 = THUNDER
SNOW, ICE PELLETS, HAIL 4 = ICE PELLETS
TOTAL MONTH: 0.0 INCH 5 = HAIL
GRTST 24HR 0.0 6 = FREEZING RAIN OR DRIZZLE
GRTST DEPTH: 0 7 = DUSTSTORM OR SANDSTORM:
VSBY 1/2 MILE OR LESS
8 = SMOKE OR HAZE
[NO. OF DAYS WITH] [WEATHER - DAYS WITH] 9 = BLOWING SNOW
X = TORNADO
MAX 32 OR BELOW: 0 0.01 INCH OR MORE: 6
MAX 90 OR ABOVE: 0 0.10 INCH OR MORE: 3
MIN 32 OR BELOW: 0 0.50 INCH OR MORE: 1
MIN 0 OR BELOW: 0 1.00 INCH OR MORE: 1
[HDD (BASE 65) ]
TOTAL THIS MO. 16 CLEAR (SCALE 0-3) 15
DPTR FM NORMAL -15 PTCLDY (SCALE 4-7) 12
TOTAL FM JUL 1 55 CLOUDY (SCALE 8-10) 2
DPTR FM NORMAL -75
[CDD (BASE 65) ]
TOTAL THIS MO. 117
DPTR FM NORMAL -43 [PRESSURE DATA]
TOTAL FM JAN 1 297 HIGHEST SLP 30.27 ON 20
DPTR FM NORMAL -3 LOWEST SLP 29.48 ON 5
[REMARKS]
#FINAL-02-24#