000
CXUS54 KOUN 010910
CF6GAG
PRELIMINARY LOCAL CLIMATOLOGICAL DATA (WS FORM: F-6)
STATION: GAGE
MONTH: NOVEMBER
YEAR: 2022
LATITUDE: 36 17 N
LONGITUDE: 99 46 W
TEMPERATURE IN F: :PCPN: SNOW: WIND :SUNSHINE: SKY :PK WND
================================================================================
1 2 3 4 5 6A 6B 7 8 9 10 11 12 13 14 15 16 17 18
12Z AVG MX 2MIN
DY MAX MIN AVG DEP HDD CDD WTR SNW DPTH SPD SPD DIR MIN PSBL S-S WX SPD DR
================================================================================
1 78 47 63 10 2 0 0.00 M M 15.6 26 180 M M 0 37 210
2 77 54 66 13 0 1 0.00 M M 21.7 32 190 M M 0 40 170
3 77 58 68 16 0 3 0.00 0.0 0 20.5 32 180 M M 3 40 180
4 68 33 51 -1 14 0 0.42 0.0 0 14.2 30 330 M M 9 1 36 330
5 65 29 47 -5 18 0 0.00 M M 14.4 29 190 M M 0 34 190
6 68 34 51 0 14 0 0.00 M M 9.2 22 40 M M 0 28 40
7 70 36 53 2 12 0 0.00 0.0 0 6.9 16 110 M M 1 21 110
8 77 59 68 18 0 3 0.01 0.0 0 14.9 26 190 M M 7 1 34 180
9 77 65 71 21 0 6 0.00 0.0 0 24.5 37 170 M M 7 1 46 180
10 67 41 54 4 11 0 0.00 M M 17.9 31 180 M M 2 39 180
11 41 21 31 -18 34 0 0.00 M M 15.4 31 30 M M 5 40 30
12 54 15 35 -14 30 0 0.00 M M 6.2 15 160 M M 0 20 160
13 56 30 43 -5 22 0 0.00 M M 17.3 31 170 M M 0 42 160
14 38 17 28 -20 37 0 0.11 M M 8.6 18 340 M M 8 128 23 340
15 48 15 32 -15 33 0 0.00 M M 8.0 16 350 M M 0 21 330
16 50 20 35 -12 30 0 0.00 M M 6.9 20 320 M M 0 25 320
17 58 18 38 -8 27 0 0.00 M M 10.8 32 20 M M 2 37 20
18 32 18 25 -21 40 0 0.00 M M 7.6 16 30 M M 10 21 40
19 47 16 32 -14 33 0 0.00 M M 9.4 21 360 M M 0 27 330
20 56 14 35 -10 30 0 0.00 M M 11.5 25 200 M M 0 31 200
21 64 20 42 -3 23 0 0.00 M M 4.6 14 200 M M 0 17 200
22 67 21 44 0 21 0 0.00 M M 11.0 22 190 M M 0 1 26 200
23 62 32 47 3 18 0 0.00 M M 12.7 25 170 M M 0 1 31 170
24 54 32 43 -1 22 0 0.03 M M 11.4 24 10 M M 7 12 32 20
25 53 26 40 -3 25 0 T M M 6.9 14 30 M M 1 18 40
26 43 35 39 -4 26 0 0.51 M M 4.3 12 330 M M 9 1 15 320
27 48 29 39 -3 26 0 0.00 M M 10.5 22 350 M M 4 27 360
28 67 28 48 6 17 0 0.00 M M 15.2 29 200 M M 0 42 200
29 52 20 36 -6 29 0 0.00 M M 14.0 26 200 M M 4 32 200
30 46 14 30 -11 35 0 0.00 M M 7.9 16 180 M M 0 24 190
================================================================================
SM 1760 897 629 13 1.08 0.0 360.0 M 79
================================================================================
AV 58.7 29.9 12.0 FASTST M M 3 MAX(MPH)
MISC ----> 37 170 46 180
================================================================================
NOTES:
# LAST OF SEVERAL OCCURRENCES
COLUMN 17 PEAK WIND IN M.P.H.
PRELIMINARY LOCAL CLIMATOLOGICAL DATA (WS FORM: F-6) , PAGE 2
STATION: GAGE
MONTH: NOVEMBER
YEAR: 2022
LATITUDE: 36 17 N
LONGITUDE: 99 46 W
[TEMPERATURE DATA] [PRECIPITATION DATA] SYMBOLS USED IN COLUMN 16
AVERAGE MONTHLY: 44.3 TOTAL FOR MONTH: 1.08 1 = FOG OR MIST
DPTR FM NORMAL: -2.9 DPTR FM NORMAL: 0.30 2 = FOG REDUCING VISIBILITY
HIGHEST: 78 ON 1 GRTST 24HR 0.51 ON 26-26 TO 1/4 MILE OR LESS
LOWEST: 14 ON 30,20 3 = THUNDER
SNOW, ICE PELLETS, HAIL 4 = ICE PELLETS
TOTAL MONTH: 0.0 INCH 5 = HAIL
GRTST 24HR 0.0 6 = FREEZING RAIN OR DRIZZLE
GRTST DEPTH: 0 7 = DUSTSTORM OR SANDSTORM:
VSBY 1/2 MILE OR LESS
8 = SMOKE OR HAZE
[NO. OF DAYS WITH] [WEATHER - DAYS WITH] 9 = BLOWING SNOW
X = TORNADO
MAX 32 OR BELOW: 1 0.01 INCH OR MORE: 5
MAX 90 OR ABOVE: 0 0.10 INCH OR MORE: 3
MIN 32 OR BELOW: 20 0.50 INCH OR MORE: 1
MIN 0 OR BELOW: 0 1.00 INCH OR MORE: 0
[HDD (BASE 65) ]
TOTAL THIS MO. 629 CLEAR (SCALE 0-3) 20
DPTR FM NORMAL 91 PTCLDY (SCALE 4-7) 7
TOTAL FM JUL 1 811 CLOUDY (SCALE 8-10) 3
DPTR FM NORMAL 28
[CDD (BASE 65) ]
TOTAL THIS MO. 13
DPTR FM NORMAL 9 [PRESSURE DATA]
TOTAL FM JAN 1 2352 HIGHEST SLP 30.57 ON 16
DPTR FM NORMAL 436 LOWEST SLP 29.43 ON 29
[REMARKS]
#FINAL-11-22#