000
CXUS54 KOUN 010910
CF6GAG
PRELIMINARY LOCAL CLIMATOLOGICAL DATA (WS FORM: F-6)
STATION: GAGE
MONTH: NOVEMBER
YEAR: 2021
LATITUDE: 36 17 N
LONGITUDE: 99 46 W
TEMPERATURE IN F: :PCPN: SNOW: WIND :SUNSHINE: SKY :PK WND
================================================================================
1 2 3 4 5 6A 6B 7 8 9 10 11 12 13 14 15 16 17 18
12Z AVG MX 2MIN
DY MAX MIN AVG DEP HDD CDD WTR SNW DPTH SPD SPD DIR MIN PSBL S-S WX SPD DR
================================================================================
1 58 31 45 -8 20 0 0.00 0.0 M 6.9 17 60 M M 0 22 70
2 42 33 38 -15 27 0 0.53 0.0 M 8.3 13 60 M M 9 1 17 50
3 45 38 42 -10 23 0 0.00 0.0 M 4.6 8 40 M M 10 1 M M
4 64 34 49 -3 16 0 0.00 0.0 M 11.8 18 170 M M 0 1 23 180
5 65 43 54 2 11 0 0.00 0.0 M 13.8 23 170 M M 4 30 190
6 76 38 57 6 8 0 0.00 0.0 M 13.8 30 180 M M 0 38 180
7 83 49 66 15 0 1 0.00 0.0 M 20.6 30 180 M M 0 38 180
8 84 51 68 18 0 3 0.00 0.0 M 11.7 25 180 M M 0 32 180
9 67 42 55 5 10 0 0.00 0.0 M 6.5 14 20 M M 1 1 17 30
10 68 41 55 5 10 0 0.00 0.0 M 8.3 20 340 M M 1 18 25 330
11 62 36 49 0 16 0 0.00 0.0 M 9.1 16 360 M M 1 23 270
12 58 26 42 -7 23 0 T 0.0 M 13.5 32 340 M M 1 42 330
13 72 26 49 1 16 0 0.00 0.0 M 9.9 24 200 M M 0 30 200
14 63 33 48 0 17 0 0.00 0.0 M 7.5 24 360 M M 0 31 10
15 79 37 58 11 7 0 0.00 0.0 M 5.8 14 230 M M 0 19 220
16 84 37 61 14 4 0 0.00 0.0 M 7.9 21 200 M M 0 28 200
17 56 34 45 -1 20 0 0.00 0.0 M 15.8 36 20 M M 1 44 20
18 56 20 38 -8 27 0 0.00 0.0 M 7.7 17 180 M M 0 22 180
19 64 35 50 4 15 0 0.00 0.0 M 21.9 36 190 M M 0 46 190
20 65 36 51 6 14 0 0.00 0.0 M 4.7 22 170 M M 0 29 170
21 63 29 46 1 19 0 0.00 0.0 M 9.4 25 20 M M 0 32 20
22 71 22 47 3 18 0 0.00 0.0 M 6.5 18 250 M M 0 23 280
23 74 29 52 8 13 0 0.00 0.0 M 16.5 32 190 M M 0 43 180
24 66 40 53 9 12 0 0.00 0.0 M 16.4 28 200 M M 1 38 190
25 51 29 40 -3 25 0 0.00 0.0 M 10.6 24 360 M M 0 29 360
26 71 27 49 6 16 0 0.00 0.0 M 10.4 17 250 M M 0 22 260
27 71 26 49 7 16 0 0.00 0.0 M 9.1 23 40 M M 0 28 40
28 65 27 46 4 19 0 0.00 0.0 M 7.5 16 190 M M 0 20 190
29 83 32 58 16 7 0 0.00 M M 5.6 13 160 M M 0 8 17 240
30 67 29 48 7 17 0 0.00 M M 6.5 20 40 M M 0 23 40
================================================================================
SM 1993 1010 446 4 0.53 0.0 308.6 M 29
================================================================================
AV 66.4 33.7 10.3 FASTST M M 1 MAX(MPH)
MISC ----> # 36 20 46 190
================================================================================
NOTES:
# LAST OF SEVERAL OCCURRENCES
COLUMN 17 PEAK WIND IN M.P.H.
PRELIMINARY LOCAL CLIMATOLOGICAL DATA (WS FORM: F-6) , PAGE 2
STATION: GAGE
MONTH: NOVEMBER
YEAR: 2021
LATITUDE: 36 17 N
LONGITUDE: 99 46 W
[TEMPERATURE DATA] [PRECIPITATION DATA] SYMBOLS USED IN COLUMN 16
AVERAGE MONTHLY: 50.1 TOTAL FOR MONTH: 0.53 1 = FOG OR MIST
DPTR FM NORMAL: 2.9 DPTR FM NORMAL: -0.25 2 = FOG REDUCING VISIBILITY
HIGHEST: 84 ON 16, 8 GRTST 24HR 0.53 ON 2- 2 TO 1/4 MILE OR LESS
LOWEST: 20 ON 18 3 = THUNDER
SNOW, ICE PELLETS, HAIL 4 = ICE PELLETS
TOTAL MONTH: 0.0 INCH 5 = HAIL
GRTST 24HR 0.0 6 = FREEZING RAIN OR DRIZZLE
GRTST DEPTH: M ON M 7 = DUSTSTORM OR SANDSTORM:
VSBY 1/2 MILE OR LESS
8 = SMOKE OR HAZE
[NO. OF DAYS WITH] [WEATHER - DAYS WITH] 9 = BLOWING SNOW
X = TORNADO
MAX 32 OR BELOW: 0 0.01 INCH OR MORE: 1
MAX 90 OR ABOVE: 0 0.10 INCH OR MORE: 1
MIN 32 OR BELOW: 13 0.50 INCH OR MORE: 1
MIN 0 OR BELOW: 0 1.00 INCH OR MORE: 0
[HDD (BASE 65) ]
TOTAL THIS MO. 446 CLEAR (SCALE 0-3) 27
DPTR FM NORMAL -92 PTCLDY (SCALE 4-7) 1
TOTAL FM JUL 1 589 CLOUDY (SCALE 8-10) 2
DPTR FM NORMAL -194
[CDD (BASE 65) ]
TOTAL THIS MO. 4
DPTR FM NORMAL 0 [PRESSURE DATA]
TOTAL FM JAN 1 1962 HIGHEST SLP 30.61 ON 18
DPTR FM NORMAL 46 LOWEST SLP 29.57 ON 16
[REMARKS]
#FINAL-11-21#