000
CXUS54 KOUN 010910
CF6GAG
PRELIMINARY LOCAL CLIMATOLOGICAL DATA (WS FORM: F-6)
STATION: GAGE
MONTH: FEBRUARY
YEAR: 2021
LATITUDE: 36 17 N
LONGITUDE: 99 46 W
TEMPERATURE IN F: :PCPN: SNOW: WIND :SUNSHINE: SKY :PK WND
================================================================================
1 2 3 4 5 6A 6B 7 8 9 10 11 12 13 14 15 16 17 18
12Z AVG MX 2MIN
DY MAX MIN AVG DEP HDD CDD WTR SNW DPTH SPD SPD DIR MIN PSBL S-S WX SPD DR
================================================================================
1 63 22 43 7 22 0 0.00 M M 9.9 22 170 M M 0 27 170
2 65 37 51 15 14 0 0.00 M M 15.7 23 170 M M 0 29 170
3 70 31 51 15 14 0 0.00 M M 10.9 25 170 M M 0 31 160
4 60 23 42 6 23 0 0.00 M M 15.1 36 340 M M 2 43 350
5 56 22 39 3 26 0 0.00 M M 6.4 18 210 M M 3 25 200
6 52 21 37 0 28 0 0.00 M M 11.9 26 360 M M 6 33 150
7 31 20 26 -11 39 0 M M M 9.4 17 50 M M 9 12 19 50
8 27 14 21 -16 44 0 0.00 M M 12.7 20 40 M M 10 1 24 40
9 18 13 16 -21 49 0 0.00 M M 10.7 15 50 M M 10 1 19 70
10 18 14 16 -21 49 0 T M M 10.8 16 40 M M 9 1 21 40
11 17 11 14 -24 51 0 T M M 9.9 17 20 M M 10 1 21 10
12 14 6 10 -28 55 0 T M M 11.4 17 20 M M 10 18 23 20
13 12 4 8 -30 57 0 T M M 11.9 18 50 M M 10 189 22 50
14 8 -3 3 -35 62 0 M M M 17.2 24 20 M M 10 19 31 20
15 5 -13 -4 -43 69 0 T T M 9.8 20 10 M M 2 24 10
16 11 -16 -2 -41 67 0 T M M 8.9 20 150 M M 7 18 23 160
17 20 6 13 -26 52 0 0.00 0.0 M 2.2 8 130 M M 6 11 130
18 27 14 21 -18 44 0 T M M 7.4 15 30 M M 9 8 20 10
19 39 6 23 -17 42 0 0.00 M M 10.2 22 200 M M 0 18 26 190
20 50 17 34 -6 31 0 0.00 M M 12.4 31 170 M M 0 1 41 170
21 55 25 40 0 25 0 0.00 M M 16.2 33 170 M M 0 8 43 170
22 67 20 44 4 21 0 0.00 M M 8.1 17 230 M M 0 21 230
23 74 22 48 7 17 0 0.00 M M 12.6 26 200 M M 0 32 180
24 57 27 42 1 23 0 0.00 M M 13.0 30 360 M M 0 41 10
25 47 19 33 -8 32 0 0.00 0.0 0 5.5 17 50 M M 5 21 60
26 66 17 42 0 23 0 0.00 M M 9.2 23 300 M M 0 32 220
27 71 32 52 10 13 0 0.00 0.0 0 15.2 31 170 M M 0 1 38 170
28 55 28 42 0 23 0 0.00 M M 12.0 23 360 M M 0 30 20
================================================================================
SM 1155 439 1015 0 T T 306.6 M 118
================================================================================
AV 41.3 15.7 10.9 FASTST M M 4 MAX(MPH)
MISC ----> 36 340 # 43 350
================================================================================
NOTES:
# LAST OF SEVERAL OCCURRENCES
COLUMN 17 PEAK WIND IN M.P.H.
PRELIMINARY LOCAL CLIMATOLOGICAL DATA (WS FORM: F-6) , PAGE 2
STATION: GAGE
MONTH: FEBRUARY
YEAR: 2021
LATITUDE: 36 17 N
LONGITUDE: 99 46 W
[TEMPERATURE DATA] [PRECIPITATION DATA] SYMBOLS USED IN COLUMN 16
AVERAGE MONTHLY: 28.5 TOTAL FOR MONTH: T 1 = FOG OR MIST
DPTR FM NORMAL: -10.2 DPTR FM NORMAL: -0.79 2 = FOG REDUCING VISIBILITY
HIGHEST: 74 ON 23 GRTST 24HR T ON 10-10 TO 1/4 MILE OR LESS
LOWEST: -16 ON 16 3 = THUNDER
SNOW, ICE PELLETS, HAIL 4 = ICE PELLETS
TOTAL MONTH: T 5 = HAIL
GRTST 24HR T ON 15-15 6 = FREEZING RAIN OR DRIZZLE
GRTST DEPTH: 0 7 = DUSTSTORM OR SANDSTORM:
VSBY 1/2 MILE OR LESS
8 = SMOKE OR HAZE
[NO. OF DAYS WITH] [WEATHER - DAYS WITH] 9 = BLOWING SNOW
X = TORNADO
MAX 32 OR BELOW: 12 0.01 INCH OR MORE: 0
MAX 90 OR ABOVE: 0 0.10 INCH OR MORE: 0
MIN 32 OR BELOW: 27 0.50 INCH OR MORE: 0
MIN 0 OR BELOW: 3 1.00 INCH OR MORE: 0
[HDD (BASE 65) ]
TOTAL THIS MO. 1015 CLEAR (SCALE 0-3) 14
DPTR FM NORMAL 279 PTCLDY (SCALE 4-7) 5
TOTAL FM JUL 1 3451 CLOUDY (SCALE 8-10) 9
DPTR FM NORMAL -22
[CDD (BASE 65) ]
TOTAL THIS MO. 0
DPTR FM NORMAL 0 [PRESSURE DATA]
TOTAL FM JAN 1 0 HIGHEST SLP 30.58 ON 14
DPTR FM NORMAL 0 LOWEST SLP 29.44 ON 4
[REMARKS]
#FINAL-02-21#