000
CXUS53 KDDC 011640
CF6GCK
PRELIMINARY LOCAL CLIMATOLOGICAL DATA (WS FORM: F-6)
STATION: GARDEN CITY REGIONAL ARPT KS
MONTH: FEBRUARY
YEAR: 2022
LATITUDE: 37 55 N
LONGITUDE: 100 43 W
TEMPERATURE IN F: :PCPN: SNOW: WIND :SUNSHINE: SKY :PK WND
================================================================================
1 2 3 4 5 6A 6B 7 8 9 10 11 12 13 14 15 16 17 18
12Z AVG MX 2MIN
DY MAX MIN AVG DEP HDD CDD WTR SNW DPTH SPD SPD DIR MIN PSBL S-S WX SPD DR
================================================================================
1 44 25 35 3 30 0 0.00 M M 21.4 31 50 M M 3 40 40
2 25 8 17 -15 48 0 T M M 23.3 31 30 M M 10 19 38 30
3 14 0 7 -25 58 0 T M M 13.0 24 30 M M 7 30 20
4 37 -2 18 -15 47 0 0.00 M M 10.0 17 310 M M 0 20 310
5 44 14 29 -4 36 0 0.00 M M 12.2 21 210 M M 0 27 240
6 45 23 34 1 31 0 0.00 M M 16.9 30 10 M M 0 40 360
7 54 20 37 4 28 0 0.00 M M 9.7 18 280 M M 0 24 290
8 57 25 41 8 24 0 0.00 M M 15.4 33 360 M M 0 44 10
9 56 23 40 7 25 0 0.00 M M 10.6 21 350 M M 1 26 340
10 60 27 44 10 21 0 0.00 M M 10.8 24 240 M M 1 37 240
11 51 28 40 6 25 0 T M M 19.1 32 30 M M 4 42 30
12 44 10 27 -7 38 0 0.00 M M 10.9 26 20 M M 1 32 20
13 59 18 39 5 26 0 0.00 M M 10.8 22 210 M M 0 31 210
14 58 21 40 6 25 0 0.00 M M 12.4 22 90 M M 0 29 60
15 71 28 50 16 15 0 0.00 M M 10.8 21 200 M M 0 26 200
16 47 25 36 1 29 0 0.00 M M 16.1 33 30 M M 1 44 30
17 33 14 24 -11 41 0 T M M 16.7 35 20 M M 4 1 48 20
18 56 11 34 -1 31 0 0.00 M M 8.6 16 310 M M 0 20 320
19 61 20 41 6 24 0 0.00 M M 16.7 33 190 M M 0 48 180
20 68 27 48 12 17 0 0.00 M M 8.8 23 200 M M 0 31 200
21 70 10 40 4 25 0 0.00 M M 16.9 37 30 M M 1 46 30
22 20 4 12 -24 53 0 T M M 21.0 33 360 M M 5 42 10
23 18 -2 8 -29 57 0 0.00 M M 12.4 18 30 M M 0 24 20
24 23 1 12 -25 53 0 0.00 M M 8.2 15 60 M M 1 22 310
25 34 1 18 -19 47 0 0.00 M M 8.2 16 180 M M 0 25 140
26 41 8 25 -13 40 0 0.00 M M 4.7 13 330 M M 0 18 330
27 61 9 35 -3 30 0 0.00 M M 7.6 17 260 M M 0 26 220
28 67 17 42 4 23 0 0.00 M M 6.0 14 10 M M 0 16 10
================================================================================
SM 1318 413 947 0 T M 359.2 M 39
================================================================================
AV 47.1 14.8 12.8 FASTST M M 1 MAX(MPH)
MISC ----> 37 30 # 48 180
================================================================================
NOTES:
# LAST OF SEVERAL OCCURRENCES
COLUMN 17 PEAK WIND IN M.P.H.
PRELIMINARY LOCAL CLIMATOLOGICAL DATA (WS FORM: F-6) , PAGE 2
STATION: GARDEN CITY REGIONAL ARPT KS
MONTH: FEBRUARY
YEAR: 2022
LATITUDE: 37 55 N
LONGITUDE: 100 43 W
[TEMPERATURE DATA] [PRECIPITATION DATA] SYMBOLS USED IN COLUMN 16
AVERAGE MONTHLY: 31.0 TOTAL FOR MONTH: T 1 = FOG OR MIST
DPTR FM NORMAL: -3.7 DPTR FM NORMAL: -0.40 2 = FOG REDUCING VISIBILITY
HIGHEST: 71 ON 15 GRTST 24HR T ON 2- 2 TO 1/4 MILE OR LESS
LOWEST: -2 ON 23, 4 3 = THUNDER
4 = ICE PELLETS
5 = HAIL
6 = FREEZING RAIN OR DRIZZLE
7 = DUSTSTORM OR SANDSTORM:
VSBY 1/2 MILE OR LESS
8 = SMOKE OR HAZE
[NO. OF DAYS WITH] [WEATHER - DAYS WITH] 9 = BLOWING SNOW
X = TORNADO
MAX 32 OR BELOW: 5 0.01 INCH OR MORE: 0
MAX 90 OR ABOVE: 0 0.10 INCH OR MORE: 0
MIN 32 OR BELOW: 28 0.50 INCH OR MORE: 0
MIN 0 OR BELOW: 3 1.00 INCH OR MORE: 0
[HDD (BASE 65) ]
TOTAL THIS MO. 947 CLEAR (SCALE 0-3) 23
DPTR FM NORMAL 99 PTCLDY (SCALE 4-7) 4
TOTAL FM JUL 1 3628 CLOUDY (SCALE 8-10) 1
DPTR FM NORMAL -366
[CDD (BASE 65) ]
TOTAL THIS MO. 0
DPTR FM NORMAL 0 [PRESSURE DATA]
TOTAL FM JAN 1 0 HIGHEST SLP 30.66 ON 23
DPTR FM NORMAL 0 LOWEST SLP 29.47 ON 21
[REMARKS]
PRECIPITATION WAS WELL UNDERDONE ON THE 2ND. AMOUNT FOR THAT DAY SHOULD BE AROUND
A TENTH OF AN INCH.
#FINAL-02-22#