000
CXUS56 KFGZ 010910
CF6GCN
PRELIMINARY LOCAL CLIMATOLOGICAL DATA (WS FORM: F-6)
STATION: GRAND CANYON AZ AIRPORT
MONTH: MAY
YEAR: 2021
LATITUDE: 35 57 N
LONGITUDE: 112 9 W
TEMPERATURE IN F: :PCPN: SNOW: WIND :SUNSHINE: SKY :PK WND
================================================================================
1 2 3 4 5 6A 6B 7 8 9 10 11 12 13 14 15 16 17 18
12Z AVG MX 2MIN
DY MAX MIN AVG DEP HDD CDD WTR SNW DPTH SPD SPD DIR MIN PSBL S-S WX SPD DR
================================================================================
1 78 32 55 9 10 0 0.00 M M 10.4 29 220 M M 0 38 240
2 72 28 50 3 15 0 0.00 M M 8.7 25 210 M M 2 35 330
3 65 27 46 -1 19 0 0.00 M M 4.2 14 330 M M 2 18 320
4 73 26 50 3 15 0 0.00 M M 5.3 18 230 M M 0 28 230
5 77 29 53 5 12 0 0.00 M M 4.0 14 330 M M 0 26 250
6 81 32 57 9 8 0 0.00 M M 6.4 24 220 M M 0 32 200
7 76 29 53 5 12 0 0.00 M M 11.6 30 210 M M 0 44 210
8 72 28 50 1 15 0 0.00 M M 5.7 18 260 M M 1 27 270
9 72 24 48 -1 17 0 0.00 M M 7.4 29 210 M M 0 8 37 220
10 72 29 51 2 14 0 0.00 M M 7.4 26 220 M M 1 39 210
11 71 26 49 -1 16 0 0.00 M M 4.9 17 280 M M 0 30 360
12 75 23 49 -1 16 0 0.00 M M 3.8 15 340 M M 0 23 350
13 81 28 55 5 10 0 0.00 M M 4.6 21 220 M M 0 26 220
14 79 29 54 4 11 0 0.00 M M 6.6 24 230 M M 0 34 210
15 76 28 52 1 13 0 0.00 M M 10.3 29 210 M M 0 37 220
16 69 29 49 -2 16 0 0.00 M M 9.9 28 220 M M 0 8 36 210
17 65 25 45 -7 20 0 0.00 M M 5.9 21 280 M M 1 32 280
18 76 27 52 0 13 0 0.00 M M 3.7 14 340 M M 0 22 300
19 79 33 56 4 9 0 0.00 M M 9.5 30 220 M M 1 37 220
20 75 40 58 6 7 0 0.00 M M 19.9 37 210 M M 1 49 210
21 63 24 44 -9 21 0 0.00 M M 20.2 43 210 M M 2 57 200
22 59 19 39 -14 26 0 0.00 M M 10.0 30 230 M M 2 42 230
23 64 15 40 -13 25 0 0.00 M M 5.8 24 200 M M 0 8 30 220
24 70 21 46 -8 19 0 0.00 M M 3.8 16 230 M M 0 25 220
25 78 25 52 -2 13 0 0.00 M M 6.8 26 230 M M 0 34 220
26 76 38 57 3 8 0 0.00 M M 5.1 23 220 M M 2 29 220
27 79 30 55 0 10 0 0.00 M M 3.1 18 180 M M 0 27 210
28 82 28 55 0 10 0 0.00 M M 5.6 22 210 M M 0 28 200
29 79 30 55 0 10 0 0.00 M M 5.3 23 210 M M 0 29 210
30 82 32 57 1 8 0 0.00 M M 4.3 16 230 M M 0 24 230
31 81 35 58 2 7 0 0.00 M M 4.2 20 50 M M 1 25 30
================================================================================
SM 2297 869 425 0 0.00 M 224.4 M 16
================================================================================
AV 74.1 28.0 7.2 FASTST M M 1 MAX(MPH)
MISC ----> 43 210 57 200
================================================================================
NOTES:
# LAST OF SEVERAL OCCURRENCES
COLUMN 17 PEAK WIND IN M.P.H.
PRELIMINARY LOCAL CLIMATOLOGICAL DATA (WS FORM: F-6) , PAGE 2
STATION: GRAND CANYON AZ AIRPORT
MONTH: MAY
YEAR: 2021
LATITUDE: 35 57 N
LONGITUDE: 112 9 W
[TEMPERATURE DATA] [PRECIPITATION DATA] SYMBOLS USED IN COLUMN 16
AVERAGE MONTHLY: 51.1 TOTAL FOR MONTH: 0.00 1 = FOG OR MIST
DPTR FM NORMAL: 0.0 DPTR FM NORMAL: -0.61 2 = FOG REDUCING VISIBILITY
HIGHEST: 82 ON 30,28 GRTST 24HR 0.00 ON 1- 1 TO 1/4 MILE OR LESS
LOWEST: 15 ON 23 3 = THUNDER
SNOW, ICE PELLETS, HAIL 4 = ICE PELLETS
TOTAL MONTH: M 5 = HAIL
GRTST 24HR M ON M 6 = FREEZING RAIN OR DRIZZLE
GRTST DEPTH: M ON M 7 = DUSTSTORM OR SANDSTORM:
VSBY 1/2 MILE OR LESS
8 = SMOKE OR HAZE
[NO. OF DAYS WITH] [WEATHER - DAYS WITH] 9 = BLOWING SNOW
X = TORNADO
MAX 32 OR BELOW: 0 0.01 INCH OR MORE: 0
MAX 90 OR ABOVE: 0 0.10 INCH OR MORE: 0
MIN 32 OR BELOW: 27 0.50 INCH OR MORE: 0
MIN 0 OR BELOW: 0 1.00 INCH OR MORE: 0
[HDD (BASE 65) ]
TOTAL THIS MO. 425 CLEAR (SCALE 0-3) 31
DPTR FM NORMAL -5 PTCLDY (SCALE 4-7) 0
TOTAL FM JUL 1 6674 CLOUDY (SCALE 8-10) 0
DPTR FM NORMAL 31
[CDD (BASE 65) ]
TOTAL THIS MO. 0
DPTR FM NORMAL 0 [PRESSURE DATA]
TOTAL FM JAN 1 0 HIGHEST SLP M ON M
DPTR FM NORMAL 0 LOWEST SLP 29.49 ON 2
[REMARKS]
#FINAL-05-21#