000
CXUS54 KMAF 012312
CF6GDP
PRELIMINARY LOCAL CLIMATOLOGICAL DATA (WS FORM: F-6)
STATION: GUADALUPE PASS
MONTH: AUGUST
YEAR: 2023
LATITUDE: 31 49 N
LONGITUDE: 104 48 W
TEMPERATURE IN F: :PCPN: SNOW: WIND :SUNSHINE: SKY :PK WND
================================================================================
1 2 3 4 5 6A 6B 7 8 9 10 11 12 13 14 15 16 17 18
12Z AVG MX 2MIN
DY MAX MIN AVG DEP HDD CDD WTR SNW DPTH SPD SPD DIR MIN PSBL S-S WX SPD DR
================================================================================
1 93 72 83 6 0 18 0.03 M M 13.3 36 110 M M 1 8 46 110
2 93 69 81 4 0 16 T M M 10.3 33 270 M M 2 8 50 270
3 97 67 82 5 0 17 0.00 M M 13.8 24 30 M M 1 8 32 90
4 100 74 87 10 0 22 0.00 M M 10.5 22 60 M M 0 8 27 60
5 103 80 92 15 0 27 0.00 M M 11.9 26 80 M M 0 8 31 70
6 102 78 90 13 0 25 0.00 M M 14.0 26 70 M M 0 8 33 60
7 96 66 81 4 0 16 0.23 M M 17.1 51 230 M M 1 8 78 250
8 95 65 80 3 0 15 T M M 15.9 30 50 M M 1 18 39 240
9 97 69 83 6 0 18 0.00 M M 13.2 28 250 M M 0 39 240
10 98 72 85 8 0 20 0.00 M M 15.1 46 230 M M 0 8 56 230
11 97 70 84 7 0 19 T M M 20.1 58 230 M M 3 8 75 240
12 95 67 81 4 0 16 0.02 M M 17.8 36 250 M M 1 8 46 260
13 95 69 82 5 0 17 T M M 13.1 30 240 M M 1 8 35 230
14 80 63 72 -5 0 7 T M M 21.5 52 70 M M 3 128 64 70
15 83 63 73 -4 0 8 0.00 M M 25.9 43 50 M M 0 8 49 50
16 97 72 85 8 0 20 0.00 M M 10.5 21 230 M M 0 8 28 240
17 97 74 86 9 0 21 0.00 M M 11.4 22 50 M M 0 8 31 80
18 93 77 85 8 0 20 T M M 16.6 30 70 M M 0 8 39 80
19 92 74 83 6 0 18 0.00 M M 19.5 35 80 M M 0 8 45 90
20 89 70 80 4 0 15 0.00 M M 27.8 39 70 M M 0 8 50 70
21 89 72 81 5 0 16 T M M 20.2 38 50 M M 0 8 50 40
22 84 69 77 1 0 12 T M M 21.6 40 80 M M 0 8 48 80
23 74 60 67 -9 0 2 0.43 M M 21.9 39 40 M M 0 1 49 40
24 M M M M M M M M M M M M M M M M M
25 M M M M M M M M M M M M M M M M M
26 M M M M M M M M M M M M M M M M M
27 M M M M M M M M M M M M M M M M M
28 M M M M M M M M M M M M M M M M M
29 M M M M M M M M M M M M M M M M M
30 M M M M M M M M M M M M M M M M M
31 M M M M M M M M M M M M M M M M M
================================================================================
SM 2139 1612 0 385 0.71 M 383.0 M 14
================================================================================
AV 93.0 70.1 16.7 FASTST M M 1 MAX(MPH)
MISC ----> 58 230 78 250
================================================================================
NOTES:
# LAST OF SEVERAL OCCURRENCES
COLUMN 17 PEAK WIND IN M.P.H.
PRELIMINARY LOCAL CLIMATOLOGICAL DATA (WS FORM: F-6) , PAGE 2
STATION: GUADALUPE PASS
MONTH: AUGUST
YEAR: 2023
LATITUDE: 31 49 N
LONGITUDE: 104 48 W
[TEMPERATURE DATA] [PRECIPITATION DATA] SYMBOLS USED IN COLUMN 16
AVERAGE MONTHLY: 81.5 TOTAL FOR MONTH: 0.71 1 = FOG OR MIST
DPTR FM NORMAL: 4.9 DPTR FM NORMAL: -0.89 2 = FOG REDUCING VISIBILITY
HIGHEST: 103 ON 5 GRTST 24HR 0.43 ON 23-23 TO 1/4 MILE OR LESS
LOWEST: 60 ON 23 3 = THUNDER
SNOW, ICE PELLETS, HAIL 4 = ICE PELLETS
TOTAL MONTH: M 5 = HAIL
GRTST 24HR M ON M 6 = FREEZING RAIN OR DRIZZLE
GRTST DEPTH: M ON M 7 = DUSTSTORM OR SANDSTORM:
VSBY 1/2 MILE OR LESS
8 = SMOKE OR HAZE
[NO. OF DAYS WITH] [WEATHER - DAYS WITH] 9 = BLOWING SNOW
X = TORNADO
MAX 32 OR BELOW: 0 0.01 INCH OR MORE: 4
MAX 90 OR ABOVE: 17 0.10 INCH OR MORE: 2
MIN 32 OR BELOW: 0 0.50 INCH OR MORE: 0
MIN 0 OR BELOW: 0 1.00 INCH OR MORE: 0
[HDD (BASE 65) ]
TOTAL THIS MO. 0 CLEAR (SCALE 0-3) 23
DPTR FM NORMAL -1 PTCLDY (SCALE 4-7) 0
TOTAL FM JUL 1 0 CLOUDY (SCALE 8-10) 8
DPTR FM NORMAL -2
[CDD (BASE 65) ]
TOTAL THIS MO. 385
DPTR FM NORMAL 26 [PRESSURE DATA]
TOTAL FM JAN 1 1492 HIGHEST SLP M ON M
DPTR FM NORMAL 89 LOWEST SLP 29.73 ON 10
[REMARKS]
#FINAL-08-23#