000
CXUS56 KTFX 310915
CF6GDV
30
PRELIMINARY LOCAL CLIMATOLOGICAL DATA (WS FORM: F-6)
STATION: GLENDIVE APT MT
MONTH: July
YEAR: 2022
LATITUDE: 47.13 N
LONGITUDE: 104.80 W
TEMPERATURE IN F: :PCPN: SNOW: WIND :SUNSHINE: SKY :PK WND
================================================================================
1 2 3 4 5 6A 6B 7 8 9 10 11 12 13 14 15 16 17 18
12Z AVG MX 2MIN
DY MAX MIN AVG DEP HDD CDD WTR SNW DPTH SPD SPD DIR MIN PSBL S-S WX SPD DR
================================================================================
01 83 51 67 -4 0 2 0.00 M M 4.8 M M M M M M M
02 89 57 73 2 0 8 0.48 M M 10.3 M M M M M 52 360
03 80 58 69 -3 0 4 0.45 M M 13.8 M M M M M 49 360
04 77 56 66 -6 0 1 0.01 M M 7.5 M M M M M 28 350
05 81 62 71 -1 0 6 0.71 M M 9.0 M M M M M 46 360
06 86 60 73 1 0 8 T M M 8.4 M M M M M 16 360
07 81 62 71 -1 0 6 0.29 M M 9.5 M M M M M 38 350
08 90 66 78 5 0 13 0.00 M M 8.9 M M M M M 18 180
09 88 63 75 2 0 10 0.23 M M 10.7 M M M M M 38 350
10 83 61 72 -1 0 7 0.12 M M 12.9 M M M M M 52 340
11 80 56 68 -5 0 3 0.00 M M 8.6 M M M M M 20 330
12 85 57 71 -3 0 6 0.00 M M 6.0 M M M M M M M
13 91 61 76 2 0 11 0.00 M M 10.5 M M M M M 32 330
14 92 66 79 5 0 14 0.06 M M 8.4 M M M M M M M
15 97 63 80 6 0 15 0.00 M M 8.0 M M M M M 25 360
16 95 66 80 6 0 15 0.00 M M 7.0 M M M M M M M
17 103 62 82 8 0 17 0.00 M M 8.9 M M M M M 32 330
18 99 66 82 7 0 17 0.00 M M 8.0 M M M M M 43 320
19 84 58 71 -4 0 6 0.00 M M 17.9 M M M M M 45 330
20 86 59 72 -3 0 7 0.00 M M 9.7 M M M M M 26 350
21 92 58 75 0 0 10 0.00 M M 9.1 M M M M M 21 330
22 99 62 80 5 0 15 0.00 M M 10.3 M M M M M 25 360
23 81 62 71 -4 0 6 0.00 M M 9.9 M M M M M 21 360
24 83 54 68 -7 0 3 0.00 M M 8.7 M M M M M 16 100
25 90 59 74 -1 0 9 0.00 M M 7.4 M M M M M 26 350
26 82 56 69 -6 0 4 0.00 M M 10.0 M M M M M 26 340
27 79 54 66 -9 0 1 0.00 M M 9.6 M M M M M 30 360
28 84 50 67 -9 0 2 0.00 M M 5.6 M M M M M M M
29 92 52 72 -4 0 7 0.00 M M 4.5 M M M M M M M
30 99 57 78 2 0 13 0.00 M M 9.3 M M M M M 25 350
================================================================================
SM 2631 1774 0 246 2.35 273.2
================================================================================
AV 87.7 59.1 9.1 MAX(MPH)
52
[TEMPERATURE DATA] [PRECIPITATION DATA]
Average Monthly: 73.4 Total for Month: 2.35
Dptr fm Normal: -0.7 Dptr fm Normal: 0.52