000
CXUS56 KTFX 310915
CF6GDV
30
PRELIMINARY LOCAL CLIMATOLOGICAL DATA (WS FORM: F-6)
STATION: GLENDIVE APT MT
MONTH: December
YEAR: 2021
LATITUDE: 47.13 N
LONGITUDE: 104.80 W
TEMPERATURE IN F: :PCPN: SNOW: WIND :SUNSHINE: SKY :PK WND
================================================================================
1 2 3 4 5 6A 6B 7 8 9 10 11 12 13 14 15 16 17 18
12Z AVG MX 2MIN
DY MAX MIN AVG DEP HDD CDD WTR SNW DPTH SPD SPD DIR MIN PSBL S-S WX SPD DR
================================================================================
01 50 28 39 14 26 0 0.00 M M 14.0 M M M M M 33 360
02 35 25 30 5 35 0 0.10 M M 8.0 M M M M M M M
03 33 27 30 6 35 0 0.00 M M 7.4 M M M M M 28 360
04 30 7 18 -6 47 0 0.01 M M 8.9 M M M M M M M
05 16 2 9 -15 56 0 T M M 20.6 M M M M M 44 340
06 20 0 10 -13 55 0 T M M 7.7 M M M M M M M
07 42 11 26 3 39 0 0.00 M M 6.8 M M M M M M M
08 36 15 25 2 40 0 0.03 M M 10.0 M M M M M M M
09 34 14 24 2 41 0 T M M 12.1 M M M M M 36 330
10 42 19 30 8 35 0 0.00 M M 8.6 M M M M M M M
11 42 19 30 8 35 0 0.00 M M 16.0 M M M M M 33 260
12 43 22 32 11 33 0 0.00 M M 13.8 M M M M M 37 330
13 46 18 32 11 33 0 0.00 M M 7.0 M M M M M M M
14 26 6 16 -5 49 0 0.00 M M 2.8 M M M M M M M
15 15 -4 5 -15 60 0 0.01 M M 20.3 M M M M M 35 340
16 13 -10 1 -19 64 0 T M M 6.6 M M M M M M M
17 27 -13 7 -13 58 0 T M M 11.3 M M M M M 30 340
18 40 10 25 5 40 0 0.00 M M 7.3 M M M M M M M
19 25 0 12 -8 53 0 T M M 15.1 M M M M M 31 360
20 23 4 13 -6 52 0 T M M 7.7 M M M M M 20 330
21 32 11 21 2 44 0 T M M 11.6 M M M M M 39 320
22 41 21 31 12 34 0 0.02 M M 8.3 M M M M M M M
23 40 6 23 4 42 0 T M M 8.9 M M M M M M M
24 7 -9 -1 -20 66 0 0.00 M M 12.8 M M M M M 44 360
25 13 -6 3 -16 62 0 0.01 M M 11.9 M M M M M M M
26 -5 -16 -10 -29 75 0 T M M 18.4 M M M M M 41 360
27 4 -18 -7 -25 72 0 T M M 10.8 M M M M M 40 340
28 -4 -16 -10 -28 75 0 T M M 4.0 M M M M M M M
29 14 -15 0 -18 65 0 T M M 8.3 M M M M M M M
30 14 -16 -1 -19 66 0 T M M 8.5 M M M M M 25 360
================================================================================
SM 794 142 1487 0 0.18 315.5
================================================================================
AV 26.5 4.7 10.5 MAX(MPH)
44
[TEMPERATURE DATA] [PRECIPITATION DATA]
Average Monthly: 15.6 Total for Month: 0.18
Dptr fm Normal: -5.4 Dptr fm Normal: -0.19