000
CXUS51 KPHI 010815
CF6GED
PRELIMINARY LOCAL CLIMATOLOGICAL DATA (WS FORM: F-6)
STATION: GEORGETOWN DE
MONTH: OCTOBER
YEAR: 2023
LATITUDE: 38 41 N
LONGITUDE: 75 22 W
TEMPERATURE IN F: :PCPN: SNOW: WIND :SUNSHINE: SKY :PK WND
================================================================================
1 2 3 4 5 6A 6B 7 8 9 10 11 12 13 14 15 16 17 18
12Z AVG MX 2MIN
DY MAX MIN AVG DEP HDD CDD WTR SNW DPTH SPD SPD DIR MIN PSBL S-S WX SPD DR
================================================================================
1 78 58 68 3 0 3 0.00 M M 4.2 15 60 M M 1 1 19 30
2 79 56 68 3 0 3 0.00 M M 4.1 13 60 M M 0 12 17 30
3 81 56 69 5 0 4 0.00 M M 1.7 10 120 M M 2 1 13 80
4 81 53 67 3 0 2 0.00 M M 2.5 13 110 M M 0 1 15 110
5 80 54 67 3 0 2 0.00 M M 4.2 15 140 M M 2 1 19 130
6 78 59 69 6 0 4 0.19 M M 1.8 13 160 M M 5 12 15 160
7 71 51 61 -2 4 0 T M M 3.9 16 310 M M 7 12 28 300
8 63 44 54 -8 11 0 0.00 M M 6.5 15 240 M M 2 22 260
9 65 39 52 -10 13 0 0.04 M M 5.1 18 230 M M 3 1 25 230
10 71 46 59 -3 6 0 0.00 M M 3.9 17 210 M M 1 1 28 220
11 73 47 60 -1 5 0 0.00 M M 2.4 12 280 M M 1 17 270
12 74 45 60 -1 5 0 0.00 M M 1.5 9 130 M M 0 1 11 130
13 69 47 58 -2 7 0 0.00 M M 4.1 14 30 M M 0 19 50
14 63 44 54 -6 11 0 1.31 M M 5.5 18 30 M M 7 1 27 30
15 63 46 55 -5 10 0 0.06 M M 6.4 17 30 M M 7 1 23 10
16 62 43 53 -6 12 0 0.00 M M 3.7 13 300 M M 3 19 310
17 63 46 55 -4 10 0 0.00 M M 1.6 9 20 M M 4 1 13 20
18 64 42 53 -5 12 0 0.00 M M 3.3 12 280 M M 1 1 17 300
19 70 39 55 -3 10 0 0.00 M M 5.5 16 190 M M 2 21 210
20 73 56 65 7 0 0 T M M 6.0 16 200 M M 6 21 180
21 68 52 60 3 5 0 0.13 M M 8.4 21 280 M M 6 1 35 290
22 62 44 53 -4 12 0 0.00 M M 4.7 20 300 M M 2 30 300
23 62 40 51 -6 14 0 0.00 M M 3.7 15 10 M M 0 22 10
24 69 36 53 -3 12 0 0.00 M M 2.5 9 230 M M 0 16 210
25 76 44 60 4 5 0 0.00 M M 6.7 21 230 M M 2 12 24 240
26 81 52 67 11 0 2 0.00 M M 4.4 13 260 M M 0 12 19 250
27 81 55 68 13 0 3 0.00 M M 4.7 13 240 M M 0 1 18 230
28 83 60 72 17 0 7 0.00 M M 4.1 13 290 M M 0 17 280
29 85 60 73 19 0 8 0.00 M M 4.4 16 220 M M 3 1 20 190
30 81 53 67 13 0 2 0.02 M M 7.8 18 10 M M 4 12 28 10
31 53 46 50 -4 15 0 0.11 M M 5.0 10 10 M M 10 1 14 20
================================================================================
SM 2222 1513 179 40 1.86 M 134.3 M 81
================================================================================
AV 71.7 48.8 4.3 FASTST M M 3 MAX(MPH)
MISC ----> # 21 280 35 290
================================================================================
NOTES:
# LAST OF SEVERAL OCCURRENCES
COLUMN 17 PEAK WIND IN M.P.H.
PRELIMINARY LOCAL CLIMATOLOGICAL DATA (WS FORM: F-6) , PAGE 2
STATION: GEORGETOWN DE
MONTH: OCTOBER
YEAR: 2023
LATITUDE: 38 41 N
LONGITUDE: 75 22 W
[TEMPERATURE DATA] [PRECIPITATION DATA] SYMBOLS USED IN COLUMN 16
AVERAGE MONTHLY: 60.2 TOTAL FOR MONTH: 1.86 1 = FOG OR MIST
DPTR FM NORMAL: 0.9 DPTR FM NORMAL: -2.25 2 = FOG REDUCING VISIBILITY
HIGHEST: 85 ON 29 GRTST 24HR 1.37 ON 14-15 TO 1/4 MILE OR LESS
LOWEST: 36 ON 24 3 = THUNDER
SNOW, ICE PELLETS, HAIL 4 = ICE PELLETS
TOTAL MONTH: M 5 = HAIL
GRTST 24HR M ON M 6 = FREEZING RAIN OR DRIZZLE
GRTST DEPTH: M ON M 7 = DUSTSTORM OR SANDSTORM:
VSBY 1/2 MILE OR LESS
8 = SMOKE OR HAZE
[NO. OF DAYS WITH] [WEATHER - DAYS WITH] 9 = BLOWING SNOW
X = TORNADO
MAX 32 OR BELOW: 0 0.01 INCH OR MORE: 7
MAX 90 OR ABOVE: 0 0.10 INCH OR MORE: 4
MIN 32 OR BELOW: 0 0.50 INCH OR MORE: 1
MIN 0 OR BELOW: 0 1.00 INCH OR MORE: 1
[HDD (BASE 65) ]
TOTAL THIS MO. 179 CLEAR (SCALE 0-3) 22
DPTR FM NORMAL -35 PTCLDY (SCALE 4-7) 8
TOTAL FM JUL 1 190 CLOUDY (SCALE 8-10) 1
DPTR FM NORMAL -49
[CDD (BASE 65) ]
TOTAL THIS MO. 40
DPTR FM NORMAL 2 [PRESSURE DATA]
TOTAL FM JAN 1 1316 HIGHEST SLP 30.42 ON 24
DPTR FM NORMAL -76 LOWEST SLP 29.35 ON 21
[REMARKS]
#FINAL-10-23#