000
CXUS51 KPHI 240815
CF6GED
PRELIMINARY LOCAL CLIMATOLOGICAL DATA (WS FORM: F-6)
STATION: GEORGETOWN DE
MONTH: APRIL
YEAR: 2024
LATITUDE: 38 41 N
LONGITUDE: 75 22 W
TEMPERATURE IN F: :PCPN: SNOW: WIND :SUNSHINE: SKY :PK WND
================================================================================
1 2 3 4 5 6A 6B 7 8 9 10 11 12 13 14 15 16 17 18
12Z AVG MX 2MIN
DY MAX MIN AVG DEP HDD CDD WTR SNW DPTH SPD SPD DIR MIN PSBL S-S WX SPD DR
================================================================================
1 52 46 49 -2 16 0 0.09 M M 7.1 18 50 M M 9 13 23 50
2 51 46 49 -2 16 0 0.23 M M 8.9 29 60 M M 10 13 39 60
3 60 46 53 1 12 0 0.20 M M 10.2 20 90 M M 10 123 30 310
4 58 42 50 -2 15 0 0.01 M M 5.7 20 300 M M 5 3 29 290
5 54 40 47 -5 18 0 0.00 M M 7.9 18 300 M M 4 26 270
6 55 37 46 -7 19 0 0.00 M M 7.1 16 350 M M 7 29 320
7 61 38 50 -3 15 0 0.00 M M 5.7 16 10 M M 4 23 40
8 68 36 52 -1 13 0 0.00 M M 4.2 15 230 M M 0 19 240
9 75 47 61 7 4 0 0.00 M M 4.4 14 160 M M 0 16 160
10 76 56 66 12 0 1 0.00 M M 8.9 20 210 M M 2 25 220
11 71 59 65 11 0 0 0.12 M M 14.6 26 170 M M 6 18 39 170
12 69 56 63 8 2 0 0.24 M M 12.9 30 200 M M 7 1 39 200
13 65 52 59 4 6 0 0.00 M M 10.8 24 290 M M 1 36 290
14 75 39 57 2 8 0 T M M 12.4 32 220 M M 0 39 240
15 86 55 71 15 0 6 0.00 M M 5.8 15 190 M M 1 20 260
16 75 50 63 7 2 0 0.00 M M 7.5 20 30 M M 1 26 40
17 73 48 61 5 4 0 0.00 M M 5.8 15 110 M M 4 3 19 190
18 69 48 59 2 6 0 0.00 M M 8.9 20 50 M M 7 1 23 50
19 56 48 52 -5 13 0 0.00 M M 6.9 14 80 M M 10 1 19 70
20 69 50 60 3 5 0 0.00 M M 4.8 13 290 M M 6 20 290
21 55 43 49 -9 16 0 0.00 M M 4.8 14 50 M M 6 18 20
22 62 38 50 -8 15 0 0.00 M M 5.8 18 50 M M 0 23 50
23 68 35 52 -6 13 0 0.00 M M 7.8 21 160 M M 0 28 160
================================================================================
SM 1503 1055 218 7 0.89 M 178.9 M 100
================================================================================
AV 65.3 45.9 7.8 FASTST M M 4 MAX(MPH)
MISC ----> 32 220 # 39 60
================================================================================
NOTES:
# LAST OF SEVERAL OCCURRENCES
COLUMN 17 PEAK WIND IN M.P.H.
PRELIMINARY LOCAL CLIMATOLOGICAL DATA (WS FORM: F-6) , PAGE 2
STATION: GEORGETOWN DE
MONTH: APRIL
YEAR: 2024
LATITUDE: 38 41 N
LONGITUDE: 75 22 W
[TEMPERATURE DATA] [PRECIPITATION DATA] SYMBOLS USED IN COLUMN 16
AVERAGE MONTHLY: 55.6 TOTAL FOR MONTH: 0.89 1 = FOG OR MIST
DPTR FM NORMAL: 1.0 DPTR FM NORMAL: -1.65 2 = FOG REDUCING VISIBILITY
HIGHEST: 86 ON 15 GRTST 24HR 0.32 ON 11-12 TO 1/4 MILE OR LESS
LOWEST: 35 ON 23 3 = THUNDER
SNOW, ICE PELLETS, HAIL 4 = ICE PELLETS
TOTAL MONTH: M 5 = HAIL
GRTST 24HR M ON M 6 = FREEZING RAIN OR DRIZZLE
GRTST DEPTH: M ON M 7 = DUSTSTORM OR SANDSTORM:
VSBY 1/2 MILE OR LESS
8 = SMOKE OR HAZE
[NO. OF DAYS WITH] [WEATHER - DAYS WITH] 9 = BLOWING SNOW
X = TORNADO
MAX 32 OR BELOW: 0 0.01 INCH OR MORE: 6
MAX 90 OR ABOVE: 0 0.10 INCH OR MORE: 4
MIN 32 OR BELOW: 0 0.50 INCH OR MORE: 0
MIN 0 OR BELOW: 0 1.00 INCH OR MORE: 0
[HDD (BASE 65) ]
TOTAL THIS MO. 218 CLEAR (SCALE 0-3) 9
DPTR FM NORMAL -35 PTCLDY (SCALE 4-7) 10
TOTAL FM JUL 1 3641 CLOUDY (SCALE 8-10) 4
DPTR FM NORMAL -265
[CDD (BASE 65) ]
TOTAL THIS MO. 7
DPTR FM NORMAL -8 [PRESSURE DATA]
TOTAL FM JAN 1 7 HIGHEST SLP M ON M
DPTR FM NORMAL -11 LOWEST SLP 29.24 ON 3
[REMARKS]